{"id":46146,"date":"2026-02-15T19:32:10","date_gmt":"2026-02-16T01:32:10","guid":{"rendered":"https:\/\/themesh.art\/?post_type=venues&#038;p=46146"},"modified":"2026-04-17T16:45:33","modified_gmt":"2026-04-17T22:45:33","slug":"sabotaje","status":"publish","type":"venues","link":"https:\/\/themesh.art\/en\/venues\/sabotaje\/","title":{"rendered":"Sabotaje"},"content":{"rendered":"<p><span>SABOTAJE es un espacio independiente de exhibici\u00f3n. Cada mes, un artista presenta una sola obra en una muestra de un solo d\u00eda.<\/span><\/p>\n<p><\/p>\n<p><span><span class=\"ql-cursor\"><\/span>1 artista \u00b7 1 obra \u00b7 1 d\u00eda<\/span><\/p>","protected":false},"excerpt":{"rendered":"<p>Espacio independiente de exhibici\u00f3n y vinculaci\u00f3n art\u00edstica.<\/p>","protected":false},"author":169,"featured_media":49498,"template":"","meta":{"site-sidebar-layout":"default","site-content-layout":"","ast-site-content-layout":"default","site-content-style":"default","site-sidebar-style":"default","ast-global-header-display":"","ast-banner-title-visibility":"","ast-main-header-display":"","ast-hfb-above-header-display":"","ast-hfb-below-header-display":"","ast-hfb-mobile-header-display":"","site-post-title":"","ast-breadcrumbs-content":"","ast-featured-img":"","footer-sml-layout":"","theme-transparent-header-meta":"default","adv-header-id-meta":"","stick-header-meta":"","header-above-stick-meta":"","header-main-stick-meta":"","header-below-stick-meta":"","astra-migrate-meta-layouts":"set","ast-page-background-enabled":"default","ast-page-background-meta":{"desktop":{"background-color":"var(--ast-global-color-4)","background-image":"","background-repeat":"repeat","background-position":"center center","background-size":"auto","background-attachment":"scroll","background-type":"","background-media":"","overlay-type":"","overlay-color":"","overlay-opacity":"","overlay-gradient":""},"tablet":{"background-color":"","background-image":"","background-repeat":"repeat","background-position":"center center","background-size":"auto","background-attachment":"scroll","background-type":"","background-media":"","overlay-type":"","overlay-color":"","overlay-opacity":"","overlay-gradient":""},"mobile":{"background-color":"","background-image":"","background-repeat":"repeat","background-position":"center center","background-size":"auto","background-attachment":"scroll","background-type":"","background-media":"","overlay-type":"","overlay-color":"","overlay-opacity":"","overlay-gradient":""}},"ast-content-background-meta":{"desktop":{"background-color":"var(--ast-global-color-5)","background-image":"","background-repeat":"repeat","background-position":"center center","background-size":"auto","background-attachment":"scroll","background-type":"","background-media":"","overlay-type":"","overlay-color":"","overlay-opacity":"","overlay-gradient":""},"tablet":{"background-color":"var(--ast-global-color-5)","background-image":"","background-repeat":"repeat","background-position":"center center","background-size":"auto","background-attachment":"scroll","background-type":"","background-media":"","overlay-type":"","overlay-color":"","overlay-opacity":"","overlay-gradient":""},"mobile":{"background-color":"var(--ast-global-color-5)","background-image":"","background-repeat":"repeat","background-position":"center center","background-size":"auto","background-attachment":"scroll","background-type":"","background-media":"","overlay-type":"","overlay-color":"","overlay-opacity":"","overlay-gradient":""}},"b9e7b6d15e5b3662afcbbd8db24d8232_lat":"25.6647626","b9e7b6d15e5b3662afcbbd8db24d8232_lng":"-100.4019990","featured_venue":"","direccion_google_maps":"C. Libertad 407, Casco Urbano, 66200 San Pedro Garza Garc\u00eda, N.L."},"etiquetas-del-venue":[2353,2360,1585,1597,2666,1589,1586,2044,1596,1590],"categoria-del-venue":[1537,2055,1531],"ubicacion-del-venue":[1208,1298],"class_list":["post-46146","venues","type-venues","status-publish","has-post-thumbnail","hentry","etiquetas-del-venue-arte-contemporaneo-artes-visuales-2","etiquetas-del-venue-artes-plasticas","etiquetas-del-venue-artes-visuales","etiquetas-del-venue-collage","etiquetas-del-venue-curaduria-artes-visuales","etiquetas-del-venue-escultura","etiquetas-del-venue-fotografia","etiquetas-del-venue-grafica","etiquetas-del-venue-instalacion","etiquetas-del-venue-pintura","categoria-del-venue-centro-cultural","categoria-del-venue-espacio-independiente","categoria-del-venue-galeria","ubicacion-del-venue-mexico","ubicacion-del-venue-monterrey"],"_links":{"self":[{"href":"https:\/\/themesh.art\/en\/wp-json\/wp\/v2\/venues\/46146","targetHints":{"allow":["GET"]}}],"collection":[{"href":"https:\/\/themesh.art\/en\/wp-json\/wp\/v2\/venues"}],"about":[{"href":"https:\/\/themesh.art\/en\/wp-json\/wp\/v2\/types\/venues"}],"author":[{"embeddable":true,"href":"https:\/\/themesh.art\/en\/wp-json\/wp\/v2\/users\/169"}],"wp:featuredmedia":[{"embeddable":true,"href":"https:\/\/themesh.art\/en\/wp-json\/wp\/v2\/media\/49498"}],"wp:attachment":[{"href":"https:\/\/themesh.art\/en\/wp-json\/wp\/v2\/media?parent=46146"}],"wp:term":[{"taxonomy":"etiquetas-del-venue","embeddable":true,"href":"https:\/\/themesh.art\/en\/wp-json\/wp\/v2\/etiquetas-del-venue?post=46146"},{"taxonomy":"categoria-del-venue","embeddable":true,"href":"https:\/\/themesh.art\/en\/wp-json\/wp\/v2\/categoria-del-venue?post=46146"},{"taxonomy":"ubicacion-del-venue","embeddable":true,"href":"https:\/\/themesh.art\/en\/wp-json\/wp\/v2\/ubicacion-del-venue?post=46146"}],"curies":[{"name":"wp","href":"https:\/\/api.w.org\/{rel}","templated":true}]}}

<p><span>SABOTAJE es un espacio independiente de exhibición. Cada mes, un artista presenta una sola obra en una muestra de un solo día.</span></p>
<p></p>
<p><span><span class="ql-cursor"></span>1 artista · 1 obra · 1 día</span></p>

<p>Espacio independiente de exhibición y vinculación artística.</p>

C. Libertad 407, Casco Urbano, 66200 San Pedro Garza García, N.L.
