{"id":45063,"date":"2026-01-25T16:27:22","date_gmt":"2026-01-25T22:27:22","guid":{"rendered":"https:\/\/themesh.art\/?post_type=venues&#038;p=45063"},"modified":"2026-01-25T16:27:22","modified_gmt":"2026-01-25T22:27:22","slug":"eat-escuela-experimental-de-arte","status":"publish","type":"venues","link":"https:\/\/themesh.art\/en\/venues\/eat-escuela-experimental-de-arte\/","title":{"rendered":"EAT Escuela Experimental de Arte"},"content":{"rendered":"<div class=\"html-div x14z9mp xat24cr x1lziwak xexx8yu xyri2b x18d9i69 x1c1uobl x9f619 x5lhr3w xjbqb8w x1r0jzty x78zum5 x15mokao x1ga7v0g x16uus16 xbiv7yw x1gslohp x1uhb9sk x1plvlek xryxfnj x1c4vz4f x2lah0s xdt5ytf xqjyukv x1qjc9v5 x1oa3qoh x1nhvcw1\">\n<div tabindex=\"0\" role=\"button\" aria-disabled=\"false\">\n<p>Plataforma educativa impulsada por artistas y educadores, dedicada al desarrollo de pr\u00e1cticas art\u00edsticas desde la creaci\u00f3n, la investigaci\u00f3n y la mediaci\u00f3n. Nos enfocamos en generar experiencias de aprendizaje basadas en una pedagog\u00eda relacional y cr\u00edtica, en colaboraci\u00f3n con artistas, investigadores, curadores, educadores y profesionales de diversas disciplinas.<\/p>\n<p class=\"\"><span class=\"sqsrte-text-color--black\">Entendemos la idea de\u00a0<strong>\u201cescuela\u201d<\/strong>\u00a0como un concepto poroso y expandido, que trasciende los l\u00edmites del aula, los museos, las salas de exposici\u00f3n o los grandes eventos del circuito art\u00edstico.\u00a0<strong>Para nosotros, la escuela es, ante todo, un espacio para la construcci\u00f3n colectiva del pensamiento, la reflexi\u00f3n situada y la producci\u00f3n de experiencias que estimulan el potencial creativo, cr\u00edtico e investigativo de las colectividades con las que trabajamos.<\/strong><\/span><\/p>\n<p class=\"\"><span class=\"sqsrte-text-color--black\">Nuestras iniciativas se orientan principalmente al trabajo con comunidades y contextos emergentes en Centroam\u00e9rica, El Caribe y Colombia, donde el arte y la educaci\u00f3n se entienden como campos convergentes que activan nuevas formas de conocimiento y transformaci\u00f3n sociocultural.<\/span><\/p>\n<p class=\"\"><span class=\"sqsrte-text-color--black\"><strong>Creemos que estas pr\u00e1cticas enriquecen el campo de la creaci\u00f3n contempor\u00e1nea, la educaci\u00f3n y la cultura en su dimensi\u00f3n pol\u00edtica, al tiempo que abren posibilidades para imaginar otras formas de interacci\u00f3n entre artistas, territorios y comunidades.<\/strong><\/span><\/p>\n<\/div>\n<\/div>","protected":false},"excerpt":{"rendered":"<p>Plataforma educativa impulsada por artistas y educadores, dedicada al desarrollo de pr\u00e1cticas art\u00edsticas desde la creaci\u00f3n, la investigaci\u00f3n y la mediaci\u00f3n. Nos enfocamos en generar experiencias de aprendizaje basadas en una pedagog\u00eda relacional y cr\u00edtica, en colaboraci\u00f3n con artistas, investigadores, curadores, educadores y profesionales de diversas disciplinas.<\/p>","protected":false},"author":1,"featured_media":45064,"template":"","meta":{"site-sidebar-layout":"default","site-content-layout":"","ast-site-content-layout":"default","site-content-style":"default","site-sidebar-style":"default","ast-global-header-display":"","ast-banner-title-visibility":"","ast-main-header-display":"","ast-hfb-above-header-display":"","ast-hfb-below-header-display":"","ast-hfb-mobile-header-display":"","site-post-title":"","ast-breadcrumbs-content":"","ast-featured-img":"","footer-sml-layout":"","theme-transparent-header-meta":"default","adv-header-id-meta":"","stick-header-meta":"","header-above-stick-meta":"","header-main-stick-meta":"","header-below-stick-meta":"","astra-migrate-meta-layouts":"set","ast-page-background-enabled":"default","ast-page-background-meta":{"desktop":{"background-color":"var(--ast-global-color-4)","background-image":"","background-repeat":"repeat","background-position":"center center","background-size":"auto","background-attachment":"scroll","background-type":"","background-media":"","overlay-type":"","overlay-color":"","overlay-opacity":"","overlay-gradient":""},"tablet":{"background-color":"","background-image":"","background-repeat":"repeat","background-position":"center center","background-size":"auto","background-attachment":"scroll","background-type":"","background-media":"","overlay-type":"","overlay-color":"","overlay-opacity":"","overlay-gradient":""},"mobile":{"background-color":"","background-image":"","background-repeat":"repeat","background-position":"center center","background-size":"auto","background-attachment":"scroll","background-type":"","background-media":"","overlay-type":"","overlay-color":"","overlay-opacity":"","overlay-gradient":""}},"ast-content-background-meta":{"desktop":{"background-color":"var(--ast-global-color-5)","background-image":"","background-repeat":"repeat","background-position":"center center","background-size":"auto","background-attachment":"scroll","background-type":"","background-media":"","overlay-type":"","overlay-color":"","overlay-opacity":"","overlay-gradient":""},"tablet":{"background-color":"var(--ast-global-color-5)","background-image":"","background-repeat":"repeat","background-position":"center center","background-size":"auto","background-attachment":"scroll","background-type":"","background-media":"","overlay-type":"","overlay-color":"","overlay-opacity":"","overlay-gradient":""},"mobile":{"background-color":"var(--ast-global-color-5)","background-image":"","background-repeat":"repeat","background-position":"center center","background-size":"auto","background-attachment":"scroll","background-type":"","background-media":"","overlay-type":"","overlay-color":"","overlay-opacity":"","overlay-gradient":""}},"b9e7b6d15e5b3662afcbbd8db24d8232_lat":"4.6631685","b9e7b6d15e5b3662afcbbd8db24d8232_lng":"-74.0658714","featured_venue":"","direccion_google_maps":"Calle 72a #22-72 Bogot\u00e1, Colombia"},"etiquetas-del-venue":[1585],"categoria-del-venue":[1535],"ubicacion-del-venue":[2039,1208],"class_list":["post-45063","venues","type-venues","status-publish","has-post-thumbnail","hentry","etiquetas-del-venue-artes-visuales","categoria-del-venue-educacion","ubicacion-del-venue-colombia","ubicacion-del-venue-mexico"],"_links":{"self":[{"href":"https:\/\/themesh.art\/en\/wp-json\/wp\/v2\/venues\/45063","targetHints":{"allow":["GET"]}}],"collection":[{"href":"https:\/\/themesh.art\/en\/wp-json\/wp\/v2\/venues"}],"about":[{"href":"https:\/\/themesh.art\/en\/wp-json\/wp\/v2\/types\/venues"}],"author":[{"embeddable":true,"href":"https:\/\/themesh.art\/en\/wp-json\/wp\/v2\/users\/1"}],"wp:featuredmedia":[{"embeddable":true,"href":"https:\/\/themesh.art\/en\/wp-json\/wp\/v2\/media\/45064"}],"wp:attachment":[{"href":"https:\/\/themesh.art\/en\/wp-json\/wp\/v2\/media?parent=45063"}],"wp:term":[{"taxonomy":"etiquetas-del-venue","embeddable":true,"href":"https:\/\/themesh.art\/en\/wp-json\/wp\/v2\/etiquetas-del-venue?post=45063"},{"taxonomy":"categoria-del-venue","embeddable":true,"href":"https:\/\/themesh.art\/en\/wp-json\/wp\/v2\/categoria-del-venue?post=45063"},{"taxonomy":"ubicacion-del-venue","embeddable":true,"href":"https:\/\/themesh.art\/en\/wp-json\/wp\/v2\/ubicacion-del-venue?post=45063"}],"curies":[{"name":"wp","href":"https:\/\/api.w.org\/{rel}","templated":true}]}}

<div class="html-div x14z9mp xat24cr x1lziwak xexx8yu xyri2b x18d9i69 x1c1uobl x9f619 x5lhr3w xjbqb8w x1r0jzty x78zum5 x15mokao x1ga7v0g x16uus16 xbiv7yw x1gslohp x1uhb9sk x1plvlek xryxfnj x1c4vz4f x2lah0s xdt5ytf xqjyukv x1qjc9v5 x1oa3qoh x1nhvcw1">
<div tabindex="0" role="button" aria-disabled="false">
<p>Plataforma educativa impulsada por artistas y educadores, dedicada al desarrollo de prácticas artísticas desde la creación, la investigación y la mediación. Nos enfocamos en generar experiencias de aprendizaje basadas en una pedagogía relacional y crítica, en colaboración con artistas, investigadores, curadores, educadores y profesionales de diversas disciplinas.</p>
<p class=""><span class="sqsrte-text-color--black">Entendemos la idea de <strong>“escuela”</strong> como un concepto poroso y expandido, que trasciende los límites del aula, los museos, las salas de exposición o los grandes eventos del circuito artístico. <strong>Para nosotros, la escuela es, ante todo, un espacio para la construcción colectiva del pensamiento, la reflexión situada y la producción de experiencias que estimulan el potencial creativo, crítico e investigativo de las colectividades con las que trabajamos.</strong></span></p>
<p class=""><span class="sqsrte-text-color--black">Nuestras iniciativas se orientan principalmente al trabajo con comunidades y contextos emergentes en Centroamérica, El Caribe y Colombia, donde el arte y la educación se entienden como campos convergentes que activan nuevas formas de conocimiento y transformación sociocultural.</span></p>
<p class=""><span class="sqsrte-text-color--black"><strong>Creemos que estas prácticas enriquecen el campo de la creación contemporánea, la educación y la cultura en su dimensión política, al tiempo que abren posibilidades para imaginar otras formas de interacción entre artistas, territorios y comunidades.</strong></span></p>
</div>
</div>

<p>Plataforma educativa impulsada por artistas y educadores, dedicada al desarrollo de prácticas artísticas desde la creación, la investigación y la mediación. Nos enfocamos en generar experiencias de aprendizaje basadas en una pedagogía relacional y crítica, en colaboración con artistas, investigadores, curadores, educadores y profesionales de diversas disciplinas.</p>

Calle 72a #22-72 Bogotá, Colombia
