{"id":34468,"date":"2025-09-08T13:22:17","date_gmt":"2025-09-08T19:22:17","guid":{"rendered":"https:\/\/themesh.art\/venues\/ceiida-centro-de-investigacion-innovacion-y-desarrollo-de-las-artes\/"},"modified":"2025-11-27T09:35:36","modified_gmt":"2025-11-27T15:35:36","slug":"ceiida-centro-de-investigacion-innovacion-y-desarrollo-de-las-artes","status":"publish","type":"venues","link":"https:\/\/themesh.art\/en\/venues\/ceiida-centro-de-investigacion-innovacion-y-desarrollo-de-las-artes\/","title":{"rendered":"CEIIDA Centro de Investigaci\u00f3n, Innovaci\u00f3n y Desarrollo de las Artes"},"content":{"rendered":"<section class=\"elementor-section elementor-top-section elementor-element elementor-element-948c4e4 elementor-section-boxed elementor-section-height-default elementor-section-height-default\" data-id=\"948c4e4\" data-element_type=\"section\">\n<div class=\"elementor-container elementor-column-gap-default\">\n<div class=\"elementor-column elementor-col-50 elementor-top-column elementor-element elementor-element-cdacac1\" data-id=\"cdacac1\" data-element_type=\"column\">\n<div class=\"elementor-widget-wrap elementor-element-populated\">\n<div class=\"elementor-element elementor-element-8687fd8 elementor-widget elementor-widget-text-editor\" data-id=\"8687fd8\" data-element_type=\"widget\" data-widget_type=\"text-editor.default\">\n<div class=\"elementor-widget-container\">\n<p>Acorde con la Visi\u00f3n 2030 de nuestra instituci\u00f3n y de acuerdo con el impulso que esta ha significado para nuestro estado y para el pa\u00eds, crea un centro dedicado a la innovaci\u00f3n e investigaci\u00f3n del arte, su profesionalizaci\u00f3n y documentaci\u00f3n. Es sabido que el desarrollo cultural, adem\u00e1s de ser un factor de cohesi\u00f3n, bienestar e identidad social, tambi\u00e9n es un potente dinamizador del desarrollo y el progreso de cualquier regi\u00f3n.<\/p>\n<p>La Universidad Aut\u00f3noma de Nuevo Le\u00f3n erige el Centro de Investigaci\u00f3n, Innovaci\u00f3n y Desarrollo de las Artes para crear y consolidar programas que propicien la generaci\u00f3n de conocimiento y la especializaci\u00f3n de las pr\u00e1cticas art\u00edsticas, con el prop\u00f3sito de abrir un espacio de encuentro y di\u00e1logo entre la comunidad universitaria y la comunidad art\u00edstica de la ciudad, la regi\u00f3n y el pa\u00eds.<\/p>\n<\/div>\n<\/div>\n<\/div>\n<\/div>\n<\/div>\n<\/section>\n<section class=\"elementor-section elementor-top-section elementor-element elementor-element-bde1808 elementor-section-boxed elementor-section-height-default elementor-section-height-default\" data-id=\"bde1808\" data-element_type=\"section\">\n<div class=\"elementor-container elementor-column-gap-default\">\n<div class=\"elementor-column elementor-col-100 elementor-top-column elementor-element elementor-element-c266c76\" data-id=\"c266c76\" data-element_type=\"column\">\n<div class=\"elementor-widget-wrap elementor-element-populated\">\n<div class=\"elementor-element elementor-element-ccb4c62 elementor-widget elementor-widget-text-editor\" data-id=\"ccb4c62\" data-element_type=\"widget\" data-widget_type=\"text-editor.default\">\n<div class=\"elementor-widget-container\">\n<p>El CEIIDA busca construir un espacio accesible y coincidente para el reconocimiento, impulso y desarrollo de proyectos que atiendan la investigaci\u00f3n especializada, profesionalizaci\u00f3n y documentaci\u00f3n en y de las artes en el contexto del mundo contempor\u00e1neo. La investigaci\u00f3n e innovaci\u00f3n en las pr\u00e1cticas art\u00edsticas y su documentaci\u00f3n son procesos siempre transversales con metodolog\u00edas mixtas y adaptables. En las \u00faltimas d\u00e9cadas se consideran modelos de investigaci\u00f3n art\u00edstica aquellos llevados a cabo por los creadores o artistas, los investigadores, historiadores, curadores y te\u00f3ricos del arte y aquellos que desarrollan tecnolog\u00eda, herramientas o instrumentos para la creaci\u00f3n de las diversas materialidades art\u00edsticas.<\/p>\n<\/div>\n<\/div>\n<\/div>\n<\/div>\n<\/div>\n<\/section>","protected":false},"excerpt":{"rendered":"<p>El CEIIDA busca construir un espacio accesible y coincidente para el reconocimiento, impulso y desarrollo de proyectos que atiendan la investigaci\u00f3n especializada, profesionalizaci\u00f3n y documentaci\u00f3n en y de las artes en el contexto del mundo contempor\u00e1neo. La investigaci\u00f3n e innovaci\u00f3n en las pr\u00e1cticas art\u00edsticas y su documentaci\u00f3n son procesos siempre transversales con metodolog\u00edas mixtas y adaptables. En las \u00faltimas d\u00e9cadas se consideran modelos de investigaci\u00f3n art\u00edstica aquellos llevados a cabo por los creadores o artistas, los investigadores, historiadores, curadores y te\u00f3ricos del arte y aquellos que desarrollan tecnolog\u00eda, herramientas o instrumentos para la creaci\u00f3n de las diversas materialidades art\u00edsticas.\u00a0<\/p>","protected":false},"author":40,"featured_media":34470,"template":"","meta":{"site-sidebar-layout":"default","site-content-layout":"","ast-site-content-layout":"default","site-content-style":"default","site-sidebar-style":"default","ast-global-header-display":"","ast-banner-title-visibility":"","ast-main-header-display":"","ast-hfb-above-header-display":"","ast-hfb-below-header-display":"","ast-hfb-mobile-header-display":"","site-post-title":"","ast-breadcrumbs-content":"","ast-featured-img":"","footer-sml-layout":"","theme-transparent-header-meta":"default","adv-header-id-meta":"","stick-header-meta":"","header-above-stick-meta":"","header-main-stick-meta":"","header-below-stick-meta":"","astra-migrate-meta-layouts":"set","ast-page-background-enabled":"default","ast-page-background-meta":{"desktop":{"background-color":"var(--ast-global-color-4)","background-image":"","background-repeat":"repeat","background-position":"center center","background-size":"auto","background-attachment":"scroll","background-type":"","background-media":"","overlay-type":"","overlay-color":"","overlay-opacity":"","overlay-gradient":""},"tablet":{"background-color":"","background-image":"","background-repeat":"repeat","background-position":"center center","background-size":"auto","background-attachment":"scroll","background-type":"","background-media":"","overlay-type":"","overlay-color":"","overlay-opacity":"","overlay-gradient":""},"mobile":{"background-color":"","background-image":"","background-repeat":"repeat","background-position":"center center","background-size":"auto","background-attachment":"scroll","background-type":"","background-media":"","overlay-type":"","overlay-color":"","overlay-opacity":"","overlay-gradient":""}},"ast-content-background-meta":{"desktop":{"background-color":"var(--ast-global-color-5)","background-image":"","background-repeat":"repeat","background-position":"center center","background-size":"auto","background-attachment":"scroll","background-type":"","background-media":"","overlay-type":"","overlay-color":"","overlay-opacity":"","overlay-gradient":""},"tablet":{"background-color":"var(--ast-global-color-5)","background-image":"","background-repeat":"repeat","background-position":"center center","background-size":"auto","background-attachment":"scroll","background-type":"","background-media":"","overlay-type":"","overlay-color":"","overlay-opacity":"","overlay-gradient":""},"mobile":{"background-color":"var(--ast-global-color-5)","background-image":"","background-repeat":"repeat","background-position":"center center","background-size":"auto","background-attachment":"scroll","background-type":"","background-media":"","overlay-type":"","overlay-color":"","overlay-opacity":"","overlay-gradient":""}},"b9e7b6d15e5b3662afcbbd8db24d8232_lat":"25.6130664","b9e7b6d15e5b3662afcbbd8db24d8232_lng":"-100.2791909","featured_venue":"","robot_status":"","direccion_google_maps":"CEIIDA UANL, Praga S\/N, CAMPUS MEDEROS, 64930 Monterrey, N.L."},"etiquetas-del-venue":[2353,1585],"categoria-del-venue":[1537],"ubicacion-del-venue":[1208,1298],"class_list":["post-34468","venues","type-venues","status-publish","has-post-thumbnail","hentry","etiquetas-del-venue-arte-contemporaneo-artes-visuales-2","etiquetas-del-venue-artes-visuales","categoria-del-venue-centro-cultural","ubicacion-del-venue-mexico","ubicacion-del-venue-monterrey"],"_links":{"self":[{"href":"https:\/\/themesh.art\/en\/wp-json\/wp\/v2\/venues\/34468","targetHints":{"allow":["GET"]}}],"collection":[{"href":"https:\/\/themesh.art\/en\/wp-json\/wp\/v2\/venues"}],"about":[{"href":"https:\/\/themesh.art\/en\/wp-json\/wp\/v2\/types\/venues"}],"author":[{"embeddable":true,"href":"https:\/\/themesh.art\/en\/wp-json\/wp\/v2\/users\/40"}],"wp:featuredmedia":[{"embeddable":true,"href":"https:\/\/themesh.art\/en\/wp-json\/wp\/v2\/media\/34470"}],"wp:attachment":[{"href":"https:\/\/themesh.art\/en\/wp-json\/wp\/v2\/media?parent=34468"}],"wp:term":[{"taxonomy":"etiquetas-del-venue","embeddable":true,"href":"https:\/\/themesh.art\/en\/wp-json\/wp\/v2\/etiquetas-del-venue?post=34468"},{"taxonomy":"categoria-del-venue","embeddable":true,"href":"https:\/\/themesh.art\/en\/wp-json\/wp\/v2\/categoria-del-venue?post=34468"},{"taxonomy":"ubicacion-del-venue","embeddable":true,"href":"https:\/\/themesh.art\/en\/wp-json\/wp\/v2\/ubicacion-del-venue?post=34468"}],"curies":[{"name":"wp","href":"https:\/\/api.w.org\/{rel}","templated":true}]}}

CEIIDA Centro de Investigación, Innovación y Desarrollo de las Artes

<section class="elementor-section elementor-top-section elementor-element elementor-element-948c4e4 elementor-section-boxed elementor-section-height-default elementor-section-height-default" data-id="948c4e4" data-element_type="section">
<div class="elementor-container elementor-column-gap-default">
<div class="elementor-column elementor-col-50 elementor-top-column elementor-element elementor-element-cdacac1" data-id="cdacac1" data-element_type="column">
<div class="elementor-widget-wrap elementor-element-populated">
<div class="elementor-element elementor-element-8687fd8 elementor-widget elementor-widget-text-editor" data-id="8687fd8" data-element_type="widget" data-widget_type="text-editor.default">
<div class="elementor-widget-container">
<p>Acorde con la Visión 2030 de nuestra institución y de acuerdo con el impulso que esta ha significado para nuestro estado y para el país, crea un centro dedicado a la innovación e investigación del arte, su profesionalización y documentación. Es sabido que el desarrollo cultural, además de ser un factor de cohesión, bienestar e identidad social, también es un potente dinamizador del desarrollo y el progreso de cualquier región.</p>
<p>La Universidad Autónoma de Nuevo León erige el Centro de Investigación, Innovación y Desarrollo de las Artes para crear y consolidar programas que propicien la generación de conocimiento y la especialización de las prácticas artísticas, con el propósito de abrir un espacio de encuentro y diálogo entre la comunidad universitaria y la comunidad artística de la ciudad, la región y el país.</p>
</div>
</div>
</div>
</div>
</div>
</section>
<section class="elementor-section elementor-top-section elementor-element elementor-element-bde1808 elementor-section-boxed elementor-section-height-default elementor-section-height-default" data-id="bde1808" data-element_type="section">
<div class="elementor-container elementor-column-gap-default">
<div class="elementor-column elementor-col-100 elementor-top-column elementor-element elementor-element-c266c76" data-id="c266c76" data-element_type="column">
<div class="elementor-widget-wrap elementor-element-populated">
<div class="elementor-element elementor-element-ccb4c62 elementor-widget elementor-widget-text-editor" data-id="ccb4c62" data-element_type="widget" data-widget_type="text-editor.default">
<div class="elementor-widget-container">
<p>El CEIIDA busca construir un espacio accesible y coincidente para el reconocimiento, impulso y desarrollo de proyectos que atiendan la investigación especializada, profesionalización y documentación en y de las artes en el contexto del mundo contemporáneo. La investigación e innovación en las prácticas artísticas y su documentación son procesos siempre transversales con metodologías mixtas y adaptables. En las últimas décadas se consideran modelos de investigación artística aquellos llevados a cabo por los creadores o artistas, los investigadores, historiadores, curadores y teóricos del arte y aquellos que desarrollan tecnología, herramientas o instrumentos para la creación de las diversas materialidades artísticas.</p>
</div>
</div>
</div>
</div>
</div>
</section>

<p>El CEIIDA busca construir un espacio accesible y coincidente para el reconocimiento, impulso y desarrollo de proyectos que atiendan la investigación especializada, profesionalización y documentación en y de las artes en el contexto del mundo contemporáneo. La investigación e innovación en las prácticas artísticas y su documentación son procesos siempre transversales con metodologías mixtas y adaptables. En las últimas décadas se consideran modelos de investigación artística aquellos llevados a cabo por los creadores o artistas, los investigadores, historiadores, curadores y teóricos del arte y aquellos que desarrollan tecnología, herramientas o instrumentos para la creación de las diversas materialidades artísticas. </p>
