{"id":34339,"date":"2025-09-04T11:49:41","date_gmt":"2025-09-04T17:49:41","guid":{"rendered":"https:\/\/themesh.art\/?post_type=venues&#038;p=34339"},"modified":"2025-09-04T11:51:17","modified_gmt":"2025-09-04T17:51:17","slug":"fundacion-mar-adentro","status":"publish","type":"venues","link":"https:\/\/themesh.art\/en\/venues\/fundacion-mar-adentro\/","title":{"rendered":"Fundaci\u00f3n Mar Adentro"},"content":{"rendered":"<p class=\"bajada\">Fundaci\u00f3n Mar Adentro (FMA) es una fundaci\u00f3n privada sin fines de lucro creada en el a\u00f1o 2011, a partir de la visi\u00f3n y valores de nuestro fundador, Alberto Hurtado Fuenzalida y su familia, cuyo legado nos inspira a tener una responsabilidad con la sociedad, los m\u00e1s vulnerables y con nuestro entorno. Desde el comienzo, el llamado de su fundador fue a involucrarnos activamente en actividades filantr\u00f3picas, a trav\u00e9s de experiencias que impactaran positivamente en la calidad de vida de las personas. De esta forma, empezamos a establecer alianzas con diversas organizaciones \u2013fundaciones, universidades, centros culturales y de investigaci\u00f3n, museos, municipios, ministerios\u2013 para realizar proyectos en conjunto, que fueran congruentes al prop\u00f3sito de FMA.<\/p>\n<div id=\"content\">\n<div class=\"text-wrapper cf\">\n<p>Junto con las colaboraciones, hemos ido creando programas propios y activando distintas l\u00edneas de trabajo de la Fundaci\u00f3n, los cuales han adquirido mayor profundidad con el transcurso de los a\u00f1os. El 2012 se cre\u00f3 Docente Activo, un programa que busca aportar en la formaci\u00f3n continua e interdisciplinar de profesores, en el \u00e1mbito de las artes, ciencia, cultura y cuidado de la naturaleza. Por otra parte, el 2014 iniciamos un trabajo m\u00e1s sostenido en nuestra \u00e1rea bajo protecci\u00f3n privada (Bosque Pehu\u00e9n), que nace para proteger ecosistemas con un alto valor de biodiversidad en la zona de la Araucan\u00eda Andina. As\u00ed, este espacio destinado a la conservaci\u00f3n, empez\u00f3 a concebirse como un laboratorio al aire libre para la investigaci\u00f3n y residencias art\u00edsticas y cient\u00edficas. Y, en junio del 2019 lanzamos Poligonal: di\u00e1logos de arte y ciencia, el cual consiste en conversatorios para reflexionar sobre este cruce interdisciplinar y su v\u00ednculo con el cuidado de la naturaleza.<\/p>\n<p>Las investigaciones y reflexiones que se generan en torno a nuestros programas nos inspiran a realizar exposiciones, publicaciones, soportes pedag\u00f3gicos y piezas audiovisuales, que contribuyan a valorar el patrimonio natural y cultural, y que a su vez fomenten di\u00e1logos multidisciplinarios que revelen la importancia de la educaci\u00f3n ambiental y art\u00edstica para la construcci\u00f3n de una sociedad m\u00e1s consciente y activa con su entorno.<\/p>\n<p>Nos encontramos constantemente en b\u00fasqueda de m\u00faltiples miradas, ideas, conocimiento y creaciones que nos permitan seguir nutriendo nuestro prop\u00f3sito.<\/p>\n<p>Para mayor informaci\u00f3n sobre los inicios de la fundaci\u00f3n y su trayectoria en nuestras\u00a0<a href=\"http:\/\/new.fundacionmaradentro.cl\/en\/tipo-de-publicacion\/memorias\/\"><strong>memorias<\/strong><\/a>.<\/p>\n<\/div>\n<div class=\"text-wrapper cf\">\n<h2>Nuestra motivaci\u00f3n<\/h2>\n<ul>\n<li>Conservar los ecosistemas y su biodiversidad, a trav\u00e9s de una mirada integral del territorio y sus cuencas, que va desde los glaciares hacia el mar.<\/li>\n<li>Desarrollar iniciativas pedag\u00f3gicas replicables, que promuevan la reflexi\u00f3n, creatividad y cuidado de la naturaleza, a trav\u00e9s del arte y su cruce con otras disciplinas.<\/li>\n<li>Impulsar proyectos que vinculen arte y ciencia, como medio de investigaci\u00f3n, experimentaci\u00f3n y desarrollo del pensamiento cr\u00edtico, para generar nuevos di\u00e1logos en relaci\u00f3n al cuidado de la naturaleza.<\/li>\n<li>Realizar trabajos interdisciplinarios y colaborativos en diversas regiones de Chile, que integren sensibilidades y conocimientos vinculados al territorio, para comprender la interrelaci\u00f3n de todos los elementos de la naturaleza.<\/li>\n<\/ul>\n<\/div>\n<\/div>\n<p class=\"text-wrapper cf\">","protected":false},"excerpt":{"rendered":"<p>Generamos experiencias colaborativas que vinculan arte y ciencia para desarrollar aprendizajes, conciencia y acci\u00f3n por el cuidado de la naturaleza<\/p>","protected":false},"author":1,"featured_media":34340,"template":"","meta":{"site-sidebar-layout":"default","site-content-layout":"","ast-site-content-layout":"default","site-content-style":"default","site-sidebar-style":"default","ast-global-header-display":"","ast-banner-title-visibility":"","ast-main-header-display":"","ast-hfb-above-header-display":"","ast-hfb-below-header-display":"","ast-hfb-mobile-header-display":"","site-post-title":"","ast-breadcrumbs-content":"","ast-featured-img":"","footer-sml-layout":"","theme-transparent-header-meta":"default","adv-header-id-meta":"","stick-header-meta":"","header-above-stick-meta":"","header-main-stick-meta":"","header-below-stick-meta":"","astra-migrate-meta-layouts":"set","ast-page-background-enabled":"default","ast-page-background-meta":{"desktop":{"background-color":"var(--ast-global-color-4)","background-image":"","background-repeat":"repeat","background-position":"center center","background-size":"auto","background-attachment":"scroll","background-type":"","background-media":"","overlay-type":"","overlay-color":"","overlay-opacity":"","overlay-gradient":""},"tablet":{"background-color":"","background-image":"","background-repeat":"repeat","background-position":"center center","background-size":"auto","background-attachment":"scroll","background-type":"","background-media":"","overlay-type":"","overlay-color":"","overlay-opacity":"","overlay-gradient":""},"mobile":{"background-color":"","background-image":"","background-repeat":"repeat","background-position":"center center","background-size":"auto","background-attachment":"scroll","background-type":"","background-media":"","overlay-type":"","overlay-color":"","overlay-opacity":"","overlay-gradient":""}},"ast-content-background-meta":{"desktop":{"background-color":"var(--ast-global-color-5)","background-image":"","background-repeat":"repeat","background-position":"center center","background-size":"auto","background-attachment":"scroll","background-type":"","background-media":"","overlay-type":"","overlay-color":"","overlay-opacity":"","overlay-gradient":""},"tablet":{"background-color":"var(--ast-global-color-5)","background-image":"","background-repeat":"repeat","background-position":"center center","background-size":"auto","background-attachment":"scroll","background-type":"","background-media":"","overlay-type":"","overlay-color":"","overlay-opacity":"","overlay-gradient":""},"mobile":{"background-color":"var(--ast-global-color-5)","background-image":"","background-repeat":"repeat","background-position":"center center","background-size":"auto","background-attachment":"scroll","background-type":"","background-media":"","overlay-type":"","overlay-color":"","overlay-opacity":"","overlay-gradient":""}},"b9e7b6d15e5b3662afcbbd8db24d8232_lat":"-33.4148989","b9e7b6d15e5b3662afcbbd8db24d8232_lng":"-70.5975534","featured_venue":"","robot_status":"","direccion_google_maps":"Don Carlos 3171 C, Las Condes Santiago, Chile"},"etiquetas-del-venue":[1585,1579,1572,1568,1604,1570,1591,1618],"categoria-del-venue":[1535,2057],"ubicacion-del-venue":[2299,2300],"class_list":["post-34339","venues","type-venues","status-publish","has-post-thumbnail","hentry","etiquetas-del-venue-artes-visuales","etiquetas-del-venue-danza","etiquetas-del-venue-educacion","etiquetas-del-venue-exposiciones","etiquetas-del-venue-literatura","etiquetas-del-venue-musica","etiquetas-del-venue-performance","etiquetas-del-venue-sustentabilidad","categoria-del-venue-educacion","categoria-del-venue-fundacion","ubicacion-del-venue-chile","ubicacion-del-venue-santiago"],"_links":{"self":[{"href":"https:\/\/themesh.art\/en\/wp-json\/wp\/v2\/venues\/34339","targetHints":{"allow":["GET"]}}],"collection":[{"href":"https:\/\/themesh.art\/en\/wp-json\/wp\/v2\/venues"}],"about":[{"href":"https:\/\/themesh.art\/en\/wp-json\/wp\/v2\/types\/venues"}],"author":[{"embeddable":true,"href":"https:\/\/themesh.art\/en\/wp-json\/wp\/v2\/users\/1"}],"wp:featuredmedia":[{"embeddable":true,"href":"https:\/\/themesh.art\/en\/wp-json\/wp\/v2\/media\/34340"}],"wp:attachment":[{"href":"https:\/\/themesh.art\/en\/wp-json\/wp\/v2\/media?parent=34339"}],"wp:term":[{"taxonomy":"etiquetas-del-venue","embeddable":true,"href":"https:\/\/themesh.art\/en\/wp-json\/wp\/v2\/etiquetas-del-venue?post=34339"},{"taxonomy":"categoria-del-venue","embeddable":true,"href":"https:\/\/themesh.art\/en\/wp-json\/wp\/v2\/categoria-del-venue?post=34339"},{"taxonomy":"ubicacion-del-venue","embeddable":true,"href":"https:\/\/themesh.art\/en\/wp-json\/wp\/v2\/ubicacion-del-venue?post=34339"}],"curies":[{"name":"wp","href":"https:\/\/api.w.org\/{rel}","templated":true}]}}

Fundación Mar Adentro

<p class="bajada">Fundación Mar Adentro (FMA) es una fundación privada sin fines de lucro creada en el año 2011, a partir de la visión y valores de nuestro fundador, Alberto Hurtado Fuenzalida y su familia, cuyo legado nos inspira a tener una responsabilidad con la sociedad, los más vulnerables y con nuestro entorno. Desde el comienzo, el llamado de su fundador fue a involucrarnos activamente en actividades filantrópicas, a través de experiencias que impactaran positivamente en la calidad de vida de las personas. De esta forma, empezamos a establecer alianzas con diversas organizaciones –fundaciones, universidades, centros culturales y de investigación, museos, municipios, ministerios– para realizar proyectos en conjunto, que fueran congruentes al propósito de FMA.</p>
<div id="content">
<div class="text-wrapper cf">
<p>Junto con las colaboraciones, hemos ido creando programas propios y activando distintas líneas de trabajo de la Fundación, los cuales han adquirido mayor profundidad con el transcurso de los años. El 2012 se creó Docente Activo, un programa que busca aportar en la formación continua e interdisciplinar de profesores, en el ámbito de las artes, ciencia, cultura y cuidado de la naturaleza. Por otra parte, el 2014 iniciamos un trabajo más sostenido en nuestra área bajo protección privada (Bosque Pehuén), que nace para proteger ecosistemas con un alto valor de biodiversidad en la zona de la Araucanía Andina. Así, este espacio destinado a la conservación, empezó a concebirse como un laboratorio al aire libre para la investigación y residencias artísticas y científicas. Y, en junio del 2019 lanzamos Poligonal: diálogos de arte y ciencia, el cual consiste en conversatorios para reflexionar sobre este cruce interdisciplinar y su vínculo con el cuidado de la naturaleza.</p>
<p>Las investigaciones y reflexiones que se generan en torno a nuestros programas nos inspiran a realizar exposiciones, publicaciones, soportes pedagógicos y piezas audiovisuales, que contribuyan a valorar el patrimonio natural y cultural, y que a su vez fomenten diálogos multidisciplinarios que revelen la importancia de la educación ambiental y artística para la construcción de una sociedad más consciente y activa con su entorno.</p>
<p>Nos encontramos constantemente en búsqueda de múltiples miradas, ideas, conocimiento y creaciones que nos permitan seguir nutriendo nuestro propósito.</p>
<p>Para mayor información sobre los inicios de la fundación y su trayectoria en nuestras <a href="http://new.fundacionmaradentro.cl/en/tipo-de-publicacion/memorias/"><strong>memorias</strong></a>.</p>
</div>
<div class="text-wrapper cf">
<h2>Nuestra motivación</h2>
<ul>
<li>Conservar los ecosistemas y su biodiversidad, a través de una mirada integral del territorio y sus cuencas, que va desde los glaciares hacia el mar.</li>
<li>Desarrollar iniciativas pedagógicas replicables, que promuevan la reflexión, creatividad y cuidado de la naturaleza, a través del arte y su cruce con otras disciplinas.</li>
<li>Impulsar proyectos que vinculen arte y ciencia, como medio de investigación, experimentación y desarrollo del pensamiento crítico, para generar nuevos diálogos en relación al cuidado de la naturaleza.</li>
<li>Realizar trabajos interdisciplinarios y colaborativos en diversas regiones de Chile, que integren sensibilidades y conocimientos vinculados al territorio, para comprender la interrelación de todos los elementos de la naturaleza.</li>
</ul>
</div>
</div>
<p class="text-wrapper cf">

<p>Generamos experiencias colaborativas que vinculan arte y ciencia para desarrollar aprendizajes, conciencia y acción por el cuidado de la naturaleza</p>
