{"id":32987,"date":"2025-08-22T14:55:09","date_gmt":"2025-08-22T20:55:09","guid":{"rendered":"https:\/\/themesh.art\/venues\/casa-obeso-mejia\/"},"modified":"2025-08-22T15:04:33","modified_gmt":"2025-08-22T21:04:33","slug":"casa-obeso-mejia","status":"publish","type":"venues","link":"https:\/\/themesh.art\/en\/venues\/casa-obeso-mejia\/","title":{"rendered":"Fundaci\u00f3n Obeso Mejia"},"content":{"rendered":"<p>En 1987 Antonio Obeso de Mendiola y su esposa, Luz Mej\u00eda de Obeso, constituyeron la Fundaci\u00f3n Obeso Mej\u00eda, con el fin de contribuir a la soluci\u00f3n de los problemas sociales y econ\u00f3micos que estaba afrontando la ciudad y, de esta manera, ayudar al mejoramiento de la calidad de vida de las personas.<\/p>\n<p>Hicieron parte del primer Consejo Administrativo de la Fundaci\u00f3n, Henry Jensen y el entonces Arzobispo de la Arquidi\u00f3cesis de Cali, Monse\u00f1or Pedro Rubiano S\u00e1enz, quienes aprobaron los estatutos y eligieron como directora ejecutiva a Luc\u00eda V\u00e9lez de Mendiola. En su primera reuni\u00f3n, el Consejo autoriz\u00f3 a Antonio Obeso de Mendiola para que adelantara el tr\u00e1mite ante la Gobernaci\u00f3n con el fin de obtener la personer\u00eda jur\u00eddica, que fue otorgada desde el 28 de diciembre de 1987.<\/p>\n<p>La Fundaci\u00f3n abri\u00f3 sus oficinas en Cali en la Avenida Colombia. Hoy opera en la Casa TorreLaVega, conocida, actualmente, como la Casa Obeso Mej\u00eda, que fue la residencia de los esposos Obeso Mej\u00eda hasta su muerte. Como uno de los primeros programas apoyados por la Fundaci\u00f3n se encuentra Casita de Bel\u00e9n, fundada como un albergue para ni\u00f1os y ni\u00f1as hu\u00e9rfanos, que hoy es una instituci\u00f3n sin \u00e1nimo de lucro de protecci\u00f3n, que atiende ni\u00f1os de 0 a 8 a\u00f1os de edad, vinculada al Instituto Colombiano de Bienestar Familiar, ICBF.<\/p>\n<p>Durante los 35 a\u00f1os de la Fundaci\u00f3n Obeso Mej\u00eda, las vidas de Antonio Obeso de Mendiola y la de su se\u00f1ora Luz Mej\u00eda de Obeso estuvieron estrechamente con el logro de los objetivos filantr\u00f3picos que se propusieron, especialmente, con la protecci\u00f3n de la infancia desamparada.<\/p>","protected":false},"excerpt":{"rendered":"<p>En 1987 Antonio Obeso de Mendiola y su esposa, Luz Mej\u00eda de Obeso, constituyeron la Fundaci\u00f3n Obeso Mej\u00eda, con el [&hellip;]<\/p>","protected":false},"author":40,"featured_media":32989,"template":"","meta":{"site-sidebar-layout":"default","site-content-layout":"","ast-site-content-layout":"default","site-content-style":"default","site-sidebar-style":"default","ast-global-header-display":"","ast-banner-title-visibility":"","ast-main-header-display":"","ast-hfb-above-header-display":"","ast-hfb-below-header-display":"","ast-hfb-mobile-header-display":"","site-post-title":"","ast-breadcrumbs-content":"","ast-featured-img":"","footer-sml-layout":"","theme-transparent-header-meta":"default","adv-header-id-meta":"","stick-header-meta":"","header-above-stick-meta":"","header-main-stick-meta":"","header-below-stick-meta":"","astra-migrate-meta-layouts":"set","ast-page-background-enabled":"default","ast-page-background-meta":{"desktop":{"background-color":"var(--ast-global-color-4)","background-image":"","background-repeat":"repeat","background-position":"center center","background-size":"auto","background-attachment":"scroll","background-type":"","background-media":"","overlay-type":"","overlay-color":"","overlay-opacity":"","overlay-gradient":""},"tablet":{"background-color":"","background-image":"","background-repeat":"repeat","background-position":"center center","background-size":"auto","background-attachment":"scroll","background-type":"","background-media":"","overlay-type":"","overlay-color":"","overlay-opacity":"","overlay-gradient":""},"mobile":{"background-color":"","background-image":"","background-repeat":"repeat","background-position":"center center","background-size":"auto","background-attachment":"scroll","background-type":"","background-media":"","overlay-type":"","overlay-color":"","overlay-opacity":"","overlay-gradient":""}},"ast-content-background-meta":{"desktop":{"background-color":"var(--ast-global-color-5)","background-image":"","background-repeat":"repeat","background-position":"center center","background-size":"auto","background-attachment":"scroll","background-type":"","background-media":"","overlay-type":"","overlay-color":"","overlay-opacity":"","overlay-gradient":""},"tablet":{"background-color":"var(--ast-global-color-5)","background-image":"","background-repeat":"repeat","background-position":"center center","background-size":"auto","background-attachment":"scroll","background-type":"","background-media":"","overlay-type":"","overlay-color":"","overlay-opacity":"","overlay-gradient":""},"mobile":{"background-color":"var(--ast-global-color-5)","background-image":"","background-repeat":"repeat","background-position":"center center","background-size":"auto","background-attachment":"scroll","background-type":"","background-media":"","overlay-type":"","overlay-color":"","overlay-opacity":"","overlay-gradient":""}},"b9e7b6d15e5b3662afcbbd8db24d8232_lat":"3.4520281","b9e7b6d15e5b3662afcbbd8db24d8232_lng":"-76.5452663","featured_venue":"","robot_status":"","direccion_google_maps":"Av. 4 Oe. #4-59, Normandia Sebastian de Belalcazar, Cali, Valle del Cauca, Colombia"},"etiquetas-del-venue":[2353,1585],"categoria-del-venue":[2057],"ubicacion-del-venue":[2303,2039],"class_list":["post-32987","venues","type-venues","status-publish","has-post-thumbnail","hentry","etiquetas-del-venue-arte-contemporaneo-artes-visuales-2","etiquetas-del-venue-artes-visuales","categoria-del-venue-fundacion","ubicacion-del-venue-cali","ubicacion-del-venue-colombia"],"_links":{"self":[{"href":"https:\/\/themesh.art\/en\/wp-json\/wp\/v2\/venues\/32987","targetHints":{"allow":["GET"]}}],"collection":[{"href":"https:\/\/themesh.art\/en\/wp-json\/wp\/v2\/venues"}],"about":[{"href":"https:\/\/themesh.art\/en\/wp-json\/wp\/v2\/types\/venues"}],"author":[{"embeddable":true,"href":"https:\/\/themesh.art\/en\/wp-json\/wp\/v2\/users\/40"}],"wp:featuredmedia":[{"embeddable":true,"href":"https:\/\/themesh.art\/en\/wp-json\/wp\/v2\/media\/32989"}],"wp:attachment":[{"href":"https:\/\/themesh.art\/en\/wp-json\/wp\/v2\/media?parent=32987"}],"wp:term":[{"taxonomy":"etiquetas-del-venue","embeddable":true,"href":"https:\/\/themesh.art\/en\/wp-json\/wp\/v2\/etiquetas-del-venue?post=32987"},{"taxonomy":"categoria-del-venue","embeddable":true,"href":"https:\/\/themesh.art\/en\/wp-json\/wp\/v2\/categoria-del-venue?post=32987"},{"taxonomy":"ubicacion-del-venue","embeddable":true,"href":"https:\/\/themesh.art\/en\/wp-json\/wp\/v2\/ubicacion-del-venue?post=32987"}],"curies":[{"name":"wp","href":"https:\/\/api.w.org\/{rel}","templated":true}]}}

Fundación Obeso Mejia

<p>En 1987 Antonio Obeso de Mendiola y su esposa, Luz Mejía de Obeso, constituyeron la Fundación Obeso Mejía, con el fin de contribuir a la solución de los problemas sociales y económicos que estaba afrontando la ciudad y, de esta manera, ayudar al mejoramiento de la calidad de vida de las personas.</p>
<p>Hicieron parte del primer Consejo Administrativo de la Fundación, Henry Jensen y el entonces Arzobispo de la Arquidiócesis de Cali, Monseñor Pedro Rubiano Sáenz, quienes aprobaron los estatutos y eligieron como directora ejecutiva a Lucía Vélez de Mendiola. En su primera reunión, el Consejo autorizó a Antonio Obeso de Mendiola para que adelantara el trámite ante la Gobernación con el fin de obtener la personería jurídica, que fue otorgada desde el 28 de diciembre de 1987.</p>
<p>La Fundación abrió sus oficinas en Cali en la Avenida Colombia. Hoy opera en la Casa TorreLaVega, conocida, actualmente, como la Casa Obeso Mejía, que fue la residencia de los esposos Obeso Mejía hasta su muerte. Como uno de los primeros programas apoyados por la Fundación se encuentra Casita de Belén, fundada como un albergue para niños y niñas huérfanos, que hoy es una institución sin ánimo de lucro de protección, que atiende niños de 0 a 8 años de edad, vinculada al Instituto Colombiano de Bienestar Familiar, ICBF.</p>
<p>Durante los 35 años de la Fundación Obeso Mejía, las vidas de Antonio Obeso de Mendiola y la de su señora Luz Mejía de Obeso estuvieron estrechamente con el logro de los objetivos filantrópicos que se propusieron, especialmente, con la protección de la infancia desamparada.</p>

<p>En 1987 Antonio Obeso de Mendiola y su esposa, Luz Mejía de Obeso, constituyeron la Fundación Obeso Mejía, con el [&hellip;]</p>
