{"id":31970,"date":"2025-08-18T12:57:30","date_gmt":"2025-08-18T18:57:30","guid":{"rendered":"https:\/\/themesh.art\/venues\/artery\/"},"modified":"2025-09-24T15:13:46","modified_gmt":"2025-09-24T21:13:46","slug":"artery","status":"publish","type":"venues","link":"https:\/\/themesh.art\/en\/venues\/artery\/","title":{"rendered":"Artery"},"content":{"rendered":"<p class=\"sqsrte-small preFade fadeIn\">Artery se desarrolla como un espacio multifac\u00e9tico, donde a trav\u00e9s de distintos proyectos activos, logra impulsar el di\u00e1logo, la uni\u00f3n y la acci\u00f3n con un enfoque natural y social. Nuestra base es mantener las necesidades de los artistas y del pueblo de Tulum, priorizando el intercambio cultural e Impulsando la expresi\u00f3n, el arte p\u00fablico y las residencias colectivas. Artery logra abrir un canal de creaci\u00f3n, generando momentos de encuentro, dentro y fuera de la galer\u00eda, ofreciendo un espacio abierto tanto a trayectorias consolidadas como a artistas emergentes de distintas disciplinas.<\/p>\n<p class=\"sqsrte-small preFade fadeIn\">Artery se presenta como un laboratorio vivo, un terreno de experimentaci\u00f3n l\u00fadica, donde emergen ideas, procesos y colaboraciones que enriquecen la cultura local, regional e internacional. Con el fin de construir un n\u00facleo de confianza y estabilidad para nuestro pueblo, Artery dedica el tiempo a cultivar la libertad expresiva, porque creemos que es all\u00ed donde se cobra la fuerza para comunicar, inspirar y transformar. La esencia de Artery ofrece un escenario de visi\u00f3n, defini\u00e9ndose como un espacio constante para crear oportunidades.<\/p>","protected":false},"excerpt":{"rendered":"<p>Artery se desarrolla como un espacio multifac\u00e9tico, donde a trav\u00e9s de distintos proyectos activos, logra impulsar el di\u00e1logo, la uni\u00f3n y la acci\u00f3n con un enfoque natural y social. Nuestra base es mantener las necesidades de los artistas y del pueblo de Tulum, priorizando el intercambio cultural e Impulsando la expresi\u00f3n, el arte p\u00fablico y las residencias colectivas.<\/p>","protected":false},"author":40,"featured_media":36721,"template":"","meta":{"site-sidebar-layout":"default","site-content-layout":"","ast-site-content-layout":"default","site-content-style":"default","site-sidebar-style":"default","ast-global-header-display":"","ast-banner-title-visibility":"","ast-main-header-display":"","ast-hfb-above-header-display":"","ast-hfb-below-header-display":"","ast-hfb-mobile-header-display":"","site-post-title":"","ast-breadcrumbs-content":"","ast-featured-img":"","footer-sml-layout":"","theme-transparent-header-meta":"default","adv-header-id-meta":"","stick-header-meta":"","header-above-stick-meta":"","header-main-stick-meta":"","header-below-stick-meta":"","astra-migrate-meta-layouts":"set","ast-page-background-enabled":"default","ast-page-background-meta":{"desktop":{"background-color":"var(--ast-global-color-4)","background-image":"","background-repeat":"repeat","background-position":"center center","background-size":"auto","background-attachment":"scroll","background-type":"","background-media":"","overlay-type":"","overlay-color":"","overlay-opacity":"","overlay-gradient":""},"tablet":{"background-color":"","background-image":"","background-repeat":"repeat","background-position":"center center","background-size":"auto","background-attachment":"scroll","background-type":"","background-media":"","overlay-type":"","overlay-color":"","overlay-opacity":"","overlay-gradient":""},"mobile":{"background-color":"","background-image":"","background-repeat":"repeat","background-position":"center center","background-size":"auto","background-attachment":"scroll","background-type":"","background-media":"","overlay-type":"","overlay-color":"","overlay-opacity":"","overlay-gradient":""}},"ast-content-background-meta":{"desktop":{"background-color":"var(--ast-global-color-5)","background-image":"","background-repeat":"repeat","background-position":"center center","background-size":"auto","background-attachment":"scroll","background-type":"","background-media":"","overlay-type":"","overlay-color":"","overlay-opacity":"","overlay-gradient":""},"tablet":{"background-color":"var(--ast-global-color-5)","background-image":"","background-repeat":"repeat","background-position":"center center","background-size":"auto","background-attachment":"scroll","background-type":"","background-media":"","overlay-type":"","overlay-color":"","overlay-opacity":"","overlay-gradient":""},"mobile":{"background-color":"var(--ast-global-color-5)","background-image":"","background-repeat":"repeat","background-position":"center center","background-size":"auto","background-attachment":"scroll","background-type":"","background-media":"","overlay-type":"","overlay-color":"","overlay-opacity":"","overlay-gradient":""}},"b9e7b6d15e5b3662afcbbd8db24d8232_lat":"20.2025963","b9e7b6d15e5b3662afcbbd8db24d8232_lng":"-87.4727791","featured_venue":"","robot_status":"","direccion_google_maps":"Supermanzana 5 Manzana 44, La Veleta, Tulum, Quintana Roo 77760"},"etiquetas-del-venue":[2353,1585],"categoria-del-venue":[2055,1531,1538],"ubicacion-del-venue":[1208],"class_list":["post-31970","venues","type-venues","status-publish","has-post-thumbnail","hentry","etiquetas-del-venue-arte-contemporaneo-artes-visuales-2","etiquetas-del-venue-artes-visuales","categoria-del-venue-espacio-independiente","categoria-del-venue-galeria","categoria-del-venue-residencias","ubicacion-del-venue-mexico"],"_links":{"self":[{"href":"https:\/\/themesh.art\/en\/wp-json\/wp\/v2\/venues\/31970","targetHints":{"allow":["GET"]}}],"collection":[{"href":"https:\/\/themesh.art\/en\/wp-json\/wp\/v2\/venues"}],"about":[{"href":"https:\/\/themesh.art\/en\/wp-json\/wp\/v2\/types\/venues"}],"author":[{"embeddable":true,"href":"https:\/\/themesh.art\/en\/wp-json\/wp\/v2\/users\/40"}],"wp:featuredmedia":[{"embeddable":true,"href":"https:\/\/themesh.art\/en\/wp-json\/wp\/v2\/media\/36721"}],"wp:attachment":[{"href":"https:\/\/themesh.art\/en\/wp-json\/wp\/v2\/media?parent=31970"}],"wp:term":[{"taxonomy":"etiquetas-del-venue","embeddable":true,"href":"https:\/\/themesh.art\/en\/wp-json\/wp\/v2\/etiquetas-del-venue?post=31970"},{"taxonomy":"categoria-del-venue","embeddable":true,"href":"https:\/\/themesh.art\/en\/wp-json\/wp\/v2\/categoria-del-venue?post=31970"},{"taxonomy":"ubicacion-del-venue","embeddable":true,"href":"https:\/\/themesh.art\/en\/wp-json\/wp\/v2\/ubicacion-del-venue?post=31970"}],"curies":[{"name":"wp","href":"https:\/\/api.w.org\/{rel}","templated":true}]}}

<p class="sqsrte-small preFade fadeIn">Artery se desarrolla como un espacio multifacético, donde a través de distintos proyectos activos, logra impulsar el diálogo, la unión y la acción con un enfoque natural y social. Nuestra base es mantener las necesidades de los artistas y del pueblo de Tulum, priorizando el intercambio cultural e Impulsando la expresión, el arte público y las residencias colectivas. Artery logra abrir un canal de creación, generando momentos de encuentro, dentro y fuera de la galería, ofreciendo un espacio abierto tanto a trayectorias consolidadas como a artistas emergentes de distintas disciplinas.</p>
<p class="sqsrte-small preFade fadeIn">Artery se presenta como un laboratorio vivo, un terreno de experimentación lúdica, donde emergen ideas, procesos y colaboraciones que enriquecen la cultura local, regional e internacional. Con el fin de construir un núcleo de confianza y estabilidad para nuestro pueblo, Artery dedica el tiempo a cultivar la libertad expresiva, porque creemos que es allí donde se cobra la fuerza para comunicar, inspirar y transformar. La esencia de Artery ofrece un escenario de visión, definiéndose como un espacio constante para crear oportunidades.</p>

<p>Artery se desarrolla como un espacio multifacético, donde a través de distintos proyectos activos, logra impulsar el diálogo, la unión y la acción con un enfoque natural y social. Nuestra base es mantener las necesidades de los artistas y del pueblo de Tulum, priorizando el intercambio cultural e Impulsando la expresión, el arte público y las residencias colectivas.</p>
