{"id":30959,"date":"2025-07-28T19:55:37","date_gmt":"2025-07-29T01:55:37","guid":{"rendered":"https:\/\/themesh.art\/?post_type=venues&#038;p=30959"},"modified":"2025-07-28T19:55:37","modified_gmt":"2025-07-29T01:55:37","slug":"centro-cultural-matucana","status":"publish","type":"venues","link":"https:\/\/themesh.art\/en\/venues\/centro-cultural-matucana\/","title":{"rendered":"Centro Cultural Matucana"},"content":{"rendered":"<p>Situado geogr\u00e1ficamente en un importante eje industrial de la ciudad de Santiago, el\u00a0<strong>Centro Cultural Matucana 100<\/strong>\u00a0es un espacio para el arte contempor\u00e1neo con\u00a0caracter\u00edsticas arquitect\u00f3nicas y urbanas \u00fanicas que\u00a0<strong>acompa\u00f1a, apoya y exhibe<\/strong>\u00a0diversas manifestaciones en un mismo sitio: artes visuales,\u00a0m\u00fasica, cine y artes esc\u00e9nicas.<\/p>\n<p>Fundado en 2001 en las que fueron por d\u00e9cadas las bodegas de la Direcci\u00f3n de Aprovisionamiento del Estado en la calle Matucana,\u00a0su labor es\u00a0<strong>facilitar la creaci\u00f3n y entregar\u00a0<\/strong><strong>experiencias de calidad y de completa libertad autoral a los p\u00fablicos<\/strong>.<\/p>\n<p>Una amplia gama de\u00a0<strong>creadores emergentes y consagrados<\/strong>\u00a0se re\u00fanen en los escenarios presenciales y digitales del Centro Cultural para reflexionar con su obra sobre las problem\u00e1ticas del actual sistema global.\u00a0La sociedad civil y los distintos mundos del campo cultural se encuentran, conectan y se hacen presentes en\u00a0<strong>un referente nacional con 20 a\u00f1os de historia<\/strong>.<\/p>\n<p><strong>Matucana 100 crea un lugar \u00fanico de arte contempor\u00e1neo en Chile<\/strong>.<\/p>","protected":false},"excerpt":{"rendered":"<p>Situado geogr\u00e1ficamente en un importante eje industrial de la ciudad de Santiago, el\u00a0Centro Cultural Matucana 100\u00a0es un espacio para el arte contempor\u00e1neo con\u00a0caracter\u00edsticas arquitect\u00f3nicas y urbanas \u00fanicas que\u00a0acompa\u00f1a, apoya y exhibe\u00a0diversas manifestaciones en un mismo sitio: artes visuales,\u00a0m\u00fasica, cine y artes esc\u00e9nicas.<\/p>","protected":false},"author":1,"featured_media":30960,"template":"","meta":{"site-sidebar-layout":"default","site-content-layout":"","ast-site-content-layout":"default","site-content-style":"default","site-sidebar-style":"default","ast-global-header-display":"","ast-banner-title-visibility":"","ast-main-header-display":"","ast-hfb-above-header-display":"","ast-hfb-below-header-display":"","ast-hfb-mobile-header-display":"","site-post-title":"","ast-breadcrumbs-content":"","ast-featured-img":"","footer-sml-layout":"","theme-transparent-header-meta":"default","adv-header-id-meta":"","stick-header-meta":"","header-above-stick-meta":"","header-main-stick-meta":"","header-below-stick-meta":"","astra-migrate-meta-layouts":"set","ast-page-background-enabled":"default","ast-page-background-meta":{"desktop":{"background-color":"var(--ast-global-color-4)","background-image":"","background-repeat":"repeat","background-position":"center center","background-size":"auto","background-attachment":"scroll","background-type":"","background-media":"","overlay-type":"","overlay-color":"","overlay-opacity":"","overlay-gradient":""},"tablet":{"background-color":"","background-image":"","background-repeat":"repeat","background-position":"center center","background-size":"auto","background-attachment":"scroll","background-type":"","background-media":"","overlay-type":"","overlay-color":"","overlay-opacity":"","overlay-gradient":""},"mobile":{"background-color":"","background-image":"","background-repeat":"repeat","background-position":"center center","background-size":"auto","background-attachment":"scroll","background-type":"","background-media":"","overlay-type":"","overlay-color":"","overlay-opacity":"","overlay-gradient":""}},"ast-content-background-meta":{"desktop":{"background-color":"var(--ast-global-color-5)","background-image":"","background-repeat":"repeat","background-position":"center center","background-size":"auto","background-attachment":"scroll","background-type":"","background-media":"","overlay-type":"","overlay-color":"","overlay-opacity":"","overlay-gradient":""},"tablet":{"background-color":"var(--ast-global-color-5)","background-image":"","background-repeat":"repeat","background-position":"center center","background-size":"auto","background-attachment":"scroll","background-type":"","background-media":"","overlay-type":"","overlay-color":"","overlay-opacity":"","overlay-gradient":""},"mobile":{"background-color":"var(--ast-global-color-5)","background-image":"","background-repeat":"repeat","background-position":"center center","background-size":"auto","background-attachment":"scroll","background-type":"","background-media":"","overlay-type":"","overlay-color":"","overlay-opacity":"","overlay-gradient":""}},"b9e7b6d15e5b3662afcbbd8db24d8232_lat":"-33.4448071","b9e7b6d15e5b3662afcbbd8db24d8232_lng":"-70.679688","featured_venue":"","robot_status":"","direccion_google_maps":"Av. Matucana 100, 8350718 Santiago, Estaci\u00f3n Central, Regi\u00f3n Metropolitana, Chile"},"etiquetas-del-venue":[1585,1611,1579,1572,1568,1584],"categoria-del-venue":[1537],"ubicacion-del-venue":[2299,2300],"class_list":["post-30959","venues","type-venues","status-publish","has-post-thumbnail","hentry","etiquetas-del-venue-artes-visuales","etiquetas-del-venue-cine","etiquetas-del-venue-danza","etiquetas-del-venue-educacion","etiquetas-del-venue-exposiciones","etiquetas-del-venue-teatro","categoria-del-venue-centro-cultural","ubicacion-del-venue-chile","ubicacion-del-venue-santiago"],"_links":{"self":[{"href":"https:\/\/themesh.art\/en\/wp-json\/wp\/v2\/venues\/30959","targetHints":{"allow":["GET"]}}],"collection":[{"href":"https:\/\/themesh.art\/en\/wp-json\/wp\/v2\/venues"}],"about":[{"href":"https:\/\/themesh.art\/en\/wp-json\/wp\/v2\/types\/venues"}],"author":[{"embeddable":true,"href":"https:\/\/themesh.art\/en\/wp-json\/wp\/v2\/users\/1"}],"wp:featuredmedia":[{"embeddable":true,"href":"https:\/\/themesh.art\/en\/wp-json\/wp\/v2\/media\/30960"}],"wp:attachment":[{"href":"https:\/\/themesh.art\/en\/wp-json\/wp\/v2\/media?parent=30959"}],"wp:term":[{"taxonomy":"etiquetas-del-venue","embeddable":true,"href":"https:\/\/themesh.art\/en\/wp-json\/wp\/v2\/etiquetas-del-venue?post=30959"},{"taxonomy":"categoria-del-venue","embeddable":true,"href":"https:\/\/themesh.art\/en\/wp-json\/wp\/v2\/categoria-del-venue?post=30959"},{"taxonomy":"ubicacion-del-venue","embeddable":true,"href":"https:\/\/themesh.art\/en\/wp-json\/wp\/v2\/ubicacion-del-venue?post=30959"}],"curies":[{"name":"wp","href":"https:\/\/api.w.org\/{rel}","templated":true}]}}

<p>Situado geográficamente en un importante eje industrial de la ciudad de Santiago, el <strong>Centro Cultural Matucana 100</strong> es un espacio para el arte contemporáneo con características arquitectónicas y urbanas únicas que <strong>acompaña, apoya y exhibe</strong> diversas manifestaciones en un mismo sitio: artes visuales, música, cine y artes escénicas.</p>
<p>Fundado en 2001 en las que fueron por décadas las bodegas de la Dirección de Aprovisionamiento del Estado en la calle Matucana, su labor es <strong>facilitar la creación y entregar </strong><strong>experiencias de calidad y de completa libertad autoral a los públicos</strong>.</p>
<p>Una amplia gama de <strong>creadores emergentes y consagrados</strong> se reúnen en los escenarios presenciales y digitales del Centro Cultural para reflexionar con su obra sobre las problemáticas del actual sistema global. La sociedad civil y los distintos mundos del campo cultural se encuentran, conectan y se hacen presentes en <strong>un referente nacional con 20 años de historia</strong>.</p>
<p><strong>Matucana 100 crea un lugar único de arte contemporáneo en Chile</strong>.</p>

<p>Situado geográficamente en un importante eje industrial de la ciudad de Santiago, el Centro Cultural Matucana 100 es un espacio para el arte contemporáneo con características arquitectónicas y urbanas únicas que acompaña, apoya y exhibe diversas manifestaciones en un mismo sitio: artes visuales, música, cine y artes escénicas.</p>

Av. Matucana 100, 8350718 Santiago, Estación Central, Región Metropolitana, Chile
