{"id":30956,"date":"2025-07-28T19:50:40","date_gmt":"2025-07-29T01:50:40","guid":{"rendered":"https:\/\/themesh.art\/?post_type=venues&#038;p=30956"},"modified":"2025-07-28T19:52:45","modified_gmt":"2025-07-29T01:52:45","slug":"fundacion-klemm","status":"publish","type":"venues","link":"https:\/\/themesh.art\/en\/venues\/fundacion-klemm\/","title":{"rendered":"Fundaci\u00f3n Klemm"},"content":{"rendered":"<p class=\"text-left\">Creada en 1995, la Fundaci\u00f3n Federico Jorge Klemm abri\u00f3 sus puertas en el espacio contiguo a la Galeria hom\u00f3nima que funcion\u00f3 entre 1992 y 1995. Heredera de aquel proyecto, sus pr\u00e1cticas y trayectoria, la Fundaci\u00f3n naci\u00f3 como un espacio para que las obras de la colecci\u00f3n de Federico Klemm tuvieran clara visibilidad p\u00fablica, con acceso a todas las comunidades, libre y gratuito, y acompa\u00f1ando a la difusi\u00f3n del patrimonio nacional e internacional con un programa de exhibiciones temporales de arte argentino contempor\u00e1neo. En 1997, Federico Klemm sum\u00f3 a la Fundaci\u00f3n el Premio Klemm a las Artes Visuales, una convocatoria anual para promover a artistas j\u00f3venes locales, y que representa la v\u00eda principal de crecimiento de la colecci\u00f3n, sumando dos obras de arte emergente, a partir de los dos primeros premios adquisici\u00f3n. Este proyecto, de gran prestigio en la comunidad art\u00edstica celebra, en 2020, sus 24 a\u00f1os de solidez y reconocimiento.<\/p>\n<p class=\"text-left\">\u201cEn la fundaci\u00f3n que lleva mi nombre hemos instaurado una nueva concepci\u00f3n en cuanto a la creaci\u00f3n de un espacio con vida propia que podemos definir como museo global, donde se exhiben colecciones en funci\u00f3n did\u00e1ctica y museol\u00f3gica que al mismo tiempo cubren las necesidades de los amantes del arte, de los coleccionistas y de la cr\u00edtica especializada, y donde la obra adquiere una nueva dimensi\u00f3n dentro del arte como idea, para dejar un testimonio hist\u00f3rico del quehacer art\u00edstico desde el fin de milenio que nos toca vivir. Nuestra misi\u00f3n es de una gran responsabilidad, porque asumimos nuestra deuda con el arte argentino en una proyecci\u00f3n global que trascienda las dificultades de nuestra ubicaci\u00f3n geogr\u00e1fica. Continuamente surgen nuevos valores art\u00edsticos y se consolidan internacionalmente artistas argentinos, lo que hace suponer que estamos cerca de logros muy importantes en el campo del arte y que se pueden producir sorpresas muy gratificantes. Por eso mismo uno de los preceptos esenciales de nuestra fundaci\u00f3n es promover a los artistas j\u00f3venes.\u201d\u00a0FK, 1997.<\/p>\n<p class=\"text-left\">Desde 1998, la Fundaci\u00f3n cuenta con la designaci\u00f3n de la Academia Nacional de Bellas Artes como veedora art\u00edstica y administrativa de la Fundaci\u00f3n, que comenz\u00f3 a accionar a partir de su muerte en el a\u00f1o 2002.<\/p>","protected":false},"excerpt":{"rendered":"<p>Creada en 1995, la Fundaci\u00f3n Federico Jorge Klemm abri\u00f3 sus puertas en el espacio contiguo a la Galeria hom\u00f3nima que funcion\u00f3 entre 1992 y 1995. Heredera de aquel proyecto, sus pr\u00e1cticas y trayectoria, la Fundaci\u00f3n naci\u00f3 como un espacio para que las obras de la colecci\u00f3n de Federico Klemm tuvieran clara visibilidad p\u00fablica, con acceso a todas las comunidades, libre y gratuito, y acompa\u00f1ando a la difusi\u00f3n del patrimonio nacional e internacional con un programa de exhibiciones temporales de arte argentino contempor\u00e1neo.<\/p>","protected":false},"author":1,"featured_media":30957,"template":"","meta":{"site-sidebar-layout":"default","site-content-layout":"","ast-site-content-layout":"default","site-content-style":"default","site-sidebar-style":"default","ast-global-header-display":"","ast-banner-title-visibility":"","ast-main-header-display":"","ast-hfb-above-header-display":"","ast-hfb-below-header-display":"","ast-hfb-mobile-header-display":"","site-post-title":"","ast-breadcrumbs-content":"","ast-featured-img":"","footer-sml-layout":"","theme-transparent-header-meta":"default","adv-header-id-meta":"","stick-header-meta":"","header-above-stick-meta":"","header-main-stick-meta":"","header-below-stick-meta":"","astra-migrate-meta-layouts":"set","ast-page-background-enabled":"default","ast-page-background-meta":{"desktop":{"background-color":"var(--ast-global-color-4)","background-image":"","background-repeat":"repeat","background-position":"center center","background-size":"auto","background-attachment":"scroll","background-type":"","background-media":"","overlay-type":"","overlay-color":"","overlay-opacity":"","overlay-gradient":""},"tablet":{"background-color":"","background-image":"","background-repeat":"repeat","background-position":"center center","background-size":"auto","background-attachment":"scroll","background-type":"","background-media":"","overlay-type":"","overlay-color":"","overlay-opacity":"","overlay-gradient":""},"mobile":{"background-color":"","background-image":"","background-repeat":"repeat","background-position":"center center","background-size":"auto","background-attachment":"scroll","background-type":"","background-media":"","overlay-type":"","overlay-color":"","overlay-opacity":"","overlay-gradient":""}},"ast-content-background-meta":{"desktop":{"background-color":"var(--ast-global-color-5)","background-image":"","background-repeat":"repeat","background-position":"center center","background-size":"auto","background-attachment":"scroll","background-type":"","background-media":"","overlay-type":"","overlay-color":"","overlay-opacity":"","overlay-gradient":""},"tablet":{"background-color":"var(--ast-global-color-5)","background-image":"","background-repeat":"repeat","background-position":"center center","background-size":"auto","background-attachment":"scroll","background-type":"","background-media":"","overlay-type":"","overlay-color":"","overlay-opacity":"","overlay-gradient":""},"mobile":{"background-color":"var(--ast-global-color-5)","background-image":"","background-repeat":"repeat","background-position":"center center","background-size":"auto","background-attachment":"scroll","background-type":"","background-media":"","overlay-type":"","overlay-color":"","overlay-opacity":"","overlay-gradient":""}},"b9e7b6d15e5b3662afcbbd8db24d8232_lat":"-34.5968816","b9e7b6d15e5b3662afcbbd8db24d8232_lng":"-58.3760516","featured_venue":"","direccion_google_maps":"Marcelo T. de Alvear 626 - CABA Argentina"},"etiquetas-del-venue":[1585],"categoria-del-venue":[1537],"ubicacion-del-venue":[2030],"class_list":["post-30956","venues","type-venues","status-publish","has-post-thumbnail","hentry","etiquetas-del-venue-artes-visuales","categoria-del-venue-centro-cultural","ubicacion-del-venue-argentina"],"_links":{"self":[{"href":"https:\/\/themesh.art\/en\/wp-json\/wp\/v2\/venues\/30956","targetHints":{"allow":["GET"]}}],"collection":[{"href":"https:\/\/themesh.art\/en\/wp-json\/wp\/v2\/venues"}],"about":[{"href":"https:\/\/themesh.art\/en\/wp-json\/wp\/v2\/types\/venues"}],"author":[{"embeddable":true,"href":"https:\/\/themesh.art\/en\/wp-json\/wp\/v2\/users\/1"}],"wp:featuredmedia":[{"embeddable":true,"href":"https:\/\/themesh.art\/en\/wp-json\/wp\/v2\/media\/30957"}],"wp:attachment":[{"href":"https:\/\/themesh.art\/en\/wp-json\/wp\/v2\/media?parent=30956"}],"wp:term":[{"taxonomy":"etiquetas-del-venue","embeddable":true,"href":"https:\/\/themesh.art\/en\/wp-json\/wp\/v2\/etiquetas-del-venue?post=30956"},{"taxonomy":"categoria-del-venue","embeddable":true,"href":"https:\/\/themesh.art\/en\/wp-json\/wp\/v2\/categoria-del-venue?post=30956"},{"taxonomy":"ubicacion-del-venue","embeddable":true,"href":"https:\/\/themesh.art\/en\/wp-json\/wp\/v2\/ubicacion-del-venue?post=30956"}],"curies":[{"name":"wp","href":"https:\/\/api.w.org\/{rel}","templated":true}]}}

Fundación Klemm

<p class="text-left">Creada en 1995, la Fundación Federico Jorge Klemm abrió sus puertas en el espacio contiguo a la Galeria homónima que funcionó entre 1992 y 1995. Heredera de aquel proyecto, sus prácticas y trayectoria, la Fundación nació como un espacio para que las obras de la colección de Federico Klemm tuvieran clara visibilidad pública, con acceso a todas las comunidades, libre y gratuito, y acompañando a la difusión del patrimonio nacional e internacional con un programa de exhibiciones temporales de arte argentino contemporáneo. En 1997, Federico Klemm sumó a la Fundación el Premio Klemm a las Artes Visuales, una convocatoria anual para promover a artistas jóvenes locales, y que representa la vía principal de crecimiento de la colección, sumando dos obras de arte emergente, a partir de los dos primeros premios adquisición. Este proyecto, de gran prestigio en la comunidad artística celebra, en 2020, sus 24 años de solidez y reconocimiento.</p>
<p class="text-left">“En la fundación que lleva mi nombre hemos instaurado una nueva concepción en cuanto a la creación de un espacio con vida propia que podemos definir como museo global, donde se exhiben colecciones en función didáctica y museológica que al mismo tiempo cubren las necesidades de los amantes del arte, de los coleccionistas y de la crítica especializada, y donde la obra adquiere una nueva dimensión dentro del arte como idea, para dejar un testimonio histórico del quehacer artístico desde el fin de milenio que nos toca vivir. Nuestra misión es de una gran responsabilidad, porque asumimos nuestra deuda con el arte argentino en una proyección global que trascienda las dificultades de nuestra ubicación geográfica. Continuamente surgen nuevos valores artísticos y se consolidan internacionalmente artistas argentinos, lo que hace suponer que estamos cerca de logros muy importantes en el campo del arte y que se pueden producir sorpresas muy gratificantes. Por eso mismo uno de los preceptos esenciales de nuestra fundación es promover a los artistas jóvenes.” FK, 1997.</p>
<p class="text-left">Desde 1998, la Fundación cuenta con la designación de la Academia Nacional de Bellas Artes como veedora artística y administrativa de la Fundación, que comenzó a accionar a partir de su muerte en el año 2002.</p>

<p>Creada en 1995, la Fundación Federico Jorge Klemm abrió sus puertas en el espacio contiguo a la Galeria homónima que funcionó entre 1992 y 1995. Heredera de aquel proyecto, sus prácticas y trayectoria, la Fundación nació como un espacio para que las obras de la colección de Federico Klemm tuvieran clara visibilidad pública, con acceso a todas las comunidades, libre y gratuito, y acompañando a la difusión del patrimonio nacional e internacional con un programa de exhibiciones temporales de arte argentino contemporáneo.</p>
