{"id":28097,"date":"2025-05-25T15:19:59","date_gmt":"2025-05-25T21:19:59","guid":{"rendered":"https:\/\/themesh.art\/?post_type=venues&#038;p=28097"},"modified":"2025-05-25T15:19:59","modified_gmt":"2025-05-25T21:19:59","slug":"centro-cultural-fabrica-de-san-pedro","status":"publish","type":"venues","link":"https:\/\/themesh.art\/en\/venues\/centro-cultural-fabrica-de-san-pedro\/","title":{"rendered":"Centro Cultural F\u00e1brica de San Pedro"},"content":{"rendered":"<p data-start=\"743\" data-end=\"1156\">Desde 2017, la Fundaci\u00f3n Javier Mar\u00edn ha convertido la F\u00e1brica de Hilados y Tejidos de San Pedro, un edificio emblem\u00e1tico del siglo XIX en Uruapan, en un centro cultural contempor\u00e1neo y comunitario. Este espacio ha sido resignificado como territorio de encuentro para el arte, el dise\u00f1o y la cultura alimentaria, con un enfoque en el fortalecimiento del tejido social y la transmisi\u00f3n del patrimonio inmaterial.<\/p>\n<p data-start=\"1158\" data-end=\"1430\">Entre 2022 y 2024, el Centro ha recibido a m\u00e1s de 50 mil visitantes, impulsado m\u00e1s de 200 publicaciones en medios, inaugurado una sede de la Casa de las Artesan\u00edas y albergado exposiciones destacadas como las de Graciela Iturbide, Carla Fern\u00e1ndez y Manuel \u00c1lvarez Bravo.<\/p>\n<p data-start=\"1432\" data-end=\"1709\">Adem\u00e1s, ha desarrollado un s\u00f3lido programa de formaci\u00f3n con talleres de tintes naturales, dise\u00f1o colaborativo, moda, arquitectura y tradiciones como el maque incrustado. Tambi\u00e9n celebra el patrimonio gastron\u00f3mico con eventos como \u201cAlmuerzo en San Pedro\u201d y \u201cCocina de Barrio\u201d.<\/p>\n<p data-start=\"1711\" data-end=\"1839\">Su tienda, <strong data-start=\"1722\" data-end=\"1736\">La Colmena<\/strong>, comercializa productos \u00fanicos de dise\u00f1o artesanal, contribuyendo a la sustentabilidad del proyecto.<\/p>\n<p data-start=\"1841\" data-end=\"2055\">Este modelo de colaboraci\u00f3n entre sociedad civil, gobierno y sector privado ha convertido al Centro Cultural F\u00e1brica de San Pedro en una referencia nacional de revitalizaci\u00f3n cultural y participaci\u00f3n comunitaria.<\/p>","protected":false},"excerpt":{"rendered":"<p>Un centro vivo de arte, dise\u00f1o y cultura alimentaria en Uruapan.<br \/>\nUbicado en la hist\u00f3rica F\u00e1brica de Hilados y Tejidos de San Pedro, este espacio impulsado por la Fundaci\u00f3n Javier Mar\u00edn re\u00fane exposiciones, talleres, y programas de formaci\u00f3n que celebran el patrimonio de Michoac\u00e1n. Desde 2022 ha recibido a m\u00e1s de 50 mil visitantes, fomentando el intercambio entre saberes contempor\u00e1neos y tradiciones vivas.<\/p>","protected":false},"author":1,"featured_media":28099,"template":"","meta":{"site-sidebar-layout":"default","site-content-layout":"","ast-site-content-layout":"default","site-content-style":"default","site-sidebar-style":"default","ast-global-header-display":"","ast-banner-title-visibility":"","ast-main-header-display":"","ast-hfb-above-header-display":"","ast-hfb-below-header-display":"","ast-hfb-mobile-header-display":"","site-post-title":"","ast-breadcrumbs-content":"","ast-featured-img":"","footer-sml-layout":"","theme-transparent-header-meta":"default","adv-header-id-meta":"","stick-header-meta":"","header-above-stick-meta":"","header-main-stick-meta":"","header-below-stick-meta":"","astra-migrate-meta-layouts":"set","ast-page-background-enabled":"default","ast-page-background-meta":{"desktop":{"background-color":"var(--ast-global-color-4)","background-image":"","background-repeat":"repeat","background-position":"center center","background-size":"auto","background-attachment":"scroll","background-type":"","background-media":"","overlay-type":"","overlay-color":"","overlay-opacity":"","overlay-gradient":""},"tablet":{"background-color":"","background-image":"","background-repeat":"repeat","background-position":"center center","background-size":"auto","background-attachment":"scroll","background-type":"","background-media":"","overlay-type":"","overlay-color":"","overlay-opacity":"","overlay-gradient":""},"mobile":{"background-color":"","background-image":"","background-repeat":"repeat","background-position":"center center","background-size":"auto","background-attachment":"scroll","background-type":"","background-media":"","overlay-type":"","overlay-color":"","overlay-opacity":"","overlay-gradient":""}},"ast-content-background-meta":{"desktop":{"background-color":"var(--ast-global-color-5)","background-image":"","background-repeat":"repeat","background-position":"center center","background-size":"auto","background-attachment":"scroll","background-type":"","background-media":"","overlay-type":"","overlay-color":"","overlay-opacity":"","overlay-gradient":""},"tablet":{"background-color":"var(--ast-global-color-5)","background-image":"","background-repeat":"repeat","background-position":"center center","background-size":"auto","background-attachment":"scroll","background-type":"","background-media":"","overlay-type":"","overlay-color":"","overlay-opacity":"","overlay-gradient":""},"mobile":{"background-color":"var(--ast-global-color-5)","background-image":"","background-repeat":"repeat","background-position":"center center","background-size":"auto","background-attachment":"scroll","background-type":"","background-media":"","overlay-type":"","overlay-color":"","overlay-opacity":"","overlay-gradient":""}},"b9e7b6d15e5b3662afcbbd8db24d8232_lat":"19.4189717","b9e7b6d15e5b3662afcbbd8db24d8232_lng":"-102.0680771","featured_venue":"","robot_status":"","direccion_google_maps":"Miguel Trevi\u00f1o 100, Centro, 60000 Uruapan, Mich."},"etiquetas-del-venue":[1602,1585,1572],"categoria-del-venue":[1537],"ubicacion-del-venue":[1208],"class_list":["post-28097","venues","type-venues","status-publish","has-post-thumbnail","hentry","etiquetas-del-venue-artes-aplicadas","etiquetas-del-venue-artes-visuales","etiquetas-del-venue-educacion","categoria-del-venue-centro-cultural","ubicacion-del-venue-mexico"],"_links":{"self":[{"href":"https:\/\/themesh.art\/en\/wp-json\/wp\/v2\/venues\/28097","targetHints":{"allow":["GET"]}}],"collection":[{"href":"https:\/\/themesh.art\/en\/wp-json\/wp\/v2\/venues"}],"about":[{"href":"https:\/\/themesh.art\/en\/wp-json\/wp\/v2\/types\/venues"}],"author":[{"embeddable":true,"href":"https:\/\/themesh.art\/en\/wp-json\/wp\/v2\/users\/1"}],"wp:featuredmedia":[{"embeddable":true,"href":"https:\/\/themesh.art\/en\/wp-json\/wp\/v2\/media\/28099"}],"wp:attachment":[{"href":"https:\/\/themesh.art\/en\/wp-json\/wp\/v2\/media?parent=28097"}],"wp:term":[{"taxonomy":"etiquetas-del-venue","embeddable":true,"href":"https:\/\/themesh.art\/en\/wp-json\/wp\/v2\/etiquetas-del-venue?post=28097"},{"taxonomy":"categoria-del-venue","embeddable":true,"href":"https:\/\/themesh.art\/en\/wp-json\/wp\/v2\/categoria-del-venue?post=28097"},{"taxonomy":"ubicacion-del-venue","embeddable":true,"href":"https:\/\/themesh.art\/en\/wp-json\/wp\/v2\/ubicacion-del-venue?post=28097"}],"curies":[{"name":"wp","href":"https:\/\/api.w.org\/{rel}","templated":true}]}}

Centro Cultural Fábrica de San Pedro

<p data-start="743" data-end="1156">Desde 2017, la Fundación Javier Marín ha convertido la Fábrica de Hilados y Tejidos de San Pedro, un edificio emblemático del siglo XIX en Uruapan, en un centro cultural contemporáneo y comunitario. Este espacio ha sido resignificado como territorio de encuentro para el arte, el diseño y la cultura alimentaria, con un enfoque en el fortalecimiento del tejido social y la transmisión del patrimonio inmaterial.</p>
<p data-start="1158" data-end="1430">Entre 2022 y 2024, el Centro ha recibido a más de 50 mil visitantes, impulsado más de 200 publicaciones en medios, inaugurado una sede de la Casa de las Artesanías y albergado exposiciones destacadas como las de Graciela Iturbide, Carla Fernández y Manuel Álvarez Bravo.</p>
<p data-start="1432" data-end="1709">Además, ha desarrollado un sólido programa de formación con talleres de tintes naturales, diseño colaborativo, moda, arquitectura y tradiciones como el maque incrustado. También celebra el patrimonio gastronómico con eventos como “Almuerzo en San Pedro” y “Cocina de Barrio”.</p>
<p data-start="1711" data-end="1839">Su tienda, <strong data-start="1722" data-end="1736">La Colmena</strong>, comercializa productos únicos de diseño artesanal, contribuyendo a la sustentabilidad del proyecto.</p>
<p data-start="1841" data-end="2055">Este modelo de colaboración entre sociedad civil, gobierno y sector privado ha convertido al Centro Cultural Fábrica de San Pedro en una referencia nacional de revitalización cultural y participación comunitaria.</p>

<p>Un centro vivo de arte, diseño y cultura alimentaria en Uruapan.<br />
Ubicado en la histórica Fábrica de Hilados y Tejidos de San Pedro, este espacio impulsado por la Fundación Javier Marín reúne exposiciones, talleres, y programas de formación que celebran el patrimonio de Michoacán. Desde 2022 ha recibido a más de 50 mil visitantes, fomentando el intercambio entre saberes contemporáneos y tradiciones vivas.</p>

Miguel Treviño 100, Centro, 60000 Uruapan, Mich.
