{"id":27343,"date":"2025-05-04T19:28:12","date_gmt":"2025-05-05T01:28:12","guid":{"rendered":"https:\/\/themesh.art\/?post_type=venues&#038;p=27343"},"modified":"2025-05-04T19:29:07","modified_gmt":"2025-05-05T01:29:07","slug":"galeria-pedro-avila","status":"publish","type":"venues","link":"https:\/\/themesh.art\/en\/venues\/galeria-pedro-avila\/","title":{"rendered":"Galer\u00eda Pedro \u00c1vila"},"content":{"rendered":"<p><span class=\"relative -mx-px my-[-0.2rem] rounded px-px py-[0.2rem] transition-colors duration-100 ease-in-out\"><strong data-start=\"0\" data-end=\"23\" data-is-only-node=\"\">Galer\u00eda Pedro \u00c1vila<\/strong> es un espacio de arte contempor\u00e1neo ubicado en el coraz\u00f3n de Metepec, Estado de M\u00e9xico.<\/span> <span class=\"relative -mx-px my-[-0.2rem] rounded px-px py-[0.2rem] transition-colors duration-100 ease-in-out\">Fundada por el arquitecto y dise\u00f1ador Pedro \u00c1vila, la galer\u00eda se distingue por su enfoque en experiencias sensoriales que combinan arte, arquitectura, m\u00fasica y gastronom\u00eda, creando un ambiente inmersivo para los visitantes.<\/span><\/p>\n<p><span class=\"relative -mx-px my-[-0.2rem] rounded px-px py-[0.2rem] transition-colors duration-100 ease-in-out\">La galer\u00eda promueve obras de artistas emergentes y consolidados, tanto nacionales como internacionales, con un \u00e9nfasis en piezas que dialogan con el espacio arquitect\u00f3nico y las emociones del espectador.<\/span> <span class=\"relative -mx-px my-[-0.2rem] rounded px-px py-[0.2rem] transition-colors duration-100 ease-in-out\">Las exposiciones suelen integrar elementos multisensoriales, ofreciendo una experiencia \u00fanica que trasciende la contemplaci\u00f3n visual.<\/span><\/p>","protected":false},"excerpt":{"rendered":"<p>Galer\u00eda Pedro \u00c1vila es un espacio de arte contempor\u00e1neo ubicado en el coraz\u00f3n de Metepec, Estado de M\u00e9xico. Fundada por [&hellip;]<\/p>","protected":false},"author":1,"featured_media":27346,"template":"","meta":{"site-sidebar-layout":"default","site-content-layout":"","ast-site-content-layout":"default","site-content-style":"default","site-sidebar-style":"default","ast-global-header-display":"","ast-banner-title-visibility":"","ast-main-header-display":"","ast-hfb-above-header-display":"","ast-hfb-below-header-display":"","ast-hfb-mobile-header-display":"","site-post-title":"","ast-breadcrumbs-content":"","ast-featured-img":"","footer-sml-layout":"","theme-transparent-header-meta":"default","adv-header-id-meta":"","stick-header-meta":"","header-above-stick-meta":"","header-main-stick-meta":"","header-below-stick-meta":"","astra-migrate-meta-layouts":"set","ast-page-background-enabled":"default","ast-page-background-meta":{"desktop":{"background-color":"var(--ast-global-color-4)","background-image":"","background-repeat":"repeat","background-position":"center center","background-size":"auto","background-attachment":"scroll","background-type":"","background-media":"","overlay-type":"","overlay-color":"","overlay-opacity":"","overlay-gradient":""},"tablet":{"background-color":"","background-image":"","background-repeat":"repeat","background-position":"center center","background-size":"auto","background-attachment":"scroll","background-type":"","background-media":"","overlay-type":"","overlay-color":"","overlay-opacity":"","overlay-gradient":""},"mobile":{"background-color":"","background-image":"","background-repeat":"repeat","background-position":"center center","background-size":"auto","background-attachment":"scroll","background-type":"","background-media":"","overlay-type":"","overlay-color":"","overlay-opacity":"","overlay-gradient":""}},"ast-content-background-meta":{"desktop":{"background-color":"var(--ast-global-color-5)","background-image":"","background-repeat":"repeat","background-position":"center center","background-size":"auto","background-attachment":"scroll","background-type":"","background-media":"","overlay-type":"","overlay-color":"","overlay-opacity":"","overlay-gradient":""},"tablet":{"background-color":"var(--ast-global-color-5)","background-image":"","background-repeat":"repeat","background-position":"center center","background-size":"auto","background-attachment":"scroll","background-type":"","background-media":"","overlay-type":"","overlay-color":"","overlay-opacity":"","overlay-gradient":""},"mobile":{"background-color":"var(--ast-global-color-5)","background-image":"","background-repeat":"repeat","background-position":"center center","background-size":"auto","background-attachment":"scroll","background-type":"","background-media":"","overlay-type":"","overlay-color":"","overlay-opacity":"","overlay-gradient":""}},"b9e7b6d15e5b3662afcbbd8db24d8232_lat":"19.286512","b9e7b6d15e5b3662afcbbd8db24d8232_lng":"-99.595794","featured_venue":"","direccion_google_maps":"Calle Morelos 68, Santa Cruz, Metepec, Estado de M\u00e9xico, C.P. 52140"},"etiquetas-del-venue":[1585],"categoria-del-venue":[1531],"ubicacion-del-venue":[1208,1548],"class_list":["post-27343","venues","type-venues","status-publish","has-post-thumbnail","hentry","etiquetas-del-venue-artes-visuales","categoria-del-venue-galeria","ubicacion-del-venue-mexico","ubicacion-del-venue-toluca"],"_links":{"self":[{"href":"https:\/\/themesh.art\/en\/wp-json\/wp\/v2\/venues\/27343","targetHints":{"allow":["GET"]}}],"collection":[{"href":"https:\/\/themesh.art\/en\/wp-json\/wp\/v2\/venues"}],"about":[{"href":"https:\/\/themesh.art\/en\/wp-json\/wp\/v2\/types\/venues"}],"author":[{"embeddable":true,"href":"https:\/\/themesh.art\/en\/wp-json\/wp\/v2\/users\/1"}],"wp:featuredmedia":[{"embeddable":true,"href":"https:\/\/themesh.art\/en\/wp-json\/wp\/v2\/media\/27346"}],"wp:attachment":[{"href":"https:\/\/themesh.art\/en\/wp-json\/wp\/v2\/media?parent=27343"}],"wp:term":[{"taxonomy":"etiquetas-del-venue","embeddable":true,"href":"https:\/\/themesh.art\/en\/wp-json\/wp\/v2\/etiquetas-del-venue?post=27343"},{"taxonomy":"categoria-del-venue","embeddable":true,"href":"https:\/\/themesh.art\/en\/wp-json\/wp\/v2\/categoria-del-venue?post=27343"},{"taxonomy":"ubicacion-del-venue","embeddable":true,"href":"https:\/\/themesh.art\/en\/wp-json\/wp\/v2\/ubicacion-del-venue?post=27343"}],"curies":[{"name":"wp","href":"https:\/\/api.w.org\/{rel}","templated":true}]}}

Galería Pedro Ávila

<p><span class="relative -mx-px my-[-0.2rem] rounded px-px py-[0.2rem] transition-colors duration-100 ease-in-out"><strong data-start="0" data-end="23" data-is-only-node="">Galería Pedro Ávila</strong> es un espacio de arte contemporáneo ubicado en el corazón de Metepec, Estado de México.</span> <span class="relative -mx-px my-[-0.2rem] rounded px-px py-[0.2rem] transition-colors duration-100 ease-in-out">Fundada por el arquitecto y diseñador Pedro Ávila, la galería se distingue por su enfoque en experiencias sensoriales que combinan arte, arquitectura, música y gastronomía, creando un ambiente inmersivo para los visitantes.</span></p>
<p><span class="relative -mx-px my-[-0.2rem] rounded px-px py-[0.2rem] transition-colors duration-100 ease-in-out">La galería promueve obras de artistas emergentes y consolidados, tanto nacionales como internacionales, con un énfasis en piezas que dialogan con el espacio arquitectónico y las emociones del espectador.</span> <span class="relative -mx-px my-[-0.2rem] rounded px-px py-[0.2rem] transition-colors duration-100 ease-in-out">Las exposiciones suelen integrar elementos multisensoriales, ofreciendo una experiencia única que trasciende la contemplación visual.</span></p>

<p>Galería Pedro Ávila es un espacio de arte contemporáneo ubicado en el corazón de Metepec, Estado de México. Fundada por [&hellip;]</p>

Calle Morelos 68, Santa Cruz, Metepec, Estado de México, C.P. 52140
