{"id":26634,"date":"2025-03-13T19:29:38","date_gmt":"2025-03-14T01:29:38","guid":{"rendered":"https:\/\/themesh.art\/?post_type=venues&#038;p=26634"},"modified":"2025-03-13T19:29:39","modified_gmt":"2025-03-14T01:29:39","slug":"aldhebaran-fundacion-cultural","status":"publish","type":"venues","link":"https:\/\/themesh.art\/en\/venues\/aldhebaran-fundacion-cultural\/","title":{"rendered":"Aldhebar\u00e1n Fundaci\u00f3n Cultural"},"content":{"rendered":"<h1 class=\"wp-block-heading\">\u00bfQui\u00e9nes somos?<\/h1>\n\n\n\n<p>La Fundaci\u00f3n Cultural Aldhebar\u00e1n, nace de la necesidad de contar con un espacio cultural alternativo en el centro de la ciudad de Quer\u00e9taro; la Facultad de Artes de la Universidad Aut\u00f3noma de Quer\u00e9taro (UAQ), obtiene este espacio en comodato, para apoyar el talento art\u00edstico y cultural mediante conciertos, exposiciones de arte, actividades culturales para ni\u00f1os, actividades recreativas para adultos mayores, actividades acad\u00e9micas, presentaciones de libros y revistas, adem\u00e1s de contar con estad\u00edas de artistas de talla nacional e internacional en las instalaciones del recinto.<\/p>\n\n\n\n<h2 class=\"wp-block-heading\">\u00bfQu\u00e9 somos?<\/h2>\n\n\n\n<p>Un centro cultural, con sede en el estado de Quer\u00e9taro, que promueve el desarrollo art\u00edstico y cultural mediante exposiciones en nuestra galer\u00eda, as\u00ed como la realizaci\u00f3n de conciertos musicales, presentaciones de libros, estad\u00edas de artistas de talla nacional e internacional.&nbsp;<\/p>\n\n\n\n<h1 class=\"wp-block-heading\">Misi\u00f3n<\/h1>\n\n\n\n<p>La Fundaci\u00f3n Cultural Aldhebar\u00e1n, est\u00e1 orientada a brindar servicios de atenci\u00f3n, apoyos educativos, art\u00edsticos y culturales, a la comunidad art\u00edstica para impulsar y promover las actividades de la comunidad.<\/p>\n\n\n\n<h1 class=\"wp-block-heading\">Visi\u00f3n<\/h1>\n\n\n\n<p>Que nuestro proyecto sea visto a nivel local, nacional e internacional, como un referente art\u00edstico y cultural vinculado a la Facultad de Artes, de la Universidad Aut\u00f3noma de Quer\u00e9taro, donde su comunicaci\u00f3n, gesti\u00f3n, y vinculaci\u00f3n, sean en beneficio de la comunidad art\u00edstica de la facultad.<\/p>","protected":false},"excerpt":{"rendered":"<p>\u00bfQui\u00e9nes somos? La Fundaci\u00f3n Cultural Aldhebar\u00e1n, nace de la necesidad de contar con un espacio cultural alternativo en el centro [&hellip;]<\/p>","protected":false},"author":1,"featured_media":26635,"template":"","meta":{"site-sidebar-layout":"default","site-content-layout":"","ast-site-content-layout":"","site-content-style":"default","site-sidebar-style":"default","ast-global-header-display":"","ast-banner-title-visibility":"","ast-main-header-display":"","ast-hfb-above-header-display":"","ast-hfb-below-header-display":"","ast-hfb-mobile-header-display":"","site-post-title":"","ast-breadcrumbs-content":"","ast-featured-img":"","footer-sml-layout":"","theme-transparent-header-meta":"","adv-header-id-meta":"","stick-header-meta":"","header-above-stick-meta":"","header-main-stick-meta":"","header-below-stick-meta":"","astra-migrate-meta-layouts":"default","ast-page-background-enabled":"default","ast-page-background-meta":{"desktop":{"background-color":"var(--ast-global-color-4)","background-image":"","background-repeat":"repeat","background-position":"center center","background-size":"auto","background-attachment":"scroll","background-type":"","background-media":"","overlay-type":"","overlay-color":"","overlay-opacity":"","overlay-gradient":""},"tablet":{"background-color":"","background-image":"","background-repeat":"repeat","background-position":"center center","background-size":"auto","background-attachment":"scroll","background-type":"","background-media":"","overlay-type":"","overlay-color":"","overlay-opacity":"","overlay-gradient":""},"mobile":{"background-color":"","background-image":"","background-repeat":"repeat","background-position":"center center","background-size":"auto","background-attachment":"scroll","background-type":"","background-media":"","overlay-type":"","overlay-color":"","overlay-opacity":"","overlay-gradient":""}},"ast-content-background-meta":{"desktop":{"background-color":"var(--ast-global-color-5)","background-image":"","background-repeat":"repeat","background-position":"center center","background-size":"auto","background-attachment":"scroll","background-type":"","background-media":"","overlay-type":"","overlay-color":"","overlay-opacity":"","overlay-gradient":""},"tablet":{"background-color":"var(--ast-global-color-5)","background-image":"","background-repeat":"repeat","background-position":"center center","background-size":"auto","background-attachment":"scroll","background-type":"","background-media":"","overlay-type":"","overlay-color":"","overlay-opacity":"","overlay-gradient":""},"mobile":{"background-color":"var(--ast-global-color-5)","background-image":"","background-repeat":"repeat","background-position":"center center","background-size":"auto","background-attachment":"scroll","background-type":"","background-media":"","overlay-type":"","overlay-color":"","overlay-opacity":"","overlay-gradient":""}},"b9e7b6d15e5b3662afcbbd8db24d8232_lat":"20.594059","b9e7b6d15e5b3662afcbbd8db24d8232_lng":"-100.3973664","featured_venue":"","direccion_google_maps":"Calle Melchor Ocampo 39, Centro, 76000 Santiago de Quer\u00e9taro, Qro."},"etiquetas-del-venue":[1585,1573,1572,1568,1570,1584,1574],"categoria-del-venue":[1537],"ubicacion-del-venue":[1208,1331],"class_list":["post-26634","venues","type-venues","status-publish","has-post-thumbnail","hentry","etiquetas-del-venue-artes-visuales","etiquetas-del-venue-cursos","etiquetas-del-venue-educacion","etiquetas-del-venue-exposiciones","etiquetas-del-venue-musica","etiquetas-del-venue-teatro","etiquetas-del-venue-workshops","categoria-del-venue-centro-cultural","ubicacion-del-venue-mexico","ubicacion-del-venue-queretaro"],"_links":{"self":[{"href":"https:\/\/themesh.art\/en\/wp-json\/wp\/v2\/venues\/26634","targetHints":{"allow":["GET"]}}],"collection":[{"href":"https:\/\/themesh.art\/en\/wp-json\/wp\/v2\/venues"}],"about":[{"href":"https:\/\/themesh.art\/en\/wp-json\/wp\/v2\/types\/venues"}],"author":[{"embeddable":true,"href":"https:\/\/themesh.art\/en\/wp-json\/wp\/v2\/users\/1"}],"wp:featuredmedia":[{"embeddable":true,"href":"https:\/\/themesh.art\/en\/wp-json\/wp\/v2\/media\/26635"}],"wp:attachment":[{"href":"https:\/\/themesh.art\/en\/wp-json\/wp\/v2\/media?parent=26634"}],"wp:term":[{"taxonomy":"etiquetas-del-venue","embeddable":true,"href":"https:\/\/themesh.art\/en\/wp-json\/wp\/v2\/etiquetas-del-venue?post=26634"},{"taxonomy":"categoria-del-venue","embeddable":true,"href":"https:\/\/themesh.art\/en\/wp-json\/wp\/v2\/categoria-del-venue?post=26634"},{"taxonomy":"ubicacion-del-venue","embeddable":true,"href":"https:\/\/themesh.art\/en\/wp-json\/wp\/v2\/ubicacion-del-venue?post=26634"}],"curies":[{"name":"wp","href":"https:\/\/api.w.org\/{rel}","templated":true}]}}

Aldhebarán Fundación Cultural

<h1 class="wp-block-heading">¿Quiénes somos?</h1>



<p>La Fundación Cultural Aldhebarán, nace de la necesidad de contar con un espacio cultural alternativo en el centro de la ciudad de Querétaro; la Facultad de Artes de la Universidad Autónoma de Querétaro (UAQ), obtiene este espacio en comodato, para apoyar el talento artístico y cultural mediante conciertos, exposiciones de arte, actividades culturales para niños, actividades recreativas para adultos mayores, actividades académicas, presentaciones de libros y revistas, además de contar con estadías de artistas de talla nacional e internacional en las instalaciones del recinto.</p>



<h2 class="wp-block-heading">¿Qué somos?</h2>



<p>Un centro cultural, con sede en el estado de Querétaro, que promueve el desarrollo artístico y cultural mediante exposiciones en nuestra galería, así como la realización de conciertos musicales, presentaciones de libros, estadías de artistas de talla nacional e internacional.&nbsp;</p>



<h1 class="wp-block-heading">Misión</h1>



<p>La Fundación Cultural Aldhebarán, está orientada a brindar servicios de atención, apoyos educativos, artísticos y culturales, a la comunidad artística para impulsar y promover las actividades de la comunidad.</p>



<h1 class="wp-block-heading">Visión</h1>



<p>Que nuestro proyecto sea visto a nivel local, nacional e internacional, como un referente artístico y cultural vinculado a la Facultad de Artes, de la Universidad Autónoma de Querétaro, donde su comunicación, gestión, y vinculación, sean en beneficio de la comunidad artística de la facultad.</p>

<p>¿Quiénes somos? La Fundación Cultural Aldhebarán, nace de la necesidad de contar con un espacio cultural alternativo en el centro [&hellip;]</p>

Calle Melchor Ocampo 39, Centro, 76000 Santiago de Querétaro, Qro.
