{"id":26197,"date":"2025-01-28T21:42:31","date_gmt":"2025-01-29T03:42:31","guid":{"rendered":"https:\/\/themesh.art\/?post_type=venues&#038;p=26197"},"modified":"2025-05-11T13:21:46","modified_gmt":"2025-05-11T19:21:46","slug":"espacio-baltico","status":"publish","type":"venues","link":"https:\/\/themesh.art\/en\/venues\/espacio-baltico\/","title":{"rendered":"Espacio B\u00e1ltico"},"content":{"rendered":"<p>Espacio B\u00e1ltico es un estudio de arte colectivo para el desarrollo y exposici\u00f3n de proyectos que exploren la relaci\u00f3n con el entorno.<\/p>\r\n\r\n\r\n\r\n<p>Con la colaboraci\u00f3n como uno de los fundamentos, Espacio B\u00e1ltico busca la confluencia de disciplinas, t\u00e9cnicas y habilidades, para fomentar el contacto de experiencias y el encuentro de visiones de mundo distintas.<\/p>\r\n\r\n\r\n\r\n<figure class=\"wp-block-image\"><img decoding=\"async\" data-src=\"https:\/\/images.squarespace-cdn.com\/content\/v1\/646510a3fabf165fde8353b9\/5335767a-2fa0-43d9-a94f-bc28e2685499\/EspacioBaltico_230503_12.jpg\" alt=\"\" src=\"data:image\/gif;base64,R0lGODlhAQABAAAAACH5BAEKAAEALAAAAAABAAEAAAICTAEAOw==\" class=\"lazyload\" \/><noscript><img decoding=\"async\" src=\"https:\/\/images.squarespace-cdn.com\/content\/v1\/646510a3fabf165fde8353b9\/5335767a-2fa0-43d9-a94f-bc28e2685499\/EspacioBaltico_230503_12.jpg\" alt=\"\" \/><\/noscript><\/figure>\r\n\r\n\r\n\r\n<p>Espacio B\u00e1ltico da lugar de trabajo y exposici\u00f3n a creadores nacionales y extranjeros que est\u00e9n dispuestos a compartir y entablar un di\u00e1logo con los dem\u00e1s residentes, con los operadores del lugar y cualquier persona interesada en su trabajo.<\/p>\r\n\r\n\r\n\r\n<p>Siendo la integraci\u00f3n con el contexto otro m\u00e1s de los valores principales, B\u00e1ltico invita a sus residentes a formar parte de la colonia y a relacionarse con sus din\u00e1micas y habitantes de manera respetuosa.<\/p>\r\n\r\n\r\n\r\n<p>Ya que el proceso conforma la esencia de cualquier obra, el espacio propone el desarrollo en sitio y una exposici\u00f3n final que incluya muestras de las diferentes etapas de creaci\u00f3n.<\/p>\r\n\r\n\r\n\r\n<p>Adem\u00e1s de las residencias, B\u00e1ltico est\u00e1 dispuesto como sede para talleres, conferencias y cualquier evento que proponga di\u00e1logos alrededor del arte, la arquitectura, el dise\u00f1o y dem\u00e1s \u00e1mbitos creativos.<\/p>\r\n\r\n\r\n\r\n<p>Conoce las actividades que han pasado en Espacio B\u00e1ltico.<\/p>","protected":false},"excerpt":{"rendered":"<p>Espacio B\u00e1ltico da lugar de trabajo y exposici\u00f3n a creadores nacionales y extranjeros que est\u00e9n dispuestos a compartir y entablar un di\u00e1logo con los dem\u00e1s residentes, con los operadores del lugar y cualquier persona interesada en su trabajo.<\/p>","protected":false},"author":1,"featured_media":26198,"template":"","meta":{"site-sidebar-layout":"default","site-content-layout":"","ast-site-content-layout":"default","site-content-style":"default","site-sidebar-style":"default","ast-global-header-display":"","ast-banner-title-visibility":"","ast-main-header-display":"","ast-hfb-above-header-display":"","ast-hfb-below-header-display":"","ast-hfb-mobile-header-display":"","site-post-title":"","ast-breadcrumbs-content":"","ast-featured-img":"","footer-sml-layout":"","theme-transparent-header-meta":"default","adv-header-id-meta":"","stick-header-meta":"","header-above-stick-meta":"","header-main-stick-meta":"","header-below-stick-meta":"","astra-migrate-meta-layouts":"set","ast-page-background-enabled":"default","ast-page-background-meta":{"desktop":{"background-color":"var(--ast-global-color-4)","background-image":"","background-repeat":"repeat","background-position":"center center","background-size":"auto","background-attachment":"scroll","background-type":"","background-media":"","overlay-type":"","overlay-color":"","overlay-opacity":"","overlay-gradient":""},"tablet":{"background-color":"","background-image":"","background-repeat":"repeat","background-position":"center center","background-size":"auto","background-attachment":"scroll","background-type":"","background-media":"","overlay-type":"","overlay-color":"","overlay-opacity":"","overlay-gradient":""},"mobile":{"background-color":"","background-image":"","background-repeat":"repeat","background-position":"center center","background-size":"auto","background-attachment":"scroll","background-type":"","background-media":"","overlay-type":"","overlay-color":"","overlay-opacity":"","overlay-gradient":""}},"ast-content-background-meta":{"desktop":{"background-color":"var(--ast-global-color-5)","background-image":"","background-repeat":"repeat","background-position":"center center","background-size":"auto","background-attachment":"scroll","background-type":"","background-media":"","overlay-type":"","overlay-color":"","overlay-opacity":"","overlay-gradient":""},"tablet":{"background-color":"var(--ast-global-color-5)","background-image":"","background-repeat":"repeat","background-position":"center center","background-size":"auto","background-attachment":"scroll","background-type":"","background-media":"","overlay-type":"","overlay-color":"","overlay-opacity":"","overlay-gradient":""},"mobile":{"background-color":"var(--ast-global-color-5)","background-image":"","background-repeat":"repeat","background-position":"center center","background-size":"auto","background-attachment":"scroll","background-type":"","background-media":"","overlay-type":"","overlay-color":"","overlay-opacity":"","overlay-gradient":""}},"b9e7b6d15e5b3662afcbbd8db24d8232_lat":"19.4573766","b9e7b6d15e5b3662afcbbd8db24d8232_lng":"-99.1733988","featured_venue":"","direccion_google_maps":"Mar B\u00e1ltico 24, Nextitla, Miguel Hidalgo, 11420 Ciudad de M\u00e9xico, CDMX"},"etiquetas-del-venue":[1585,1572,1568,1581],"categoria-del-venue":[2029,1531,1538,1536],"ubicacion-del-venue":[1209,1208],"class_list":["post-26197","venues","type-venues","status-publish","has-post-thumbnail","hentry","etiquetas-del-venue-artes-visuales","etiquetas-del-venue-educacion","etiquetas-del-venue-exposiciones","etiquetas-del-venue-residencias","categoria-del-venue-estudio","categoria-del-venue-galeria","categoria-del-venue-residencias","categoria-del-venue-taller","ubicacion-del-venue-cdmx","ubicacion-del-venue-mexico"],"_links":{"self":[{"href":"https:\/\/themesh.art\/en\/wp-json\/wp\/v2\/venues\/26197","targetHints":{"allow":["GET"]}}],"collection":[{"href":"https:\/\/themesh.art\/en\/wp-json\/wp\/v2\/venues"}],"about":[{"href":"https:\/\/themesh.art\/en\/wp-json\/wp\/v2\/types\/venues"}],"author":[{"embeddable":true,"href":"https:\/\/themesh.art\/en\/wp-json\/wp\/v2\/users\/1"}],"wp:featuredmedia":[{"embeddable":true,"href":"https:\/\/themesh.art\/en\/wp-json\/wp\/v2\/media\/26198"}],"wp:attachment":[{"href":"https:\/\/themesh.art\/en\/wp-json\/wp\/v2\/media?parent=26197"}],"wp:term":[{"taxonomy":"etiquetas-del-venue","embeddable":true,"href":"https:\/\/themesh.art\/en\/wp-json\/wp\/v2\/etiquetas-del-venue?post=26197"},{"taxonomy":"categoria-del-venue","embeddable":true,"href":"https:\/\/themesh.art\/en\/wp-json\/wp\/v2\/categoria-del-venue?post=26197"},{"taxonomy":"ubicacion-del-venue","embeddable":true,"href":"https:\/\/themesh.art\/en\/wp-json\/wp\/v2\/ubicacion-del-venue?post=26197"}],"curies":[{"name":"wp","href":"https:\/\/api.w.org\/{rel}","templated":true}]}}

Espacio Báltico

<p>Espacio Báltico es un estudio de arte colectivo para el desarrollo y exposición de proyectos que exploren la relación con el entorno.</p>



<p>Con la colaboración como uno de los fundamentos, Espacio Báltico busca la confluencia de disciplinas, técnicas y habilidades, para fomentar el contacto de experiencias y el encuentro de visiones de mundo distintas.</p>



<figure class="wp-block-image"><img decoding="async" data-src="https://images.squarespace-cdn.com/content/v1/646510a3fabf165fde8353b9/5335767a-2fa0-43d9-a94f-bc28e2685499/EspacioBaltico_230503_12.jpg" alt="" src="data:image/gif;base64,R0lGODlhAQABAAAAACH5BAEKAAEALAAAAAABAAEAAAICTAEAOw==" class="lazyload" /><noscript><img decoding="async" src="https://images.squarespace-cdn.com/content/v1/646510a3fabf165fde8353b9/5335767a-2fa0-43d9-a94f-bc28e2685499/EspacioBaltico_230503_12.jpg" alt="" /></noscript></figure>



<p>Espacio Báltico da lugar de trabajo y exposición a creadores nacionales y extranjeros que estén dispuestos a compartir y entablar un diálogo con los demás residentes, con los operadores del lugar y cualquier persona interesada en su trabajo.</p>



<p>Siendo la integración con el contexto otro más de los valores principales, Báltico invita a sus residentes a formar parte de la colonia y a relacionarse con sus dinámicas y habitantes de manera respetuosa.</p>



<p>Ya que el proceso conforma la esencia de cualquier obra, el espacio propone el desarrollo en sitio y una exposición final que incluya muestras de las diferentes etapas de creación.</p>



<p>Además de las residencias, Báltico está dispuesto como sede para talleres, conferencias y cualquier evento que proponga diálogos alrededor del arte, la arquitectura, el diseño y demás ámbitos creativos.</p>



<p>Conoce las actividades que han pasado en Espacio Báltico.</p>

<p>Espacio Báltico da lugar de trabajo y exposición a creadores nacionales y extranjeros que estén dispuestos a compartir y entablar un diálogo con los demás residentes, con los operadores del lugar y cualquier persona interesada en su trabajo.</p>

Mar Báltico 24, Nextitla, Miguel Hidalgo, 11420 Ciudad de México, CDMX
