{"id":24413,"date":"2024-11-06T00:00:00","date_gmt":"2024-11-06T06:00:00","guid":{"rendered":"https:\/\/themesh.art\/venues\/espacio-teshin\/"},"modified":"2026-01-11T12:12:02","modified_gmt":"2026-01-11T18:12:02","slug":"espacio-teshin","status":"publish","type":"venues","link":"https:\/\/themesh.art\/en\/venues\/espacio-teshin\/","title":{"rendered":"Espacio Tesh\u00edn"},"content":{"rendered":"<p>Un espacio que promueve el contacto con la naturaleza y una forma de vida sana con un menor impacto negativo sobre el medio ambiente.<\/p>\r\n\r\n\r\n\r\n<p>Disfruta el momento, respira aire fresco y alim\u00e9ntate con comida sana y fresca. Aprende de la naturaleza y disfruta vivir de otra manera.<\/p>\r\n\r\n\r\n\r\n<p>\u00bfTe gustar\u00eda probar nuestro hospedaje todo incluido?\u00a0<a href=\"https:\/\/forms.gle\/MWj8438g4eJK2Gi37\" target=\"_blank\" rel=\"noreferrer noopener\">Aqu\u00ed puedes ponerte en contacto<\/a>.<\/p>\r\n\r\n\r\n\r\n<p>Hospedaje todo incluido y espacio colaborativo de trabajo para:<\/p>\r\n\r\n\r\n\r\n<ul class=\"wp-block-list\">\r\n<li>Creadores de contenido<\/li>\r\n\r\n\r\n\r\n<li>Artistas visuales \/ audiovisuales \/ y profesionales de audio<\/li>\r\n\r\n\r\n\r\n<li>M\u00fasicos, escritores, actores, bailarines, escultores<\/li>\r\n\r\n\r\n\r\n<li>Dise\u00f1adores industriales, gr\u00e1ficos, etc<\/li>\r\n\r\n\r\n\r\n<li>Hacedores,\u00a0<em>DIY<\/em>,\u00a0<em>Makers<\/em><\/li>\r\n\r\n\r\n\r\n<li>Programadores<\/li>\r\n\r\n\r\n\r\n<li>Artesanos<\/li>\r\n\r\n\r\n\r\n<li>Grupos de trabajo en cualquier \u00e1rea<\/li>\r\n\r\n\r\n\r\n<li>Educadores \/ educaci\u00f3n ambiental<\/li>\r\n\r\n\r\n\r\n<li>Otras \u00e1reas no incluidas en la lista<\/li>\r\n<\/ul>\r\n\r\n\r\n\r\n<p>Interesados favor de llenar\u00a0<a href=\"https:\/\/forms.gle\/MWj8438g4eJK2Gi37\" target=\"_blank\" rel=\"noreferrer noopener\">este formulario.<\/a><\/p>\r\n\r\n\r\n\r\n<p>Espacio Tesh\u00edn es un espacio de trabajo colaborativo ubicado en una zona rural del municipio de Zacatl\u00e1n, Puebla, con capacidad de hospedar profesionales y creadores de manera individual o en grupos (m\u00e1ximo 8 personas).<\/p>","protected":false},"excerpt":{"rendered":"<p>Un espacio que promueve el contacto con la naturaleza y una forma de vida sana con un menor impacto negativo [&hellip;]<\/p>","protected":false},"author":86,"featured_media":16311,"template":"","meta":{"site-sidebar-layout":"default","site-content-layout":"","ast-site-content-layout":"default","site-content-style":"default","site-sidebar-style":"default","ast-global-header-display":"","ast-banner-title-visibility":"","ast-main-header-display":"","ast-hfb-above-header-display":"","ast-hfb-below-header-display":"","ast-hfb-mobile-header-display":"","site-post-title":"","ast-breadcrumbs-content":"","ast-featured-img":"","footer-sml-layout":"","theme-transparent-header-meta":"default","adv-header-id-meta":"","stick-header-meta":"","header-above-stick-meta":"","header-main-stick-meta":"","header-below-stick-meta":"","astra-migrate-meta-layouts":"set","ast-page-background-enabled":"default","ast-page-background-meta":{"desktop":{"background-color":"var(--ast-global-color-4)","background-image":"","background-repeat":"repeat","background-position":"center center","background-size":"auto","background-attachment":"scroll","background-type":"","background-media":"","overlay-type":"","overlay-color":"","overlay-opacity":"","overlay-gradient":""},"tablet":{"background-color":"","background-image":"","background-repeat":"repeat","background-position":"center center","background-size":"auto","background-attachment":"scroll","background-type":"","background-media":"","overlay-type":"","overlay-color":"","overlay-opacity":"","overlay-gradient":""},"mobile":{"background-color":"","background-image":"","background-repeat":"repeat","background-position":"center center","background-size":"auto","background-attachment":"scroll","background-type":"","background-media":"","overlay-type":"","overlay-color":"","overlay-opacity":"","overlay-gradient":""}},"ast-content-background-meta":{"desktop":{"background-color":"var(--ast-global-color-5)","background-image":"","background-repeat":"repeat","background-position":"center center","background-size":"auto","background-attachment":"scroll","background-type":"","background-media":"","overlay-type":"","overlay-color":"","overlay-opacity":"","overlay-gradient":""},"tablet":{"background-color":"var(--ast-global-color-5)","background-image":"","background-repeat":"repeat","background-position":"center center","background-size":"auto","background-attachment":"scroll","background-type":"","background-media":"","overlay-type":"","overlay-color":"","overlay-opacity":"","overlay-gradient":""},"mobile":{"background-color":"var(--ast-global-color-5)","background-image":"","background-repeat":"repeat","background-position":"center center","background-size":"auto","background-attachment":"scroll","background-type":"","background-media":"","overlay-type":"","overlay-color":"","overlay-opacity":"","overlay-gradient":""}},"b9e7b6d15e5b3662afcbbd8db24d8232_lat":"19.9441384","b9e7b6d15e5b3662afcbbd8db24d8232_lng":"-97.9538378","featured_venue":"","robot_status":"","direccion_google_maps":"Domicilio conocido s\/n, 73310 Ayotla, Pue."},"etiquetas-del-venue":[1572,1574],"categoria-del-venue":[1537,1538,1536],"ubicacion-del-venue":[1208],"class_list":["post-24413","venues","type-venues","status-publish","has-post-thumbnail","hentry","etiquetas-del-venue-educacion","etiquetas-del-venue-workshops","categoria-del-venue-centro-cultural","categoria-del-venue-residencias","categoria-del-venue-taller","ubicacion-del-venue-mexico"],"_links":{"self":[{"href":"https:\/\/themesh.art\/en\/wp-json\/wp\/v2\/venues\/24413","targetHints":{"allow":["GET"]}}],"collection":[{"href":"https:\/\/themesh.art\/en\/wp-json\/wp\/v2\/venues"}],"about":[{"href":"https:\/\/themesh.art\/en\/wp-json\/wp\/v2\/types\/venues"}],"author":[{"embeddable":true,"href":"https:\/\/themesh.art\/en\/wp-json\/wp\/v2\/users\/86"}],"wp:featuredmedia":[{"embeddable":true,"href":"https:\/\/themesh.art\/en\/wp-json\/wp\/v2\/media\/16311"}],"wp:attachment":[{"href":"https:\/\/themesh.art\/en\/wp-json\/wp\/v2\/media?parent=24413"}],"wp:term":[{"taxonomy":"etiquetas-del-venue","embeddable":true,"href":"https:\/\/themesh.art\/en\/wp-json\/wp\/v2\/etiquetas-del-venue?post=24413"},{"taxonomy":"categoria-del-venue","embeddable":true,"href":"https:\/\/themesh.art\/en\/wp-json\/wp\/v2\/categoria-del-venue?post=24413"},{"taxonomy":"ubicacion-del-venue","embeddable":true,"href":"https:\/\/themesh.art\/en\/wp-json\/wp\/v2\/ubicacion-del-venue?post=24413"}],"curies":[{"name":"wp","href":"https:\/\/api.w.org\/{rel}","templated":true}]}}

Espacio Teshín

<p>Un espacio que promueve el contacto con la naturaleza y una forma de vida sana con un menor impacto negativo sobre el medio ambiente.</p>



<p>Disfruta el momento, respira aire fresco y aliméntate con comida sana y fresca. Aprende de la naturaleza y disfruta vivir de otra manera.</p>



<p>¿Te gustaría probar nuestro hospedaje todo incluido? <a href="https://forms.gle/MWj8438g4eJK2Gi37" target="_blank" rel="noreferrer noopener">Aquí puedes ponerte en contacto</a>.</p>



<p>Hospedaje todo incluido y espacio colaborativo de trabajo para:</p>



<ul class="wp-block-list">
<li>Creadores de contenido</li>



<li>Artistas visuales / audiovisuales / y profesionales de audio</li>



<li>Músicos, escritores, actores, bailarines, escultores</li>



<li>Diseñadores industriales, gráficos, etc</li>



<li>Hacedores, <em>DIY</em>, <em>Makers</em></li>



<li>Programadores</li>



<li>Artesanos</li>



<li>Grupos de trabajo en cualquier área</li>



<li>Educadores / educación ambiental</li>



<li>Otras áreas no incluidas en la lista</li>
</ul>



<p>Interesados favor de llenar <a href="https://forms.gle/MWj8438g4eJK2Gi37" target="_blank" rel="noreferrer noopener">este formulario.</a></p>



<p>Espacio Teshín es un espacio de trabajo colaborativo ubicado en una zona rural del municipio de Zacatlán, Puebla, con capacidad de hospedar profesionales y creadores de manera individual o en grupos (máximo 8 personas).</p>
