{"id":24405,"date":"2024-10-16T00:00:00","date_gmt":"2024-10-16T06:00:00","guid":{"rendered":"https:\/\/themesh.art\/venues\/la-clinica\/"},"modified":"2024-11-26T17:10:24","modified_gmt":"2024-11-26T23:10:24","slug":"la-clinica","status":"publish","type":"venues","link":"https:\/\/themesh.art\/en\/venues\/la-clinica\/","title":{"rendered":"La Cl\u00ednica"},"content":{"rendered":"<p>La Cl\u00ednica es un centro de arte en la intersecci\u00f3n de pr\u00e1cticas internacionales y locales.<\/p>\n\n\n\n<p>Ubicado en C. Macedonio Alcal\u00e1 808, Centro 68000 Oaxaca, M\u00e9xico. Esta esquina de Oaxaca fue la primera cl\u00ednica m\u00e9dica privada de la ciudad. Nuestro enfoque curatorial y nuestro programa se forman en torno a esta herencia. Producimos residencias, exposiciones, conversaciones de artistas, y performances entre otros formatos. El proceso de diagn\u00f3stico informa c\u00f3mo entendemos la investigaci\u00f3n y la creaci\u00f3n. Actualmente nos encontramos en transici\u00f3n de la objetividad inerte del diagn\u00f3stico m\u00e9dico (occidental) (la evaluaci\u00f3n lineal de una enfermedad) y adentr\u00e1ndonos en crear programas p\u00fablicos para pr\u00e1cticas profundamente subjetivas y situadas.<\/p>\n\n\n\n<h2 class=\"wp-block-heading\">Trayectoria<\/h2>\n\n\n\n<p>Antes de ser un espacio de arte, La Cl\u00ednica, bajo el nombre de &#8216;Santo Domingo de Guzm\u00e1n&#8217;, funcionaba como una cl\u00ednica de salud convencional. La Cl\u00ednica Santo Domingo de Guzm\u00e1n fue fundada el 27 de septiembre de 1982 por un conglomerado de m\u00e9dicos, entre ellos el&nbsp;<em><strong>Dr. Ram\u00f3n Jim\u00e9nez Caballero<\/strong><\/em>. En ese entonces, esta fue la primera cl\u00ednica m\u00e9dica privada en la ciudad de Oaxaca. La transici\u00f3n de centro de salud a centro de arte ocurri\u00f3 a fines de 2021 despu\u00e9s de casi dos a\u00f1os de la pandemia de covid-19 que llev\u00f3 a este cambio de operaciones en la Cl\u00ednica Santo Domingo de Guzm\u00e1n. Nuestro marco curatorial y nuestro programa se configuran en torno a esta herencia. El proceso de diagn\u00f3stico informa c\u00f3mo entendemos la investigaci\u00f3n y la realizaci\u00f3n de exposiciones.<\/p>\n\n\n\n<p>Bajo el liderazgo del ex director del Museo de Arte Contempor\u00e1neo de Oaxaca (MACO),&nbsp;<em><strong>Ram\u00f3n Jim\u00e9nez Cuen<\/strong><\/em>, tambi\u00e9n conocido como rame CUEN, La Cl\u00ednica se estableci\u00f3 como un espacio de exhibici\u00f3n influyente y una residencia art\u00edstica. La primera exposici\u00f3n en La Cl\u00ednica, Elementos Vitales, organizada por la galer\u00eda Masa y el curador Suh Wu en La Cl\u00ednica, mostr\u00f3 obras de la difunta artista cubana Ana Mendieta. Aunque muchas de las obras de Mendieta fueron producidas en Oaxaca, nunca se hab\u00edan exhibido en Oaxaca.<br>&nbsp; &nbsp; &nbsp; &nbsp; En los \u00faltimos 50 a\u00f1os, el paisaje ecol\u00f3gico y cultural de Oaxaca se ha transformado radicalmente. El arroyo que alguna vez hizo flotar el cuerpo de Mendieta se ha secado, las periferias de la ciudad siguen reduci\u00e9ndose debido a los incendios forestales y la miner\u00eda, mientras que los costos de vida y la desigualdad siguen aumentando. Esto pone en perspectiva la importancia del espacio de exhibici\u00f3n contempor\u00e1neo en la ciudad donde los visitantes temporales pueden familiarizarse con realidades duraderas. Actuar sobre las luchas locales y cambiar nuestra atenci\u00f3n hacia las ecolog\u00edas y el territorio como&nbsp;<em>maladies rem\u00e9diables.<\/em><\/p>","protected":false},"excerpt":{"rendered":"<p>La Cl\u00ednica es un centro de arte en la intersecci\u00f3n de pr\u00e1cticas internacionales y locales. Ubicado en C. Macedonio Alcal\u00e1 [&hellip;]<\/p>","protected":false},"author":1,"featured_media":16295,"template":"","meta":{"site-sidebar-layout":"default","site-content-layout":"","ast-site-content-layout":"","site-content-style":"default","site-sidebar-style":"default","ast-global-header-display":"","ast-banner-title-visibility":"","ast-main-header-display":"","ast-hfb-above-header-display":"","ast-hfb-below-header-display":"","ast-hfb-mobile-header-display":"","site-post-title":"","ast-breadcrumbs-content":"","ast-featured-img":"","footer-sml-layout":"","theme-transparent-header-meta":"","adv-header-id-meta":"","stick-header-meta":"","header-above-stick-meta":"","header-main-stick-meta":"","header-below-stick-meta":"","astra-migrate-meta-layouts":"default","ast-page-background-enabled":"default","ast-page-background-meta":{"desktop":{"background-color":"var(--ast-global-color-4)","background-image":"","background-repeat":"repeat","background-position":"center center","background-size":"auto","background-attachment":"scroll","background-type":"","background-media":"","overlay-type":"","overlay-color":"","overlay-opacity":"","overlay-gradient":""},"tablet":{"background-color":"","background-image":"","background-repeat":"repeat","background-position":"center center","background-size":"auto","background-attachment":"scroll","background-type":"","background-media":"","overlay-type":"","overlay-color":"","overlay-opacity":"","overlay-gradient":""},"mobile":{"background-color":"","background-image":"","background-repeat":"repeat","background-position":"center center","background-size":"auto","background-attachment":"scroll","background-type":"","background-media":"","overlay-type":"","overlay-color":"","overlay-opacity":"","overlay-gradient":""}},"ast-content-background-meta":{"desktop":{"background-color":"var(--ast-global-color-5)","background-image":"","background-repeat":"repeat","background-position":"center center","background-size":"auto","background-attachment":"scroll","background-type":"","background-media":"","overlay-type":"","overlay-color":"","overlay-opacity":"","overlay-gradient":""},"tablet":{"background-color":"var(--ast-global-color-5)","background-image":"","background-repeat":"repeat","background-position":"center center","background-size":"auto","background-attachment":"scroll","background-type":"","background-media":"","overlay-type":"","overlay-color":"","overlay-opacity":"","overlay-gradient":""},"mobile":{"background-color":"var(--ast-global-color-5)","background-image":"","background-repeat":"repeat","background-position":"center center","background-size":"auto","background-attachment":"scroll","background-type":"","background-media":"","overlay-type":"","overlay-color":"","overlay-opacity":"","overlay-gradient":""}},"b9e7b6d15e5b3662afcbbd8db24d8232_lat":"17.0694899","b9e7b6d15e5b3662afcbbd8db24d8232_lng":"-96.7229964","featured_venue":"","robot_status":"","direccion_google_maps":"C. Macedonio Alcal\u00e1 808, RUTA INDEPENDENCIA, Centro, 68000 Oaxaca de Ju\u00e1rez, Oax."},"etiquetas-del-venue":[1576,1585,1572,1568,1581],"categoria-del-venue":[1531,1538],"ubicacion-del-venue":[1208,1334],"class_list":["post-24405","venues","type-venues","status-publish","has-post-thumbnail","hentry","etiquetas-del-venue-arte-contemporaneo","etiquetas-del-venue-artes-visuales","etiquetas-del-venue-educacion","etiquetas-del-venue-exposiciones","etiquetas-del-venue-residencias","categoria-del-venue-galeria","categoria-del-venue-residencias","ubicacion-del-venue-mexico","ubicacion-del-venue-oaxaca"],"_links":{"self":[{"href":"https:\/\/themesh.art\/en\/wp-json\/wp\/v2\/venues\/24405","targetHints":{"allow":["GET"]}}],"collection":[{"href":"https:\/\/themesh.art\/en\/wp-json\/wp\/v2\/venues"}],"about":[{"href":"https:\/\/themesh.art\/en\/wp-json\/wp\/v2\/types\/venues"}],"author":[{"embeddable":true,"href":"https:\/\/themesh.art\/en\/wp-json\/wp\/v2\/users\/1"}],"wp:featuredmedia":[{"embeddable":true,"href":"https:\/\/themesh.art\/en\/wp-json\/wp\/v2\/media\/16295"}],"wp:attachment":[{"href":"https:\/\/themesh.art\/en\/wp-json\/wp\/v2\/media?parent=24405"}],"wp:term":[{"taxonomy":"etiquetas-del-venue","embeddable":true,"href":"https:\/\/themesh.art\/en\/wp-json\/wp\/v2\/etiquetas-del-venue?post=24405"},{"taxonomy":"categoria-del-venue","embeddable":true,"href":"https:\/\/themesh.art\/en\/wp-json\/wp\/v2\/categoria-del-venue?post=24405"},{"taxonomy":"ubicacion-del-venue","embeddable":true,"href":"https:\/\/themesh.art\/en\/wp-json\/wp\/v2\/ubicacion-del-venue?post=24405"}],"curies":[{"name":"wp","href":"https:\/\/api.w.org\/{rel}","templated":true}]}}

La Clínica

<p>La Clínica es un centro de arte en la intersección de prácticas internacionales y locales.</p>



<p>Ubicado en C. Macedonio Alcalá 808, Centro 68000 Oaxaca, México. Esta esquina de Oaxaca fue la primera clínica médica privada de la ciudad. Nuestro enfoque curatorial y nuestro programa se forman en torno a esta herencia. Producimos residencias, exposiciones, conversaciones de artistas, y performances entre otros formatos. El proceso de diagnóstico informa cómo entendemos la investigación y la creación. Actualmente nos encontramos en transición de la objetividad inerte del diagnóstico médico (occidental) (la evaluación lineal de una enfermedad) y adentrándonos en crear programas públicos para prácticas profundamente subjetivas y situadas.</p>



<h2 class="wp-block-heading">Trayectoria</h2>



<p>Antes de ser un espacio de arte, La Clínica, bajo el nombre de &#8216;Santo Domingo de Guzmán&#8217;, funcionaba como una clínica de salud convencional. La Clínica Santo Domingo de Guzmán fue fundada el 27 de septiembre de 1982 por un conglomerado de médicos, entre ellos el&nbsp;<em><strong>Dr. Ramón Jiménez Caballero</strong></em>. En ese entonces, esta fue la primera clínica médica privada en la ciudad de Oaxaca. La transición de centro de salud a centro de arte ocurrió a fines de 2021 después de casi dos años de la pandemia de covid-19 que llevó a este cambio de operaciones en la Clínica Santo Domingo de Guzmán. Nuestro marco curatorial y nuestro programa se configuran en torno a esta herencia. El proceso de diagnóstico informa cómo entendemos la investigación y la realización de exposiciones.</p>



<p>Bajo el liderazgo del ex director del Museo de Arte Contemporáneo de Oaxaca (MACO),&nbsp;<em><strong>Ramón Jiménez Cuen</strong></em>, también conocido como rame CUEN, La Clínica se estableció como un espacio de exhibición influyente y una residencia artística. La primera exposición en La Clínica, Elementos Vitales, organizada por la galería Masa y el curador Suh Wu en La Clínica, mostró obras de la difunta artista cubana Ana Mendieta. Aunque muchas de las obras de Mendieta fueron producidas en Oaxaca, nunca se habían exhibido en Oaxaca.<br>&nbsp; &nbsp; &nbsp; &nbsp; En los últimos 50 años, el paisaje ecológico y cultural de Oaxaca se ha transformado radicalmente. El arroyo que alguna vez hizo flotar el cuerpo de Mendieta se ha secado, las periferias de la ciudad siguen reduciéndose debido a los incendios forestales y la minería, mientras que los costos de vida y la desigualdad siguen aumentando. Esto pone en perspectiva la importancia del espacio de exhibición contemporáneo en la ciudad donde los visitantes temporales pueden familiarizarse con realidades duraderas. Actuar sobre las luchas locales y cambiar nuestra atención hacia las ecologías y el territorio como&nbsp;<em>maladies remédiables.</em></p>

<p>La Clínica es un centro de arte en la intersección de prácticas internacionales y locales. Ubicado en C. Macedonio Alcalá [&hellip;]</p>

C. Macedonio Alcalá 808, RUTA INDEPENDENCIA, Centro, 68000 Oaxaca de Juárez, Oax.
