{"id":49775,"date":"2026-04-27T15:18:17","date_gmt":"2026-04-27T21:18:17","guid":{"rendered":"https:\/\/themesh.art\/eventos\/signos-de-vida\/"},"modified":"2026-04-27T15:30:09","modified_gmt":"2026-04-27T21:30:09","slug":"signos-de-vida","status":"publish","type":"eventos","link":"https:\/\/themesh.art\/en\/eventos\/signos-de-vida\/","title":{"rendered":"Signos de Vida"},"content":{"rendered":"<p>Exhibici\u00f3n individual del artista Ren\u00e9 Serrano Rodr\u00edguez  en el Centro Cultural Clavijero de Morelia Mich.<\/p>\n<p><\/p>\n<p class=\"ql-align-justify\">La muestra re\u00fane obras que funcionan como cartograf\u00edas imaginadas, con superficies cargadas de textura, capas superpuestas y marcas que evocan memoria, tr\u00e1nsito y transformaci\u00f3n. En ellas conviven estructuras geom\u00e9tricas con gestos org\u00e1nicos, creando paisajes que pueden leerse como ciudades posibles, territorios en erosi\u00f3n o escenarios en constante cambio.<\/p>\n<p class=\"ql-align-justify\"><\/p>\n<p class=\"ql-align-justify\">\u201cSignos de Vida\u201d presenta una investigaci\u00f3n pl\u00e1stica donde la imagen se entiende como lenguaje, y donde cada trazo construye una sintaxis visual propia. La muestra permite observar procesos de construcci\u00f3n y deconstrucci\u00f3n, con \u00e9nfasis en el paso del tiempo y la materialidad de la obra.<\/p>\n<p class=\"ql-align-justify\"><\/p>\n<p class=\"ql-align-justify\">Ren\u00e9 Serrano Rodr\u00edguez naci\u00f3 en 1975, se form\u00f3 en la Academia de Bellas Artes de Tournai, B\u00e9lgica, donde obtuvo el t\u00edtulo en Artes Aplicadas y posteriormente realiz\u00f3 un m\u00e1ster en Artes y Tecnolog\u00edas en la Universidad Europea de Madrid. <\/p>\n<p class=\"ql-align-justify\"><\/p>\n<p>Ha recibido en dos ocasiones el esti\u0301mulo de: Creadores con trayectoria por parte de la Secretari\u0301a de Cultura asi\u0301 como el de Jo\u0301venes Creadores y Co\u00adInversiones.<\/p>\n<p> Acreedor al Premio Efra\u00edn Vargas tambi\u00e9n ha sido seleccionado para el festival Cervantino, FICM, el fondo Randy Walz, The New York Latin American Art Triennial, Mediatine Prize Brussels y diversas residencias art\u00edsticas; como en el CANTE, CMMAS, La Parota, La Ceiba Gr\u00e1fica&#8230; <span class=\"ql-cursor\"><\/span><\/p>\n<p><\/p>\n<p>Su obra se ha exhibido individualmente en el Museo Diego Rivera de Guanajuato, Museo urbano de Puebla, Museo de la ciudad de Quere\u0301taro, La Maison de l&#8217;Ame\u0301rique Latine en Bruselas, entre otros. Sus exposiciones colectivas comprenden sedes en Me\u0301xico, Nueva York, Dubai, Bruselas&#8230; <\/p>\n<p><\/p>\n<p>Su obra forma parte del acervo permanente de centros culturales mexicanos como el Museo de la Canciller\u00eda de la CDMX, C.C. Sabines en Tuxtla, Museo de Arte Contempor\u00e1neo en Morelia, C.C. Jesuita en P\u00e1tzcuaro, La biblioteca del INAH CDMX, entre otros.<\/p>\n<p><\/p>\n<p class=\"ql-align-justify\">Anteriormente ha dictado ca\u0301tedra en diversos campus universitarios de Me\u0301xico y dirigido diversos contenidos para producciones multimedia.&nbsp;<\/p>","protected":false},"excerpt":{"rendered":"<p>Exhibici\u00f3n de pintura individual por el artista Ren\u00e9 Serrano Rodr\u00edguez en el Centro Cultural Clavijero de Morelia Mich.<\/p>","protected":false},"author":226,"featured_media":49776,"template":"","meta":{"site-sidebar-layout":"default","site-content-layout":"","ast-site-content-layout":"","site-content-style":"default","site-sidebar-style":"default","ast-global-header-display":"","ast-banner-title-visibility":"","ast-main-header-display":"","ast-hfb-above-header-display":"","ast-hfb-below-header-display":"","ast-hfb-mobile-header-display":"","site-post-title":"","ast-breadcrumbs-content":"","ast-featured-img":"","footer-sml-layout":"","theme-transparent-header-meta":"","adv-header-id-meta":"","stick-header-meta":"","header-above-stick-meta":"","header-main-stick-meta":"","header-below-stick-meta":"","astra-migrate-meta-layouts":"default","ast-page-background-enabled":"default","ast-page-background-meta":{"desktop":{"background-color":"var(--ast-global-color-4)","background-image":"","background-repeat":"repeat","background-position":"center center","background-size":"auto","background-attachment":"scroll","background-type":"","background-media":"","overlay-type":"","overlay-color":"","overlay-opacity":"","overlay-gradient":""},"tablet":{"background-color":"","background-image":"","background-repeat":"repeat","background-position":"center center","background-size":"auto","background-attachment":"scroll","background-type":"","background-media":"","overlay-type":"","overlay-color":"","overlay-opacity":"","overlay-gradient":""},"mobile":{"background-color":"","background-image":"","background-repeat":"repeat","background-position":"center center","background-size":"auto","background-attachment":"scroll","background-type":"","background-media":"","overlay-type":"","overlay-color":"","overlay-opacity":"","overlay-gradient":""}},"ast-content-background-meta":{"desktop":{"background-color":"var(--ast-global-color-5)","background-image":"","background-repeat":"repeat","background-position":"center center","background-size":"auto","background-attachment":"scroll","background-type":"","background-media":"","overlay-type":"","overlay-color":"","overlay-opacity":"","overlay-gradient":""},"tablet":{"background-color":"var(--ast-global-color-5)","background-image":"","background-repeat":"repeat","background-position":"center center","background-size":"auto","background-attachment":"scroll","background-type":"","background-media":"","overlay-type":"","overlay-color":"","overlay-opacity":"","overlay-gradient":""},"mobile":{"background-color":"var(--ast-global-color-5)","background-image":"","background-repeat":"repeat","background-position":"center center","background-size":"auto","background-attachment":"scroll","background-type":"","background-media":"","overlay-type":"","overlay-color":"","overlay-opacity":"","overlay-gradient":""}},"fecha_de_inicio":1771581600,"fecha_de_finalizacion":1784134800,"duracion_evento":"Por fechas","modalidad":"presencial","tipo_de_acceso":"gratuito","precio_evento":"","link_externo":"","direccion":"Nigromante 79, Centro Morelia, Michoac\u00e1n. Mexico","featured_event":""},"etiquetas-de-evento":[1630,1654,506,1623],"ubicacion-de-evento":[1719],"categoria-de-evento":[1650,1628,1629,2374],"class_list":["post-49775","eventos","type-eventos","status-publish","has-post-thumbnail","hentry","etiquetas-de-evento-arte-contemporaneo-artes-visuales","etiquetas-de-evento-artes-aplicadas","etiquetas-de-evento-artes-visuales","etiquetas-de-evento-pintura-artes-visuales","ubicacion-de-evento-morelia","categoria-de-evento-centro-cultural-exposicion","categoria-de-evento-exposicion","categoria-de-evento-museo-exposicion","categoria-de-evento-sala-de-exposiciones"],"_links":{"self":[{"href":"https:\/\/themesh.art\/en\/wp-json\/wp\/v2\/eventos\/49775","targetHints":{"allow":["GET"]}}],"collection":[{"href":"https:\/\/themesh.art\/en\/wp-json\/wp\/v2\/eventos"}],"about":[{"href":"https:\/\/themesh.art\/en\/wp-json\/wp\/v2\/types\/eventos"}],"author":[{"embeddable":true,"href":"https:\/\/themesh.art\/en\/wp-json\/wp\/v2\/users\/226"}],"wp:featuredmedia":[{"embeddable":true,"href":"https:\/\/themesh.art\/en\/wp-json\/wp\/v2\/media\/49776"}],"wp:attachment":[{"href":"https:\/\/themesh.art\/en\/wp-json\/wp\/v2\/media?parent=49775"}],"wp:term":[{"taxonomy":"etiquetas-de-evento","embeddable":true,"href":"https:\/\/themesh.art\/en\/wp-json\/wp\/v2\/etiquetas-de-evento?post=49775"},{"taxonomy":"ubicacion-de-evento","embeddable":true,"href":"https:\/\/themesh.art\/en\/wp-json\/wp\/v2\/ubicacion-de-evento?post=49775"},{"taxonomy":"categoria-de-evento","embeddable":true,"href":"https:\/\/themesh.art\/en\/wp-json\/wp\/v2\/categoria-de-evento?post=49775"}],"curies":[{"name":"wp","href":"https:\/\/api.w.org\/{rel}","templated":true}]}}

<p>Exhibición individual del artista René Serrano Rodríguez  en el Centro Cultural Clavijero de Morelia Mich.</p>
<p></p>
<p class="ql-align-justify">La muestra reúne obras que funcionan como cartografías imaginadas, con superficies cargadas de textura, capas superpuestas y marcas que evocan memoria, tránsito y transformación. En ellas conviven estructuras geométricas con gestos orgánicos, creando paisajes que pueden leerse como ciudades posibles, territorios en erosión o escenarios en constante cambio.</p>
<p class="ql-align-justify"></p>
<p class="ql-align-justify">“Signos de Vida” presenta una investigación plástica donde la imagen se entiende como lenguaje, y donde cada trazo construye una sintaxis visual propia. La muestra permite observar procesos de construcción y deconstrucción, con énfasis en el paso del tiempo y la materialidad de la obra.</p>
<p class="ql-align-justify"></p>
<p class="ql-align-justify">René Serrano Rodríguez nació en 1975, se formó en la Academia de Bellas Artes de Tournai, Bélgica, donde obtuvo el título en Artes Aplicadas y posteriormente realizó un máster en Artes y Tecnologías en la Universidad Europea de Madrid. </p>
<p class="ql-align-justify"></p>
<p>Ha recibido en dos ocasiones el estímulo de: Creadores con trayectoria por parte de la Secretaría de Cultura así como el de Jóvenes Creadores y Co­Inversiones.</p>
<p> Acreedor al Premio Efraín Vargas también ha sido seleccionado para el festival Cervantino, FICM, el fondo Randy Walz, The New York Latin American Art Triennial, Mediatine Prize Brussels y diversas residencias artísticas; como en el CANTE, CMMAS, La Parota, La Ceiba Gráfica&#8230; <span class="ql-cursor"></span></p>
<p></p>
<p>Su obra se ha exhibido individualmente en el Museo Diego Rivera de Guanajuato, Museo urbano de Puebla, Museo de la ciudad de Querétaro, La Maison de l&#8217;Amérique Latine en Bruselas, entre otros. Sus exposiciones colectivas comprenden sedes en México, Nueva York, Dubai, Bruselas&#8230; </p>
<p></p>
<p>Su obra forma parte del acervo permanente de centros culturales mexicanos como el Museo de la Cancillería de la CDMX, C.C. Sabines en Tuxtla, Museo de Arte Contemporáneo en Morelia, C.C. Jesuita en Pátzcuaro, La biblioteca del INAH CDMX, entre otros.</p>
<p></p>
<p class="ql-align-justify">Anteriormente ha dictado cátedra en diversos campus universitarios de México y dirigido diversos contenidos para producciones multimedia.&nbsp;</p>

<p>Exhibición de pintura individual por el artista René Serrano Rodríguez en el Centro Cultural Clavijero de Morelia Mich.</p>

Nigromante 79, Centro Morelia, Michoacán. Mexico
