{"id":45652,"date":"2026-01-29T13:46:30","date_gmt":"2026-01-29T19:46:30","guid":{"rendered":"https:\/\/themesh.art\/?post_type=eventos&#038;p=45652"},"modified":"2026-01-29T13:46:30","modified_gmt":"2026-01-29T19:46:30","slug":"mexicacao-amor-por-nuestras-raices-y-tradiciones","status":"publish","type":"eventos","link":"https:\/\/themesh.art\/en\/eventos\/mexicacao-amor-por-nuestras-raices-y-tradiciones\/","title":{"rendered":"Mexicacao; Amor por nuestras raices y tradiciones"},"content":{"rendered":"<p>\u00a1la fiesta del cacao y el chocolate en\u00a0<a class=\"x1i10hfl xjbqb8w x1ejq31n x18oe1m7 x1sy0etr xstzfhl x972fbf x10w94by x1qhh985 x14e42zd x9f619 x1ypdohk xt0psk2 x3ct3a4 xdj266r x14z9mp xat24cr x1lziwak xexx8yu xyri2b x18d9i69 x1c1uobl x16tdsg8 x1hl2dhg xggy1nq x1a2a7pz  _aa9_ _a6hd\" tabindex=\"0\" role=\"link\" href=\"https:\/\/www.instagram.com\/explore\/tags\/quer%C3%A9taro\/?hl=es\">#Quer\u00e9taro<\/a>! \ud83c\udf6b \u00a1Nos vemos el 14 y 15 de febrero en\u00a0<a class=\"x1i10hfl xjbqb8w x1ejq31n x18oe1m7 x1sy0etr xstzfhl x972fbf x10w94by x1qhh985 x14e42zd x9f619 x1ypdohk xt0psk2 x3ct3a4 xdj266r x14z9mp xat24cr x1lziwak xexx8yu xyri2b x18d9i69 x1c1uobl x16tdsg8 x1hl2dhg xggy1nq x1a2a7pz notranslate _a6hd\" tabindex=\"0\" role=\"link\" href=\"https:\/\/www.instagram.com\/elmacq\/?hl=es\">@elmacq<\/a>\u00a0promoviendo la cultura y consumo del cacao y chocolate mexicano! \ud83c\uddf2\ud83c\uddfd<\/p>\n<p>En la d\u00e9cima edici\u00f3n del\u00a0<a class=\"x1i10hfl xjbqb8w x1ejq31n x18oe1m7 x1sy0etr xstzfhl x972fbf x10w94by x1qhh985 x14e42zd x9f619 x1ypdohk xt0psk2 x3ct3a4 xdj266r x14z9mp xat24cr x1lziwak xexx8yu xyri2b x18d9i69 x1c1uobl x16tdsg8 x1hl2dhg xggy1nq x1a2a7pz  _aa9_ _a6hd\" tabindex=\"0\" role=\"link\" href=\"https:\/\/www.instagram.com\/explore\/tags\/mexicacao\/?hl=es\">#Mexicacao<\/a>\u00a0se dar\u00e1n cita transformadores y productores de\u00a0<a class=\"x1i10hfl xjbqb8w x1ejq31n x18oe1m7 x1sy0etr xstzfhl x972fbf x10w94by x1qhh985 x14e42zd x9f619 x1ypdohk xt0psk2 x3ct3a4 xdj266r x14z9mp xat24cr x1lziwak xexx8yu xyri2b x18d9i69 x1c1uobl x16tdsg8 x1hl2dhg xggy1nq x1a2a7pz  _aa9_ _a6hd\" tabindex=\"0\" role=\"link\" href=\"https:\/\/www.instagram.com\/explore\/tags\/cacao\/?hl=es\">#cacao<\/a>\u00a0y\u00a0<a class=\"x1i10hfl xjbqb8w x1ejq31n x18oe1m7 x1sy0etr xstzfhl x972fbf x10w94by x1qhh985 x14e42zd x9f619 x1ypdohk xt0psk2 x3ct3a4 xdj266r x14z9mp xat24cr x1lziwak xexx8yu xyri2b x18d9i69 x1c1uobl x16tdsg8 x1hl2dhg xggy1nq x1a2a7pz  _aa9_ _a6hd\" tabindex=\"0\" role=\"link\" href=\"https:\/\/www.instagram.com\/explore\/tags\/chocolate\/?hl=es\">#chocolate<\/a>\u00a0de\u00a0<a class=\"x1i10hfl xjbqb8w x1ejq31n x18oe1m7 x1sy0etr xstzfhl x972fbf x10w94by x1qhh985 x14e42zd x9f619 x1ypdohk xt0psk2 x3ct3a4 xdj266r x14z9mp xat24cr x1lziwak xexx8yu xyri2b x18d9i69 x1c1uobl x16tdsg8 x1hl2dhg xggy1nq x1a2a7pz  _aa9_ _a6hd\" tabindex=\"0\" role=\"link\" href=\"https:\/\/www.instagram.com\/explore\/tags\/quer%C3%A9taro\/?hl=es\">#Quer\u00e9taro<\/a>, as\u00ed tambi\u00e9n de distintas regiones del pa\u00eds, adem\u00e1s de artefactos como los molinillos de madera elaborados a partir del torno y metates tallados desde la piedra volc\u00e1nica. \ud83c\udfdb\ufe0f \u00a1No puedes perd\u00e9rtelo! \ud83d\ude0d<\/p>\n<p>\ud83d\udccdMuseo de Arte Contempor\u00e1neo<br \/>\nManuel Acu\u00f1a esq. Reforma, Barrio de la Cruz, Centro Hist\u00f3rico, Quer\u00e9taro, Quer\u00e9taro<br \/>\n\ud83d\uddd3\ufe0f 14 y 15 de febrero de 2026<br \/>\n\ud83d\udd58 11:00 a 19:00 horas<br \/>\n\ud83c\udf9f\ufe0f ENTRADA LIBRE<\/p>","protected":false},"excerpt":{"rendered":"<p>\u00a1la fiesta del cacao y el chocolate en\u00a0#Quer\u00e9taro! \ud83c\udf6b \u00a1Nos vemos el 14 y 15 de febrero en\u00a0@elmacq\u00a0promoviendo la cultura [&hellip;]<\/p>","protected":false},"author":40,"featured_media":45653,"template":"","meta":{"site-sidebar-layout":"default","site-content-layout":"","ast-site-content-layout":"default","site-content-style":"default","site-sidebar-style":"default","ast-global-header-display":"","ast-banner-title-visibility":"","ast-main-header-display":"","ast-hfb-above-header-display":"","ast-hfb-below-header-display":"","ast-hfb-mobile-header-display":"","site-post-title":"","ast-breadcrumbs-content":"","ast-featured-img":"","footer-sml-layout":"","theme-transparent-header-meta":"default","adv-header-id-meta":"","stick-header-meta":"","header-above-stick-meta":"","header-main-stick-meta":"","header-below-stick-meta":"","astra-migrate-meta-layouts":"set","ast-page-background-enabled":"default","ast-page-background-meta":{"desktop":{"background-color":"var(--ast-global-color-4)","background-image":"","background-repeat":"repeat","background-position":"center center","background-size":"auto","background-attachment":"scroll","background-type":"","background-media":"","overlay-type":"","overlay-color":"","overlay-opacity":"","overlay-gradient":""},"tablet":{"background-color":"","background-image":"","background-repeat":"repeat","background-position":"center center","background-size":"auto","background-attachment":"scroll","background-type":"","background-media":"","overlay-type":"","overlay-color":"","overlay-opacity":"","overlay-gradient":""},"mobile":{"background-color":"","background-image":"","background-repeat":"repeat","background-position":"center center","background-size":"auto","background-attachment":"scroll","background-type":"","background-media":"","overlay-type":"","overlay-color":"","overlay-opacity":"","overlay-gradient":""}},"ast-content-background-meta":{"desktop":{"background-color":"var(--ast-global-color-5)","background-image":"","background-repeat":"repeat","background-position":"center center","background-size":"auto","background-attachment":"scroll","background-type":"","background-media":"","overlay-type":"","overlay-color":"","overlay-opacity":"","overlay-gradient":""},"tablet":{"background-color":"var(--ast-global-color-5)","background-image":"","background-repeat":"repeat","background-position":"center center","background-size":"auto","background-attachment":"scroll","background-type":"","background-media":"","overlay-type":"","overlay-color":"","overlay-opacity":"","overlay-gradient":""},"mobile":{"background-color":"var(--ast-global-color-5)","background-image":"","background-repeat":"repeat","background-position":"center center","background-size":"auto","background-attachment":"scroll","background-type":"","background-media":"","overlay-type":"","overlay-color":"","overlay-opacity":"","overlay-gradient":""}},"fecha_de_inicio":1771066800,"fecha_de_finalizacion":1771182000,"duracion_evento":"","modalidad":"presencial","tipo_de_acceso":"gratuito","precio_evento":"","link_externo":"","direccion":"Manuel Acu\u00f1a esq Avenida Reforma Oriente S\/N, La Cruz, 76020 Santiago de Quer\u00e9taro, Qro.","featured_event":""},"etiquetas-de-evento":[2041],"ubicacion-de-evento":[478,510],"categoria-de-evento":[1652],"class_list":["post-45652","eventos","type-eventos","status-publish","has-post-thumbnail","hentry","etiquetas-de-evento-cultura","ubicacion-de-evento-mexico","ubicacion-de-evento-queretaro","categoria-de-evento-festival-feria"],"_links":{"self":[{"href":"https:\/\/themesh.art\/en\/wp-json\/wp\/v2\/eventos\/45652","targetHints":{"allow":["GET"]}}],"collection":[{"href":"https:\/\/themesh.art\/en\/wp-json\/wp\/v2\/eventos"}],"about":[{"href":"https:\/\/themesh.art\/en\/wp-json\/wp\/v2\/types\/eventos"}],"author":[{"embeddable":true,"href":"https:\/\/themesh.art\/en\/wp-json\/wp\/v2\/users\/40"}],"wp:featuredmedia":[{"embeddable":true,"href":"https:\/\/themesh.art\/en\/wp-json\/wp\/v2\/media\/45653"}],"wp:attachment":[{"href":"https:\/\/themesh.art\/en\/wp-json\/wp\/v2\/media?parent=45652"}],"wp:term":[{"taxonomy":"etiquetas-de-evento","embeddable":true,"href":"https:\/\/themesh.art\/en\/wp-json\/wp\/v2\/etiquetas-de-evento?post=45652"},{"taxonomy":"ubicacion-de-evento","embeddable":true,"href":"https:\/\/themesh.art\/en\/wp-json\/wp\/v2\/ubicacion-de-evento?post=45652"},{"taxonomy":"categoria-de-evento","embeddable":true,"href":"https:\/\/themesh.art\/en\/wp-json\/wp\/v2\/categoria-de-evento?post=45652"}],"curies":[{"name":"wp","href":"https:\/\/api.w.org\/{rel}","templated":true}]}}

<p>¡la fiesta del cacao y el chocolate en <a class="x1i10hfl xjbqb8w x1ejq31n x18oe1m7 x1sy0etr xstzfhl x972fbf x10w94by x1qhh985 x14e42zd x9f619 x1ypdohk xt0psk2 x3ct3a4 xdj266r x14z9mp xat24cr x1lziwak xexx8yu xyri2b x18d9i69 x1c1uobl x16tdsg8 x1hl2dhg xggy1nq x1a2a7pz  _aa9_ _a6hd" tabindex="0" role="link" href="https://www.instagram.com/explore/tags/quer%C3%A9taro/?hl=es">#Querétaro</a>! 🍫 ¡Nos vemos el 14 y 15 de febrero en <a class="x1i10hfl xjbqb8w x1ejq31n x18oe1m7 x1sy0etr xstzfhl x972fbf x10w94by x1qhh985 x14e42zd x9f619 x1ypdohk xt0psk2 x3ct3a4 xdj266r x14z9mp xat24cr x1lziwak xexx8yu xyri2b x18d9i69 x1c1uobl x16tdsg8 x1hl2dhg xggy1nq x1a2a7pz notranslate _a6hd" tabindex="0" role="link" href="https://www.instagram.com/elmacq/?hl=es">@elmacq</a> promoviendo la cultura y consumo del cacao y chocolate mexicano! 🇲🇽</p>
<p>En la décima edición del <a class="x1i10hfl xjbqb8w x1ejq31n x18oe1m7 x1sy0etr xstzfhl x972fbf x10w94by x1qhh985 x14e42zd x9f619 x1ypdohk xt0psk2 x3ct3a4 xdj266r x14z9mp xat24cr x1lziwak xexx8yu xyri2b x18d9i69 x1c1uobl x16tdsg8 x1hl2dhg xggy1nq x1a2a7pz  _aa9_ _a6hd" tabindex="0" role="link" href="https://www.instagram.com/explore/tags/mexicacao/?hl=es">#Mexicacao</a> se darán cita transformadores y productores de <a class="x1i10hfl xjbqb8w x1ejq31n x18oe1m7 x1sy0etr xstzfhl x972fbf x10w94by x1qhh985 x14e42zd x9f619 x1ypdohk xt0psk2 x3ct3a4 xdj266r x14z9mp xat24cr x1lziwak xexx8yu xyri2b x18d9i69 x1c1uobl x16tdsg8 x1hl2dhg xggy1nq x1a2a7pz  _aa9_ _a6hd" tabindex="0" role="link" href="https://www.instagram.com/explore/tags/cacao/?hl=es">#cacao</a> y <a class="x1i10hfl xjbqb8w x1ejq31n x18oe1m7 x1sy0etr xstzfhl x972fbf x10w94by x1qhh985 x14e42zd x9f619 x1ypdohk xt0psk2 x3ct3a4 xdj266r x14z9mp xat24cr x1lziwak xexx8yu xyri2b x18d9i69 x1c1uobl x16tdsg8 x1hl2dhg xggy1nq x1a2a7pz  _aa9_ _a6hd" tabindex="0" role="link" href="https://www.instagram.com/explore/tags/chocolate/?hl=es">#chocolate</a> de <a class="x1i10hfl xjbqb8w x1ejq31n x18oe1m7 x1sy0etr xstzfhl x972fbf x10w94by x1qhh985 x14e42zd x9f619 x1ypdohk xt0psk2 x3ct3a4 xdj266r x14z9mp xat24cr x1lziwak xexx8yu xyri2b x18d9i69 x1c1uobl x16tdsg8 x1hl2dhg xggy1nq x1a2a7pz  _aa9_ _a6hd" tabindex="0" role="link" href="https://www.instagram.com/explore/tags/quer%C3%A9taro/?hl=es">#Querétaro</a>, así también de distintas regiones del país, además de artefactos como los molinillos de madera elaborados a partir del torno y metates tallados desde la piedra volcánica. 🏛️ ¡No puedes perdértelo! 😍</p>
<p>📍Museo de Arte Contemporáneo<br />
Manuel Acuña esq. Reforma, Barrio de la Cruz, Centro Histórico, Querétaro, Querétaro<br />
🗓️ 14 y 15 de febrero de 2026<br />
🕘 11:00 a 19:00 horas<br />
🎟️ ENTRADA LIBRE</p>

<p>¡la fiesta del cacao y el chocolate en #Querétaro! 🍫 ¡Nos vemos el 14 y 15 de febrero en @elmacq promoviendo la cultura [&hellip;]</p>

Manuel Acuña esq Avenida Reforma Oriente S/N, La Cruz, 76020 Santiago de Querétaro, Qro.
