{"id":45591,"date":"2026-01-29T11:35:44","date_gmt":"2026-01-29T17:35:44","guid":{"rendered":"https:\/\/themesh.art\/?post_type=eventos&#038;p=45591"},"modified":"2026-01-29T11:35:44","modified_gmt":"2026-01-29T17:35:44","slug":"japon-del-mito-al-manga-2","status":"publish","type":"eventos","link":"https:\/\/themesh.art\/en\/eventos\/japon-del-mito-al-manga-2\/","title":{"rendered":"Jap\u00f3n: del mito al manga"},"content":{"rendered":"<p class=\"p1\">La exhibici\u00f3n, presentada con el Victoria &amp; Albert Museum, sorprender\u00e1 a p\u00fablicos de todas las edades con los mitos, leyendas y el imaginario que han dado forma a la cultura nipona y su influencia en el mundo.<\/p>\n<p class=\"p1\">Dividida en cuatro mundos \u2014Cielo, Mar, Bosque y Ciudad\u2014, la muestra entrelaza tradici\u00f3n y vanguardia a trav\u00e9s de m\u00e1s de 150 piezas: desde grabados de Hokusai y objetos tallados en madera hasta animaci\u00f3n, moda, dise\u00f1o, tecnolog\u00eda y personajes ic\u00f3nicos como Totoro, Hello Kitty o Pok\u00e9mon.<\/p>\n<p class=\"p1\">Una traves\u00eda sensorial que conecta el pasado con el presente, donde dioses, monstruos y h\u00e9roes se mezclan con robots, origami y manga.<\/p>\n<p class=\"p1\">Una experiencia que despierta la imaginaci\u00f3n y revela la riqueza visual de Jap\u00f3n, como nunca antes la hab\u00edas visto en M\u00e9xico.<\/p>","protected":false},"excerpt":{"rendered":"<p>La exhibici\u00f3n, presentada con el Victoria &amp; Albert Museum, sorprender\u00e1 a p\u00fablicos de todas las edades con los mitos, leyendas [&hellip;]<\/p>","protected":false},"author":40,"featured_media":45592,"template":"","meta":{"site-sidebar-layout":"default","site-content-layout":"","ast-site-content-layout":"default","site-content-style":"default","site-sidebar-style":"default","ast-global-header-display":"","ast-banner-title-visibility":"","ast-main-header-display":"","ast-hfb-above-header-display":"","ast-hfb-below-header-display":"","ast-hfb-mobile-header-display":"","site-post-title":"","ast-breadcrumbs-content":"","ast-featured-img":"","footer-sml-layout":"","theme-transparent-header-meta":"default","adv-header-id-meta":"","stick-header-meta":"","header-above-stick-meta":"","header-main-stick-meta":"","header-below-stick-meta":"","astra-migrate-meta-layouts":"set","ast-page-background-enabled":"default","ast-page-background-meta":{"desktop":{"background-color":"var(--ast-global-color-4)","background-image":"","background-repeat":"repeat","background-position":"center center","background-size":"auto","background-attachment":"scroll","background-type":"","background-media":"","overlay-type":"","overlay-color":"","overlay-opacity":"","overlay-gradient":""},"tablet":{"background-color":"","background-image":"","background-repeat":"repeat","background-position":"center center","background-size":"auto","background-attachment":"scroll","background-type":"","background-media":"","overlay-type":"","overlay-color":"","overlay-opacity":"","overlay-gradient":""},"mobile":{"background-color":"","background-image":"","background-repeat":"repeat","background-position":"center center","background-size":"auto","background-attachment":"scroll","background-type":"","background-media":"","overlay-type":"","overlay-color":"","overlay-opacity":"","overlay-gradient":""}},"ast-content-background-meta":{"desktop":{"background-color":"var(--ast-global-color-5)","background-image":"","background-repeat":"repeat","background-position":"center center","background-size":"auto","background-attachment":"scroll","background-type":"","background-media":"","overlay-type":"","overlay-color":"","overlay-opacity":"","overlay-gradient":""},"tablet":{"background-color":"var(--ast-global-color-5)","background-image":"","background-repeat":"repeat","background-position":"center center","background-size":"auto","background-attachment":"scroll","background-type":"","background-media":"","overlay-type":"","overlay-color":"","overlay-opacity":"","overlay-gradient":""},"mobile":{"background-color":"var(--ast-global-color-5)","background-image":"","background-repeat":"repeat","background-position":"center center","background-size":"auto","background-attachment":"scroll","background-type":"","background-media":"","overlay-type":"","overlay-color":"","overlay-opacity":"","overlay-gradient":""}},"fecha_de_inicio":1765447200,"fecha_de_finalizacion":1770570000,"duracion_evento":"","modalidad":"presencial","tipo_de_acceso":"con_costo","precio_evento":"","link_externo":"","direccion":"Av. Hidalgo 45, Centro Hist\u00f3rico de la Cdad. de M\u00e9xico, Guerrero, Cuauht\u00e9moc, 06300 Ciudad de M\u00e9xico, CDMX","featured_event":""},"etiquetas-de-evento":[2026,1654,506,1666,1637,1752,1671,1634],"ubicacion-de-evento":[479,478],"categoria-de-evento":[1628,1629],"class_list":["post-45591","eventos","type-eventos","status-publish","has-post-thumbnail","hentry","etiquetas-de-evento-animacion","etiquetas-de-evento-artes-aplicadas","etiquetas-de-evento-artes-visuales","etiquetas-de-evento-digital","etiquetas-de-evento-fotografia","etiquetas-de-evento-moda","etiquetas-de-evento-performance","etiquetas-de-evento-performing-arts","ubicacion-de-evento-cdmx","ubicacion-de-evento-mexico","categoria-de-evento-exposicion","categoria-de-evento-museo-exposicion"],"_links":{"self":[{"href":"https:\/\/themesh.art\/en\/wp-json\/wp\/v2\/eventos\/45591","targetHints":{"allow":["GET"]}}],"collection":[{"href":"https:\/\/themesh.art\/en\/wp-json\/wp\/v2\/eventos"}],"about":[{"href":"https:\/\/themesh.art\/en\/wp-json\/wp\/v2\/types\/eventos"}],"author":[{"embeddable":true,"href":"https:\/\/themesh.art\/en\/wp-json\/wp\/v2\/users\/40"}],"wp:featuredmedia":[{"embeddable":true,"href":"https:\/\/themesh.art\/en\/wp-json\/wp\/v2\/media\/45592"}],"wp:attachment":[{"href":"https:\/\/themesh.art\/en\/wp-json\/wp\/v2\/media?parent=45591"}],"wp:term":[{"taxonomy":"etiquetas-de-evento","embeddable":true,"href":"https:\/\/themesh.art\/en\/wp-json\/wp\/v2\/etiquetas-de-evento?post=45591"},{"taxonomy":"ubicacion-de-evento","embeddable":true,"href":"https:\/\/themesh.art\/en\/wp-json\/wp\/v2\/ubicacion-de-evento?post=45591"},{"taxonomy":"categoria-de-evento","embeddable":true,"href":"https:\/\/themesh.art\/en\/wp-json\/wp\/v2\/categoria-de-evento?post=45591"}],"curies":[{"name":"wp","href":"https:\/\/api.w.org\/{rel}","templated":true}]}}

Japón: del mito al manga

<p class="p1">La exhibición, presentada con el Victoria &amp; Albert Museum, sorprenderá a públicos de todas las edades con los mitos, leyendas y el imaginario que han dado forma a la cultura nipona y su influencia en el mundo.</p>
<p class="p1">Dividida en cuatro mundos —Cielo, Mar, Bosque y Ciudad—, la muestra entrelaza tradición y vanguardia a través de más de 150 piezas: desde grabados de Hokusai y objetos tallados en madera hasta animación, moda, diseño, tecnología y personajes icónicos como Totoro, Hello Kitty o Pokémon.</p>
<p class="p1">Una travesía sensorial que conecta el pasado con el presente, donde dioses, monstruos y héroes se mezclan con robots, origami y manga.</p>
<p class="p1">Una experiencia que despierta la imaginación y revela la riqueza visual de Japón, como nunca antes la habías visto en México.</p>

<p>La exhibición, presentada con el Victoria &amp; Albert Museum, sorprenderá a públicos de todas las edades con los mitos, leyendas [&hellip;]</p>

Av. Hidalgo 45, Centro Histórico de la Cdad. de México, Guerrero, Cuauhtémoc, 06300 Ciudad de México, CDMX
