{"id":45258,"date":"2026-01-25T21:56:32","date_gmt":"2026-01-26T03:56:32","guid":{"rendered":"https:\/\/themesh.art\/?post_type=eventos&#038;p=45258"},"modified":"2026-01-26T13:48:12","modified_gmt":"2026-01-26T19:48:12","slug":"gdl-art-wknd-museo-rave","status":"publish","type":"eventos","link":"https:\/\/themesh.art\/en\/eventos\/gdl-art-wknd-museo-rave\/","title":{"rendered":"Museo Rave"},"content":{"rendered":"<p>ART WKND 2026, en el Museo de la Ciudad!<br \/>\nTe compartimos las actividades que formar\u00e1n parte de la cartelera p\u00fablica del fin de semana del arte en Guadalajara:<\/p>\n<p>Exposiciones<\/p>\n<p>Ini Ini: The expo, del artista Daniel Fontanini. Una muestra que explora la vinculaci\u00f3n entre arte y medio ambiente, y que pretende crear reflexiones y replanteamientos acerca de la relaci\u00f3n humano-naturaleza, sobre todo a partir de un elemento vital: el agua.<\/p>\n<p>La Ciudad de la Abundancia, una muestra colectiva en la que 12 artistas nos comparten, por medio de su obra, la visi\u00f3n de ciudad con la que se enfrentan todos los d\u00edas: las maravillas, el caos, lo ins\u00f3lito&#8230; todo lo que nos hace crear identidad a partir del territorio tangible y simb\u00f3lico.<\/p>\n<p>MUSEO RAVE<br \/>\nAl t\u00e9rmino de la inauguraci\u00f3n de ambas exposiciones llegar\u00e1 el MUSEO RAVE, una fiesta de m\u00fasica y visuales que nos har\u00e1 vivir el Museo desde nuevas perspectivas.<\/p>\n<p>Todo el viernes 30 de enero<br \/>\na partir de las 7 pm!!<\/p>\n<p>Ven y disfruta del fin de semana m\u00e1s art\u00edstico del a\u00f1o.<\/p>\n<p>Entrada libre*<\/p>","protected":false},"excerpt":{"rendered":"<p>ART WKND 2026, en el Museo de la Ciudad! Te compartimos las actividades que formar\u00e1n parte de la cartelera p\u00fablica [&hellip;]<\/p>","protected":false},"author":40,"featured_media":45339,"template":"","meta":{"site-sidebar-layout":"default","site-content-layout":"","ast-site-content-layout":"default","site-content-style":"default","site-sidebar-style":"default","ast-global-header-display":"","ast-banner-title-visibility":"","ast-main-header-display":"","ast-hfb-above-header-display":"","ast-hfb-below-header-display":"","ast-hfb-mobile-header-display":"","site-post-title":"","ast-breadcrumbs-content":"","ast-featured-img":"","footer-sml-layout":"","theme-transparent-header-meta":"default","adv-header-id-meta":"","stick-header-meta":"","header-above-stick-meta":"","header-main-stick-meta":"","header-below-stick-meta":"","astra-migrate-meta-layouts":"set","ast-page-background-enabled":"default","ast-page-background-meta":{"desktop":{"background-color":"var(--ast-global-color-4)","background-image":"","background-repeat":"repeat","background-position":"center center","background-size":"auto","background-attachment":"scroll","background-type":"","background-media":"","overlay-type":"","overlay-color":"","overlay-opacity":"","overlay-gradient":""},"tablet":{"background-color":"","background-image":"","background-repeat":"repeat","background-position":"center center","background-size":"auto","background-attachment":"scroll","background-type":"","background-media":"","overlay-type":"","overlay-color":"","overlay-opacity":"","overlay-gradient":""},"mobile":{"background-color":"","background-image":"","background-repeat":"repeat","background-position":"center center","background-size":"auto","background-attachment":"scroll","background-type":"","background-media":"","overlay-type":"","overlay-color":"","overlay-opacity":"","overlay-gradient":""}},"ast-content-background-meta":{"desktop":{"background-color":"var(--ast-global-color-5)","background-image":"","background-repeat":"repeat","background-position":"center center","background-size":"auto","background-attachment":"scroll","background-type":"","background-media":"","overlay-type":"","overlay-color":"","overlay-opacity":"","overlay-gradient":""},"tablet":{"background-color":"var(--ast-global-color-5)","background-image":"","background-repeat":"repeat","background-position":"center center","background-size":"auto","background-attachment":"scroll","background-type":"","background-media":"","overlay-type":"","overlay-color":"","overlay-opacity":"","overlay-gradient":""},"mobile":{"background-color":"var(--ast-global-color-5)","background-image":"","background-repeat":"repeat","background-position":"center center","background-size":"auto","background-attachment":"scroll","background-type":"","background-media":"","overlay-type":"","overlay-color":"","overlay-opacity":"","overlay-gradient":""}},"fecha_de_inicio":1769799600,"fecha_de_finalizacion":1774911600,"duracion_evento":"","modalidad":"presencial","tipo_de_acceso":"gratuito","precio_evento":"","link_externo":"","direccion":"C. Independencia 684, Zona Centro, 44100 Guadalajara, Jal.","featured_event":""},"etiquetas-de-evento":[1630,506],"ubicacion-de-evento":[500,478],"categoria-de-evento":[1628,1629],"class_list":["post-45258","eventos","type-eventos","status-publish","has-post-thumbnail","hentry","etiquetas-de-evento-arte-contemporaneo-artes-visuales","etiquetas-de-evento-artes-visuales","ubicacion-de-evento-guadalajara","ubicacion-de-evento-mexico","categoria-de-evento-exposicion","categoria-de-evento-museo-exposicion"],"_links":{"self":[{"href":"https:\/\/themesh.art\/en\/wp-json\/wp\/v2\/eventos\/45258","targetHints":{"allow":["GET"]}}],"collection":[{"href":"https:\/\/themesh.art\/en\/wp-json\/wp\/v2\/eventos"}],"about":[{"href":"https:\/\/themesh.art\/en\/wp-json\/wp\/v2\/types\/eventos"}],"author":[{"embeddable":true,"href":"https:\/\/themesh.art\/en\/wp-json\/wp\/v2\/users\/40"}],"wp:featuredmedia":[{"embeddable":true,"href":"https:\/\/themesh.art\/en\/wp-json\/wp\/v2\/media\/45339"}],"wp:attachment":[{"href":"https:\/\/themesh.art\/en\/wp-json\/wp\/v2\/media?parent=45258"}],"wp:term":[{"taxonomy":"etiquetas-de-evento","embeddable":true,"href":"https:\/\/themesh.art\/en\/wp-json\/wp\/v2\/etiquetas-de-evento?post=45258"},{"taxonomy":"ubicacion-de-evento","embeddable":true,"href":"https:\/\/themesh.art\/en\/wp-json\/wp\/v2\/ubicacion-de-evento?post=45258"},{"taxonomy":"categoria-de-evento","embeddable":true,"href":"https:\/\/themesh.art\/en\/wp-json\/wp\/v2\/categoria-de-evento?post=45258"}],"curies":[{"name":"wp","href":"https:\/\/api.w.org\/{rel}","templated":true}]}}

<p>ART WKND 2026, en el Museo de la Ciudad!<br />
Te compartimos las actividades que formarán parte de la cartelera pública del fin de semana del arte en Guadalajara:</p>
<p>Exposiciones</p>
<p>Ini Ini: The expo, del artista Daniel Fontanini. Una muestra que explora la vinculación entre arte y medio ambiente, y que pretende crear reflexiones y replanteamientos acerca de la relación humano-naturaleza, sobre todo a partir de un elemento vital: el agua.</p>
<p>La Ciudad de la Abundancia, una muestra colectiva en la que 12 artistas nos comparten, por medio de su obra, la visión de ciudad con la que se enfrentan todos los días: las maravillas, el caos, lo insólito&#8230; todo lo que nos hace crear identidad a partir del territorio tangible y simbólico.</p>
<p>MUSEO RAVE<br />
Al término de la inauguración de ambas exposiciones llegará el MUSEO RAVE, una fiesta de música y visuales que nos hará vivir el Museo desde nuevas perspectivas.</p>
<p>Todo el viernes 30 de enero<br />
a partir de las 7 pm!!</p>
<p>Ven y disfruta del fin de semana más artístico del año.</p>
<p>Entrada libre*</p>

<p>ART WKND 2026, en el Museo de la Ciudad! Te compartimos las actividades que formarán parte de la cartelera pública [&hellip;]</p>
