{"id":45046,"date":"2026-01-25T15:31:30","date_gmt":"2026-01-25T21:31:30","guid":{"rendered":"https:\/\/themesh.art\/?post_type=eventos&#038;p=45046"},"modified":"2026-01-28T18:53:31","modified_gmt":"2026-01-29T00:53:31","slug":"autorretratoflameante","status":"publish","type":"eventos","link":"https:\/\/themesh.art\/en\/eventos\/autorretratoflameante\/","title":{"rendered":"Autorretrato flameante [&#8230;]. Abraham Cruzvillegas"},"content":{"rendered":"<div class=\"exhb-header-section\">\n<div class=\"container-page-header w-clearfix\">\n<div id=\"w-node-_1786ca8f-1733-53a4-8f5b-8da09fb7fddb-8077a871\" class=\"page-main-title\">\n<div class=\"tag-cloud-container\">\n<div class=\"tag-cloud-list\">\n<div class=\"cats-collection w-dyn-list\">\n<div class=\"cats-list w-dyn-items\" role=\"list\">\n<div class=\"cats-item w-dyn-item\" role=\"listitem\">\n<div class=\"tag\">\n<div>Exposici\u00f3n<\/div>\n<\/div>\n<\/div>\n<\/div>\n<\/div>\n<\/div>\n<\/div>\n<div class=\"page-title-container\">\n<div class=\"page-title inehb\">\n<div>Autorretrato flameante [&#8230;]<\/div>\n<\/div>\n<div class=\"page-titl-subtitle\">\n<p>Autorretrato flameante, mirando al mismo tiempo a dos mares, asom\u00e1ndome para tirar gui\u00f1os a los cardones, las chirinolas, los cirios, las biznagas, los alicoches, los lentiscos, las yucas, los saladitos, las jojobas, los chamizos, las pitayas, los chilicotes, las choyas, los ocotillos, y al tecolote llanero, mientras me tumbo un par de tostadas de abul\u00f3n y almeja chocolata, junto con sus buenos guarapos, una kawazaki rusa bien helodia, y un licor de damiana, escuchando la sublime \u2018El invisible\u2019, mientras tiro un chiflido llanero que se escuchar\u00e1 en toda la pen\u00ednsula, antes de que llegue el ferry<\/p>\n<\/div>\n<div class=\"page-titl-subtitle\">\n<div class=\"w-dyn-list\">\n<div class=\"w-dyn-items\" role=\"list\">\n<div class=\"w-dyn-item\" role=\"listitem\">\n<div>Abraham Cruzvillegas<\/div>\n<\/div>\n<div>\n<p>La instalaci\u00f3n titulada\u00a0<strong>\u201c<em>Autorretrato flameante<\/em><\/strong><em>,\u00a0<\/em><strong><em>mirando al mismo tiempo a dos mares, asoma\u0301ndome para tirar guin\u0303os a los cardones, las chirinolas, los cirios, las biznagas, los alicoches, los lentiscos, las yucas, los saladitos, las jojobas, los chamizos, las pitayas, los chilicotes, las choyas, los ocotillos, y al tecolote llanero, mientras me tumbo un par de tostadas de abulo\u0301n y almeja chocolata, junto con sus buenos guarapos, una kawazaki rusa bien helodia, y un licor de damiana, escuchando la sublime \u2018El invisible\u2019, mientras tiro un chiflido llanero que se escuchara\u0301 en toda la peni\u0301nsula, antes de que llegue el ferry<\/em><\/strong>, 2025, realizada en pintura y acero es la pieza con la que abre el nuevo espacio de Comisiones y Exposiciones de Arte Abierto Baja.<\/p>\n<p>Fiel a su pra\u0301ctica, Abraham Cruzvillegas concibe esta obra a partir de objetos cotidianos y materiales de desecho recolectados en Los Cabos, articulando un lenguaje esculto\u0301rico que explora las relaciones entre trabajo, paisaje y lo que el artista denomina su alma mineral o a\u0301nima. La pieza sera\u0301 ensamblada in situ, utilizando materiales provenientes del entorno inmediato y dialogando directamente con las condiciones geogra\u0301ficas, sociales y culturales del lugar.<\/p>\n<p>Los colores y materiales de la instalacio\u0301n \u2014particularmente la paleta rosa y verde\u2014 remiten a la bandera de la favela y escuela de samba Mangueira, en Ri\u0301o de Janeiro, comunidad que marco\u0301 profundamente la visio\u0301n del artista tras su visita en 2003. Este encuentro resono\u0301 con su propia historia personal en la Colonia Ajusco, en Coyoaca\u0301n, donde la\u00a0<em>autoconstruccio\u0301n<\/em>\u00a0y la colaboracio\u0301n comunitaria surgi\u0301an como respuestas creativas frente a la desigualdad. Cruzvillegas ha explorado estas correspondencias globales a trave\u0301s de asentamientos informales como favelas, barrios marginales, callampas, villas miseria o baraccopolis, estructuras que revelan formas de ingenio colectivo y adaptacio\u0301n.<\/p>\n<p>Con esta obra, el artista abre un dia\u0301logo sobre el lugar del arte pu\u0301blico, su relacio\u0301n con el contexto social y su inscripcio\u0301n dentro del paisaje natural de Baja California Sur.<\/p>\n<\/div>\n<\/div>\n<\/div>\n<\/div>\n<\/div>\n<\/div>\n<\/div>\n<\/div>","protected":false},"excerpt":{"rendered":"<p>Exposici\u00f3n Autorretrato flameante [&#8230;] Autorretrato flameante, mirando al mismo tiempo a dos mares, asom\u00e1ndome para tirar gui\u00f1os a los cardones, [&hellip;]<\/p>","protected":false},"author":1,"featured_media":45048,"template":"","meta":{"site-sidebar-layout":"default","site-content-layout":"","ast-site-content-layout":"default","site-content-style":"default","site-sidebar-style":"default","ast-global-header-display":"","ast-banner-title-visibility":"","ast-main-header-display":"","ast-hfb-above-header-display":"","ast-hfb-below-header-display":"","ast-hfb-mobile-header-display":"","site-post-title":"","ast-breadcrumbs-content":"","ast-featured-img":"","footer-sml-layout":"","theme-transparent-header-meta":"default","adv-header-id-meta":"","stick-header-meta":"","header-above-stick-meta":"","header-main-stick-meta":"","header-below-stick-meta":"","astra-migrate-meta-layouts":"set","ast-page-background-enabled":"default","ast-page-background-meta":{"desktop":{"background-color":"var(--ast-global-color-4)","background-image":"","background-repeat":"repeat","background-position":"center center","background-size":"auto","background-attachment":"scroll","background-type":"","background-media":"","overlay-type":"","overlay-color":"","overlay-opacity":"","overlay-gradient":""},"tablet":{"background-color":"","background-image":"","background-repeat":"repeat","background-position":"center center","background-size":"auto","background-attachment":"scroll","background-type":"","background-media":"","overlay-type":"","overlay-color":"","overlay-opacity":"","overlay-gradient":""},"mobile":{"background-color":"","background-image":"","background-repeat":"repeat","background-position":"center center","background-size":"auto","background-attachment":"scroll","background-type":"","background-media":"","overlay-type":"","overlay-color":"","overlay-opacity":"","overlay-gradient":""}},"ast-content-background-meta":{"desktop":{"background-color":"var(--ast-global-color-5)","background-image":"","background-repeat":"repeat","background-position":"center center","background-size":"auto","background-attachment":"scroll","background-type":"","background-media":"","overlay-type":"","overlay-color":"","overlay-opacity":"","overlay-gradient":""},"tablet":{"background-color":"var(--ast-global-color-5)","background-image":"","background-repeat":"repeat","background-position":"center center","background-size":"auto","background-attachment":"scroll","background-type":"","background-media":"","overlay-type":"","overlay-color":"","overlay-opacity":"","overlay-gradient":""},"mobile":{"background-color":"var(--ast-global-color-5)","background-image":"","background-repeat":"repeat","background-position":"center center","background-size":"auto","background-attachment":"scroll","background-type":"","background-media":"","overlay-type":"","overlay-color":"","overlay-opacity":"","overlay-gradient":""}},"fecha_de_inicio":1764936000,"fecha_de_finalizacion":1780167600,"duracion_evento":"","modalidad":"presencial","tipo_de_acceso":"gratuito","precio_evento":"","link_externo":"","direccion":"\u00c1nima Village, M\u00e9xico 1 Km 10.3, Tourist Corridor, Del Sol, 23455 Cabo San Lucas, B.C.S.","featured_event":""},"etiquetas-de-evento":[1630,506],"ubicacion-de-evento":[2727,478],"categoria-de-evento":[1628],"class_list":["post-45046","eventos","type-eventos","status-publish","has-post-thumbnail","hentry","etiquetas-de-evento-arte-contemporaneo-artes-visuales","etiquetas-de-evento-artes-visuales","ubicacion-de-evento-los-cabos","ubicacion-de-evento-mexico","categoria-de-evento-exposicion"],"_links":{"self":[{"href":"https:\/\/themesh.art\/en\/wp-json\/wp\/v2\/eventos\/45046","targetHints":{"allow":["GET"]}}],"collection":[{"href":"https:\/\/themesh.art\/en\/wp-json\/wp\/v2\/eventos"}],"about":[{"href":"https:\/\/themesh.art\/en\/wp-json\/wp\/v2\/types\/eventos"}],"author":[{"embeddable":true,"href":"https:\/\/themesh.art\/en\/wp-json\/wp\/v2\/users\/1"}],"wp:featuredmedia":[{"embeddable":true,"href":"https:\/\/themesh.art\/en\/wp-json\/wp\/v2\/media\/45048"}],"wp:attachment":[{"href":"https:\/\/themesh.art\/en\/wp-json\/wp\/v2\/media?parent=45046"}],"wp:term":[{"taxonomy":"etiquetas-de-evento","embeddable":true,"href":"https:\/\/themesh.art\/en\/wp-json\/wp\/v2\/etiquetas-de-evento?post=45046"},{"taxonomy":"ubicacion-de-evento","embeddable":true,"href":"https:\/\/themesh.art\/en\/wp-json\/wp\/v2\/ubicacion-de-evento?post=45046"},{"taxonomy":"categoria-de-evento","embeddable":true,"href":"https:\/\/themesh.art\/en\/wp-json\/wp\/v2\/categoria-de-evento?post=45046"}],"curies":[{"name":"wp","href":"https:\/\/api.w.org\/{rel}","templated":true}]}}

<div class="exhb-header-section">
<div class="container-page-header w-clearfix">
<div id="w-node-_1786ca8f-1733-53a4-8f5b-8da09fb7fddb-8077a871" class="page-main-title">
<div class="tag-cloud-container">
<div class="tag-cloud-list">
<div class="cats-collection w-dyn-list">
<div class="cats-list w-dyn-items" role="list">
<div class="cats-item w-dyn-item" role="listitem">
<div class="tag">
<div>Exposición</div>
</div>
</div>
</div>
</div>
</div>
</div>
<div class="page-title-container">
<div class="page-title inehb">
<div>Autorretrato flameante [&#8230;]</div>
</div>
<div class="page-titl-subtitle">
<p>Autorretrato flameante, mirando al mismo tiempo a dos mares, asomándome para tirar guiños a los cardones, las chirinolas, los cirios, las biznagas, los alicoches, los lentiscos, las yucas, los saladitos, las jojobas, los chamizos, las pitayas, los chilicotes, las choyas, los ocotillos, y al tecolote llanero, mientras me tumbo un par de tostadas de abulón y almeja chocolata, junto con sus buenos guarapos, una kawazaki rusa bien helodia, y un licor de damiana, escuchando la sublime ‘El invisible’, mientras tiro un chiflido llanero que se escuchará en toda la península, antes de que llegue el ferry</p>
</div>
<div class="page-titl-subtitle">
<div class="w-dyn-list">
<div class="w-dyn-items" role="list">
<div class="w-dyn-item" role="listitem">
<div>Abraham Cruzvillegas</div>
</div>
<div>
<p>La instalación titulada <strong>“<em>Autorretrato flameante</em></strong><em>, </em><strong><em>mirando al mismo tiempo a dos mares, asomándome para tirar guiños a los cardones, las chirinolas, los cirios, las biznagas, los alicoches, los lentiscos, las yucas, los saladitos, las jojobas, los chamizos, las pitayas, los chilicotes, las choyas, los ocotillos, y al tecolote llanero, mientras me tumbo un par de tostadas de abulón y almeja chocolata, junto con sus buenos guarapos, una kawazaki rusa bien helodia, y un licor de damiana, escuchando la sublime ‘El invisible’, mientras tiro un chiflido llanero que se escuchará en toda la península, antes de que llegue el ferry</em></strong>, 2025, realizada en pintura y acero es la pieza con la que abre el nuevo espacio de Comisiones y Exposiciones de Arte Abierto Baja.</p>
<p>Fiel a su práctica, Abraham Cruzvillegas concibe esta obra a partir de objetos cotidianos y materiales de desecho recolectados en Los Cabos, articulando un lenguaje escultórico que explora las relaciones entre trabajo, paisaje y lo que el artista denomina su alma mineral o ánima. La pieza será ensamblada in situ, utilizando materiales provenientes del entorno inmediato y dialogando directamente con las condiciones geográficas, sociales y culturales del lugar.</p>
<p>Los colores y materiales de la instalación —particularmente la paleta rosa y verde— remiten a la bandera de la favela y escuela de samba Mangueira, en Río de Janeiro, comunidad que marcó profundamente la visión del artista tras su visita en 2003. Este encuentro resonó con su propia historia personal en la Colonia Ajusco, en Coyoacán, donde la <em>autoconstrucción</em> y la colaboración comunitaria surgían como respuestas creativas frente a la desigualdad. Cruzvillegas ha explorado estas correspondencias globales a través de asentamientos informales como favelas, barrios marginales, callampas, villas miseria o baraccopolis, estructuras que revelan formas de ingenio colectivo y adaptación.</p>
<p>Con esta obra, el artista abre un diálogo sobre el lugar del arte público, su relación con el contexto social y su inscripción dentro del paisaje natural de Baja California Sur.</p>
</div>
</div>
</div>
</div>
</div>
</div>
</div>
</div>

<p>Exposición Autorretrato flameante [&#8230;] Autorretrato flameante, mirando al mismo tiempo a dos mares, asomándome para tirar guiños a los cardones, [&hellip;]</p>

Ánima Village, México 1 Km 10.3, Tourist Corridor, Del Sol, 23455 Cabo San Lucas, B.C.S.
