{"id":44866,"date":"2026-01-24T12:02:54","date_gmt":"2026-01-24T18:02:54","guid":{"rendered":"https:\/\/themesh.art\/?post_type=eventos&#038;p=44866"},"modified":"2026-01-24T12:30:35","modified_gmt":"2026-01-24T18:30:35","slug":"exposicion-colectiva-index-vii-xx-san-rafael","status":"publish","type":"eventos","link":"https:\/\/themesh.art\/en\/eventos\/exposicion-colectiva-index-vii-xx-san-rafael\/","title":{"rendered":"Exposici\u00f3n colectiva \u00cdNDEX VII: XX &#8211; San Rafael"},"content":{"rendered":"<p>La Galer\u00eda Hilario Galguera se complace en presentar \u00cdndex VII: XX, una exposici\u00f3n que revisa, desde el<br \/>\npresente, algunas de las l\u00edneas que han definido su programa a lo largo de dos d\u00e9cadas, en el contexto de<br \/>\nla Semana del Arte de la Ciudad de M\u00e9xico 2026.<\/p>\n<p>\u00cdndex VII: XX retoma uno de los proyectos colectivos m\u00e1s reconocibles de la galer\u00eda, concebido como un<br \/>\nespacio de convergencia entre distintas pr\u00e1cticas art\u00edsticas y con las diversas formas de pensamiento que<br \/>\nhan establecido el estilo y el concepto de la galer\u00eda, definiendo su posicionamiento dentro del contexto del<br \/>\narte contempor\u00e1neo internacional.<\/p>\n<p>Bajo la curadur\u00eda de Hilario Galguera, esta edici\u00f3n de \u00cdndex se aleja de los formatos convencionales para<br \/>\nmanifestarse como un di\u00e1logo continuo que ha dado forma al entorno art\u00edstico de la galer\u00eda. A trav\u00e9s de<br \/>\ntres espacios clave, \u00cdndex VII: XX se despliega como un recorrido que refleja la manera en que la galer\u00eda ha<br \/>\nampliado sus formas de exhibici\u00f3n y di\u00e1logo en los \u00faltimos a\u00f1os. Desde su intervenci\u00f3n en Casa Hotbook,<br \/>\npasando por el espacio de Galer\u00eda Hilario Galguera Condesa, hasta el espacio de mayor escala de la galer\u00eda<br \/>\nen la hist\u00f3rica Colonia San Rafael, la muestra se construye como una curadur\u00eda expandida.<\/p>\n<p>Sede San Rafael<\/p>\n<p>Ubicada en el coraz\u00f3n de la colonia San Rafael, la sede principal de la galer\u00eda act\u00faa como el ancla institucional<br \/>\ny el n\u00facleo de la memoria de \u00cdNDEX VII: XX. Este espacio resguarda la columna vertebral de la revisi\u00f3n<br \/>\ncuratorial, presentando obras que han sido fundamentales para establecer el lenguaje de la galer\u00eda en el<br \/>\ncircuito global.<\/p>\n<p>Aqu\u00ed, la selecci\u00f3n se enfoca en la solidez del discurso y la presencia de piezas que, por su escala y peso<br \/>\nconceptual, definen el est\u00e1ndar de rigor que la galer\u00eda ha mantenido. La Galer\u00eda Hilario Galguera San Rafael<br \/>\nno solo es el punto de partida, sino el lugar donde el visitante puede confrontar la herencia intelectual y los<br \/>\npilares que sostienen el programa de Hilario Galguera.<\/p>","protected":false},"excerpt":{"rendered":"<p>La Galer\u00eda Hilario Galguera se complace en presentar \u00cdndex VII: XX, una exposici\u00f3n que revisa, desde el presente, algunas de [&hellip;]<\/p>","protected":false},"author":1,"featured_media":44868,"template":"","meta":{"site-sidebar-layout":"default","site-content-layout":"","ast-site-content-layout":"default","site-content-style":"default","site-sidebar-style":"default","ast-global-header-display":"","ast-banner-title-visibility":"","ast-main-header-display":"","ast-hfb-above-header-display":"","ast-hfb-below-header-display":"","ast-hfb-mobile-header-display":"","site-post-title":"","ast-breadcrumbs-content":"","ast-featured-img":"","footer-sml-layout":"","theme-transparent-header-meta":"default","adv-header-id-meta":"","stick-header-meta":"","header-above-stick-meta":"","header-main-stick-meta":"","header-below-stick-meta":"","astra-migrate-meta-layouts":"set","ast-page-background-enabled":"default","ast-page-background-meta":{"desktop":{"background-color":"var(--ast-global-color-4)","background-image":"","background-repeat":"repeat","background-position":"center center","background-size":"auto","background-attachment":"scroll","background-type":"","background-media":"","overlay-type":"","overlay-color":"","overlay-opacity":"","overlay-gradient":""},"tablet":{"background-color":"","background-image":"","background-repeat":"repeat","background-position":"center center","background-size":"auto","background-attachment":"scroll","background-type":"","background-media":"","overlay-type":"","overlay-color":"","overlay-opacity":"","overlay-gradient":""},"mobile":{"background-color":"","background-image":"","background-repeat":"repeat","background-position":"center center","background-size":"auto","background-attachment":"scroll","background-type":"","background-media":"","overlay-type":"","overlay-color":"","overlay-opacity":"","overlay-gradient":""}},"ast-content-background-meta":{"desktop":{"background-color":"var(--ast-global-color-5)","background-image":"","background-repeat":"repeat","background-position":"center center","background-size":"auto","background-attachment":"scroll","background-type":"","background-media":"","overlay-type":"","overlay-color":"","overlay-opacity":"","overlay-gradient":""},"tablet":{"background-color":"var(--ast-global-color-5)","background-image":"","background-repeat":"repeat","background-position":"center center","background-size":"auto","background-attachment":"scroll","background-type":"","background-media":"","overlay-type":"","overlay-color":"","overlay-opacity":"","overlay-gradient":""},"mobile":{"background-color":"var(--ast-global-color-5)","background-image":"","background-repeat":"repeat","background-position":"center center","background-size":"auto","background-attachment":"scroll","background-type":"","background-media":"","overlay-type":"","overlay-color":"","overlay-opacity":"","overlay-gradient":""}},"fecha_de_inicio":1770127200,"fecha_de_finalizacion":1777572000,"duracion_evento":"","modalidad":"presencial","tipo_de_acceso":"gratuito","precio_evento":"","link_externo":"","direccion":"Francisco Pimentel 3, Col. San Rafael, Ciudad de M\u00e9xico","featured_event":""},"etiquetas-de-evento":[506],"ubicacion-de-evento":[479,478],"categoria-de-evento":[1628,1631],"class_list":["post-44866","eventos","type-eventos","status-publish","has-post-thumbnail","hentry","etiquetas-de-evento-artes-visuales","ubicacion-de-evento-cdmx","ubicacion-de-evento-mexico","categoria-de-evento-exposicion","categoria-de-evento-galeria-exposicion"],"_links":{"self":[{"href":"https:\/\/themesh.art\/en\/wp-json\/wp\/v2\/eventos\/44866","targetHints":{"allow":["GET"]}}],"collection":[{"href":"https:\/\/themesh.art\/en\/wp-json\/wp\/v2\/eventos"}],"about":[{"href":"https:\/\/themesh.art\/en\/wp-json\/wp\/v2\/types\/eventos"}],"author":[{"embeddable":true,"href":"https:\/\/themesh.art\/en\/wp-json\/wp\/v2\/users\/1"}],"wp:featuredmedia":[{"embeddable":true,"href":"https:\/\/themesh.art\/en\/wp-json\/wp\/v2\/media\/44868"}],"wp:attachment":[{"href":"https:\/\/themesh.art\/en\/wp-json\/wp\/v2\/media?parent=44866"}],"wp:term":[{"taxonomy":"etiquetas-de-evento","embeddable":true,"href":"https:\/\/themesh.art\/en\/wp-json\/wp\/v2\/etiquetas-de-evento?post=44866"},{"taxonomy":"ubicacion-de-evento","embeddable":true,"href":"https:\/\/themesh.art\/en\/wp-json\/wp\/v2\/ubicacion-de-evento?post=44866"},{"taxonomy":"categoria-de-evento","embeddable":true,"href":"https:\/\/themesh.art\/en\/wp-json\/wp\/v2\/categoria-de-evento?post=44866"}],"curies":[{"name":"wp","href":"https:\/\/api.w.org\/{rel}","templated":true}]}}

Exposición colectiva ÍNDEX VII: XX &#8211; San Rafael

<p>La Galería Hilario Galguera se complace en presentar Índex VII: XX, una exposición que revisa, desde el<br />
presente, algunas de las líneas que han definido su programa a lo largo de dos décadas, en el contexto de<br />
la Semana del Arte de la Ciudad de México 2026.</p>
<p>Índex VII: XX retoma uno de los proyectos colectivos más reconocibles de la galería, concebido como un<br />
espacio de convergencia entre distintas prácticas artísticas y con las diversas formas de pensamiento que<br />
han establecido el estilo y el concepto de la galería, definiendo su posicionamiento dentro del contexto del<br />
arte contemporáneo internacional.</p>
<p>Bajo la curaduría de Hilario Galguera, esta edición de Índex se aleja de los formatos convencionales para<br />
manifestarse como un diálogo continuo que ha dado forma al entorno artístico de la galería. A través de<br />
tres espacios clave, Índex VII: XX se despliega como un recorrido que refleja la manera en que la galería ha<br />
ampliado sus formas de exhibición y diálogo en los últimos años. Desde su intervención en Casa Hotbook,<br />
pasando por el espacio de Galería Hilario Galguera Condesa, hasta el espacio de mayor escala de la galería<br />
en la histórica Colonia San Rafael, la muestra se construye como una curaduría expandida.</p>
<p>Sede San Rafael</p>
<p>Ubicada en el corazón de la colonia San Rafael, la sede principal de la galería actúa como el ancla institucional<br />
y el núcleo de la memoria de ÍNDEX VII: XX. Este espacio resguarda la columna vertebral de la revisión<br />
curatorial, presentando obras que han sido fundamentales para establecer el lenguaje de la galería en el<br />
circuito global.</p>
<p>Aquí, la selección se enfoca en la solidez del discurso y la presencia de piezas que, por su escala y peso<br />
conceptual, definen el estándar de rigor que la galería ha mantenido. La Galería Hilario Galguera San Rafael<br />
no solo es el punto de partida, sino el lugar donde el visitante puede confrontar la herencia intelectual y los<br />
pilares que sostienen el programa de Hilario Galguera.</p>

<p>La Galería Hilario Galguera se complace en presentar Índex VII: XX, una exposición que revisa, desde el presente, algunas de [&hellip;]</p>

Francisco Pimentel 3, Col. San Rafael, Ciudad de México
