{"id":34394,"date":"2025-09-05T15:18:09","date_gmt":"2025-09-05T21:18:09","guid":{"rendered":"https:\/\/themesh.art\/?post_type=eventos&#038;p=34394"},"modified":"2025-09-05T15:18:09","modified_gmt":"2025-09-05T21:18:09","slug":"festival-internacional-de-arte-multimedia-cyfest-16","status":"publish","type":"eventos","link":"https:\/\/themesh.art\/en\/eventos\/festival-internacional-de-arte-multimedia-cyfest-16\/","title":{"rendered":"Festival Internacional de Arte Multimedia CYFEST 16"},"content":{"rendered":"<p>\ud83c\udf10Llega a M\u00e9xico CYFEST 16, el Festival Internacional de Arte Multimedia que re\u00fane a artistas, curadorxs, ingenierxs y activistas de todo el mundo.<br \/>\n\ud83d\udcc5 Del 4 al 21 de septiembre,\u00a0<a class=\"x1i10hfl xjbqb8w x1ejq31n x18oe1m7 x1sy0etr xstzfhl x972fbf x10w94by x1qhh985 x14e42zd x9f619 x1ypdohk xt0psk2 x3ct3a4 xdj266r x14z9mp xat24cr x1lziwak xexx8yu xyri2b x18d9i69 x1c1uobl x16tdsg8 x1hl2dhg xggy1nq x1a2a7pz  _aa9_ _a6hd\" tabindex=\"0\" role=\"link\" href=\"https:\/\/www.instagram.com\/explore\/tags\/enelccd\/?hl=es\">#ENELCCD<\/a><\/p>\n<p>\ud83c\udfb6\ud83c\udfa5 Instalaciones interactivas, arte sonoro, videoarte, XR\/VR, composici\u00f3n algor\u00edtmica y m\u00e1s.<br \/>\nEl tema de este a\u00f1o: \u201cArchivo de sentimientos. Un viaje\u201d \u2014 un recorrido por la memoria, la intimidad y la informaci\u00f3n.<\/p>\n<p>\ud83d\udd14 Inauguraci\u00f3n:<br \/>\n4 de septiembre | 20:00 h<br \/>\nCon presentaciones en vivo de Hugo Sol\u00eds, Gustavo Matamoros y Jos\u00e9 Hern\u00e1ndez S\u00e1nchez.<\/p>\n<p>\ud83d\udc49 Desliza el carrusel para conocer el programa p\u00fablico y consulta m\u00e1s en centroculturadigital.mx<\/p>","protected":false},"excerpt":{"rendered":"<p>\ud83c\udf10Llega a M\u00e9xico CYFEST 16, el Festival Internacional de Arte Multimedia que re\u00fane a artistas, curadorxs, ingenierxs y activistas de [&hellip;]<\/p>","protected":false},"author":40,"featured_media":34395,"template":"","meta":{"site-sidebar-layout":"default","site-content-layout":"","ast-site-content-layout":"default","site-content-style":"default","site-sidebar-style":"default","ast-global-header-display":"","ast-banner-title-visibility":"","ast-main-header-display":"","ast-hfb-above-header-display":"","ast-hfb-below-header-display":"","ast-hfb-mobile-header-display":"","site-post-title":"","ast-breadcrumbs-content":"","ast-featured-img":"","footer-sml-layout":"","theme-transparent-header-meta":"default","adv-header-id-meta":"","stick-header-meta":"","header-above-stick-meta":"","header-main-stick-meta":"","header-below-stick-meta":"","astra-migrate-meta-layouts":"set","ast-page-background-enabled":"default","ast-page-background-meta":{"desktop":{"background-color":"var(--ast-global-color-4)","background-image":"","background-repeat":"repeat","background-position":"center center","background-size":"auto","background-attachment":"scroll","background-type":"","background-media":"","overlay-type":"","overlay-color":"","overlay-opacity":"","overlay-gradient":""},"tablet":{"background-color":"","background-image":"","background-repeat":"repeat","background-position":"center center","background-size":"auto","background-attachment":"scroll","background-type":"","background-media":"","overlay-type":"","overlay-color":"","overlay-opacity":"","overlay-gradient":""},"mobile":{"background-color":"","background-image":"","background-repeat":"repeat","background-position":"center center","background-size":"auto","background-attachment":"scroll","background-type":"","background-media":"","overlay-type":"","overlay-color":"","overlay-opacity":"","overlay-gradient":""}},"ast-content-background-meta":{"desktop":{"background-color":"var(--ast-global-color-5)","background-image":"","background-repeat":"repeat","background-position":"center center","background-size":"auto","background-attachment":"scroll","background-type":"","background-media":"","overlay-type":"","overlay-color":"","overlay-opacity":"","overlay-gradient":""},"tablet":{"background-color":"var(--ast-global-color-5)","background-image":"","background-repeat":"repeat","background-position":"center center","background-size":"auto","background-attachment":"scroll","background-type":"","background-media":"","overlay-type":"","overlay-color":"","overlay-opacity":"","overlay-gradient":""},"mobile":{"background-color":"var(--ast-global-color-5)","background-image":"","background-repeat":"repeat","background-position":"center center","background-size":"auto","background-attachment":"scroll","background-type":"","background-media":"","overlay-type":"","overlay-color":"","overlay-opacity":"","overlay-gradient":""}},"fecha_de_inicio":1756976400,"fecha_de_finalizacion":1758484800,"duracion_evento":"","modalidad":"presencial","tipo_de_acceso":"gratuito","precio_evento":"","link_externo":"","direccion":"Av. P.\u00ba de la Reforma S\/N, Ju\u00e1rez, Miguel Hidalgo, 06600 Ciudad de M\u00e9xico, CDMX","featured_event":""},"etiquetas-de-evento":[2026,506,1666,1728],"ubicacion-de-evento":[479,478],"categoria-de-evento":[1650,1628],"class_list":["post-34394","eventos","type-eventos","status-publish","has-post-thumbnail","hentry","etiquetas-de-evento-animacion","etiquetas-de-evento-artes-visuales","etiquetas-de-evento-digital","etiquetas-de-evento-video","ubicacion-de-evento-cdmx","ubicacion-de-evento-mexico","categoria-de-evento-centro-cultural-exposicion","categoria-de-evento-exposicion"],"_links":{"self":[{"href":"https:\/\/themesh.art\/en\/wp-json\/wp\/v2\/eventos\/34394","targetHints":{"allow":["GET"]}}],"collection":[{"href":"https:\/\/themesh.art\/en\/wp-json\/wp\/v2\/eventos"}],"about":[{"href":"https:\/\/themesh.art\/en\/wp-json\/wp\/v2\/types\/eventos"}],"author":[{"embeddable":true,"href":"https:\/\/themesh.art\/en\/wp-json\/wp\/v2\/users\/40"}],"wp:featuredmedia":[{"embeddable":true,"href":"https:\/\/themesh.art\/en\/wp-json\/wp\/v2\/media\/34395"}],"wp:attachment":[{"href":"https:\/\/themesh.art\/en\/wp-json\/wp\/v2\/media?parent=34394"}],"wp:term":[{"taxonomy":"etiquetas-de-evento","embeddable":true,"href":"https:\/\/themesh.art\/en\/wp-json\/wp\/v2\/etiquetas-de-evento?post=34394"},{"taxonomy":"ubicacion-de-evento","embeddable":true,"href":"https:\/\/themesh.art\/en\/wp-json\/wp\/v2\/ubicacion-de-evento?post=34394"},{"taxonomy":"categoria-de-evento","embeddable":true,"href":"https:\/\/themesh.art\/en\/wp-json\/wp\/v2\/categoria-de-evento?post=34394"}],"curies":[{"name":"wp","href":"https:\/\/api.w.org\/{rel}","templated":true}]}}

<p>🌐Llega a México CYFEST 16, el Festival Internacional de Arte Multimedia que reúne a artistas, curadorxs, ingenierxs y activistas de todo el mundo.<br />
📅 Del 4 al 21 de septiembre, <a class="x1i10hfl xjbqb8w x1ejq31n x18oe1m7 x1sy0etr xstzfhl x972fbf x10w94by x1qhh985 x14e42zd x9f619 x1ypdohk xt0psk2 x3ct3a4 xdj266r x14z9mp xat24cr x1lziwak xexx8yu xyri2b x18d9i69 x1c1uobl x16tdsg8 x1hl2dhg xggy1nq x1a2a7pz  _aa9_ _a6hd" tabindex="0" role="link" href="https://www.instagram.com/explore/tags/enelccd/?hl=es">#ENELCCD</a></p>
<p>🎶🎥 Instalaciones interactivas, arte sonoro, videoarte, XR/VR, composición algorítmica y más.<br />
El tema de este año: “Archivo de sentimientos. Un viaje” — un recorrido por la memoria, la intimidad y la información.</p>
<p>🔔 Inauguración:<br />
4 de septiembre | 20:00 h<br />
Con presentaciones en vivo de Hugo Solís, Gustavo Matamoros y José Hernández Sánchez.</p>
<p>👉 Desliza el carrusel para conocer el programa público y consulta más en centroculturadigital.mx</p>

<p>🌐Llega a México CYFEST 16, el Festival Internacional de Arte Multimedia que reúne a artistas, curadorxs, ingenierxs y activistas de [&hellip;]</p>

Av. P.º de la Reforma S/N, Juárez, Miguel Hidalgo, 06600 Ciudad de México, CDMX
