{"id":34322,"date":"2025-09-03T19:18:57","date_gmt":"2025-09-04T01:18:57","guid":{"rendered":"https:\/\/themesh.art\/?post_type=eventos&#038;p=34322"},"modified":"2025-09-03T19:18:57","modified_gmt":"2025-09-04T01:18:57","slug":"exposicion-grafica-alternativa-algrafia","status":"publish","type":"eventos","link":"https:\/\/themesh.art\/en\/eventos\/exposicion-grafica-alternativa-algrafia\/","title":{"rendered":"Exposici\u00f3n Gr\u00e1fica Alternativa; Algraf\u00eda"},"content":{"rendered":"<p>Nos complace invitarles a la inauguraci\u00f3n de la exposici\u00f3n colectiva Gr\u00e1fica alternativa: Algraf\u00eda, por alumnos de la Facultad de Artes-UAQ, campus San Juan del R\u00edo. La cita es el pr\u00f3ximo jueves 4 de septiembre, a las 6:00 pm.<\/p>\n<p>Te esperamos en nuestra casa sede:<br \/>\n\ud83d\udccdMelchor Ocampo Norte n\u00famero 13, Centro Hist\u00f3rico<\/p>","protected":false},"excerpt":{"rendered":"<p>Nos complace invitarles a la inauguraci\u00f3n de la exposici\u00f3n colectiva Gr\u00e1fica alternativa: Algraf\u00eda, por alumnos de la Facultad de Artes-UAQ, [&hellip;]<\/p>","protected":false},"author":40,"featured_media":34323,"template":"","meta":{"site-sidebar-layout":"default","site-content-layout":"","ast-site-content-layout":"default","site-content-style":"default","site-sidebar-style":"default","ast-global-header-display":"","ast-banner-title-visibility":"","ast-main-header-display":"","ast-hfb-above-header-display":"","ast-hfb-below-header-display":"","ast-hfb-mobile-header-display":"","site-post-title":"","ast-breadcrumbs-content":"","ast-featured-img":"","footer-sml-layout":"","theme-transparent-header-meta":"default","adv-header-id-meta":"","stick-header-meta":"","header-above-stick-meta":"","header-main-stick-meta":"","header-below-stick-meta":"","astra-migrate-meta-layouts":"set","ast-page-background-enabled":"default","ast-page-background-meta":{"desktop":{"background-color":"var(--ast-global-color-4)","background-image":"","background-repeat":"repeat","background-position":"center center","background-size":"auto","background-attachment":"scroll","background-type":"","background-media":"","overlay-type":"","overlay-color":"","overlay-opacity":"","overlay-gradient":""},"tablet":{"background-color":"","background-image":"","background-repeat":"repeat","background-position":"center center","background-size":"auto","background-attachment":"scroll","background-type":"","background-media":"","overlay-type":"","overlay-color":"","overlay-opacity":"","overlay-gradient":""},"mobile":{"background-color":"","background-image":"","background-repeat":"repeat","background-position":"center center","background-size":"auto","background-attachment":"scroll","background-type":"","background-media":"","overlay-type":"","overlay-color":"","overlay-opacity":"","overlay-gradient":""}},"ast-content-background-meta":{"desktop":{"background-color":"var(--ast-global-color-5)","background-image":"","background-repeat":"repeat","background-position":"center center","background-size":"auto","background-attachment":"scroll","background-type":"","background-media":"","overlay-type":"","overlay-color":"","overlay-opacity":"","overlay-gradient":""},"tablet":{"background-color":"var(--ast-global-color-5)","background-image":"","background-repeat":"repeat","background-position":"center center","background-size":"auto","background-attachment":"scroll","background-type":"","background-media":"","overlay-type":"","overlay-color":"","overlay-opacity":"","overlay-gradient":""},"mobile":{"background-color":"var(--ast-global-color-5)","background-image":"","background-repeat":"repeat","background-position":"center center","background-size":"auto","background-attachment":"scroll","background-type":"","background-media":"","overlay-type":"","overlay-color":"","overlay-opacity":"","overlay-gradient":""}},"fecha_de_inicio":1757008800,"fecha_de_finalizacion":1759604400,"duracion_evento":"","modalidad":"presencial","tipo_de_acceso":"","precio_evento":"","link_externo":"","direccion":"Calle Melchor Ocampo No. 13-nte, Centro, 76000 Santiago de Quer\u00e9taro, Qro.","featured_event":""},"etiquetas-de-evento":[1630,506],"ubicacion-de-evento":[478,510],"categoria-de-evento":[2403,1628],"class_list":["post-34322","eventos","type-eventos","status-publish","has-post-thumbnail","hentry","etiquetas-de-evento-arte-contemporaneo-artes-visuales","etiquetas-de-evento-artes-visuales","ubicacion-de-evento-mexico","ubicacion-de-evento-queretaro","categoria-de-evento-espacio-independiente","categoria-de-evento-exposicion"],"_links":{"self":[{"href":"https:\/\/themesh.art\/en\/wp-json\/wp\/v2\/eventos\/34322","targetHints":{"allow":["GET"]}}],"collection":[{"href":"https:\/\/themesh.art\/en\/wp-json\/wp\/v2\/eventos"}],"about":[{"href":"https:\/\/themesh.art\/en\/wp-json\/wp\/v2\/types\/eventos"}],"author":[{"embeddable":true,"href":"https:\/\/themesh.art\/en\/wp-json\/wp\/v2\/users\/40"}],"wp:featuredmedia":[{"embeddable":true,"href":"https:\/\/themesh.art\/en\/wp-json\/wp\/v2\/media\/34323"}],"wp:attachment":[{"href":"https:\/\/themesh.art\/en\/wp-json\/wp\/v2\/media?parent=34322"}],"wp:term":[{"taxonomy":"etiquetas-de-evento","embeddable":true,"href":"https:\/\/themesh.art\/en\/wp-json\/wp\/v2\/etiquetas-de-evento?post=34322"},{"taxonomy":"ubicacion-de-evento","embeddable":true,"href":"https:\/\/themesh.art\/en\/wp-json\/wp\/v2\/ubicacion-de-evento?post=34322"},{"taxonomy":"categoria-de-evento","embeddable":true,"href":"https:\/\/themesh.art\/en\/wp-json\/wp\/v2\/categoria-de-evento?post=34322"}],"curies":[{"name":"wp","href":"https:\/\/api.w.org\/{rel}","templated":true}]}}

Exposición Gráfica Alternativa; Algrafía

<p>Nos complace invitarles a la inauguración de la exposición colectiva Gráfica alternativa: Algrafía, por alumnos de la Facultad de Artes-UAQ, campus San Juan del Río. La cita es el próximo jueves 4 de septiembre, a las 6:00 pm.</p>
<p>Te esperamos en nuestra casa sede:<br />
📍Melchor Ocampo Norte número 13, Centro Histórico</p>

<p>Nos complace invitarles a la inauguración de la exposición colectiva Gráfica alternativa: Algrafía, por alumnos de la Facultad de Artes-UAQ, [&hellip;]</p>

Calle Melchor Ocampo No. 13-nte, Centro, 76000 Santiago de Querétaro, Qro.
