{"id":29210,"date":"2025-06-22T00:27:50","date_gmt":"2025-06-22T06:27:50","guid":{"rendered":"https:\/\/themesh.art\/?post_type=eventos&#038;p=29210"},"modified":"2025-06-22T00:27:50","modified_gmt":"2025-06-22T06:27:50","slug":"sin-reconocer","status":"publish","type":"eventos","link":"https:\/\/themesh.art\/en\/eventos\/sin-reconocer\/","title":{"rendered":"Sin Reconocer"},"content":{"rendered":"<p><strong data-start=\"123\" data-end=\"198\">Nueva exposici\u00f3n en el Museo de la Ciudad: \u00abSin reconocer\u00bb de Rodr\u00edguez<\/strong><br data-start=\"198\" data-end=\"201\" \/>Este 6 de junio de 2025 se inaugura\u00a0<em data-start=\"237\" data-end=\"252\">Sin reconocer<\/em>, una impactante muestra del artista Rodr\u00edguez que explora los l\u00edmites de la identidad, la memoria y la forma humana. La exposici\u00f3n estar\u00e1 abierta en el Museo de la Ciudad, ubicado en Calle Vicente Guerrero Nte. 27, Centro, Santiago de Quer\u00e9taro.<\/p>","protected":false},"excerpt":{"rendered":"<p>Nueva exposici\u00f3n en el Museo de la Ciudad: \u00abSin reconocer\u00bb de Rodr\u00edguezEste 6 de junio de 2025 se inaugura\u00a0Sin reconocer, [&hellip;]<\/p>","protected":false},"author":40,"featured_media":29211,"template":"","meta":{"site-sidebar-layout":"default","site-content-layout":"","ast-site-content-layout":"default","site-content-style":"default","site-sidebar-style":"default","ast-global-header-display":"","ast-banner-title-visibility":"","ast-main-header-display":"","ast-hfb-above-header-display":"","ast-hfb-below-header-display":"","ast-hfb-mobile-header-display":"","site-post-title":"","ast-breadcrumbs-content":"","ast-featured-img":"","footer-sml-layout":"","theme-transparent-header-meta":"default","adv-header-id-meta":"","stick-header-meta":"","header-above-stick-meta":"","header-main-stick-meta":"","header-below-stick-meta":"","astra-migrate-meta-layouts":"set","ast-page-background-enabled":"default","ast-page-background-meta":{"desktop":{"background-color":"var(--ast-global-color-4)","background-image":"","background-repeat":"repeat","background-position":"center center","background-size":"auto","background-attachment":"scroll","background-type":"","background-media":"","overlay-type":"","overlay-color":"","overlay-opacity":"","overlay-gradient":""},"tablet":{"background-color":"","background-image":"","background-repeat":"repeat","background-position":"center center","background-size":"auto","background-attachment":"scroll","background-type":"","background-media":"","overlay-type":"","overlay-color":"","overlay-opacity":"","overlay-gradient":""},"mobile":{"background-color":"","background-image":"","background-repeat":"repeat","background-position":"center center","background-size":"auto","background-attachment":"scroll","background-type":"","background-media":"","overlay-type":"","overlay-color":"","overlay-opacity":"","overlay-gradient":""}},"ast-content-background-meta":{"desktop":{"background-color":"var(--ast-global-color-5)","background-image":"","background-repeat":"repeat","background-position":"center center","background-size":"auto","background-attachment":"scroll","background-type":"","background-media":"","overlay-type":"","overlay-color":"","overlay-opacity":"","overlay-gradient":""},"tablet":{"background-color":"var(--ast-global-color-5)","background-image":"","background-repeat":"repeat","background-position":"center center","background-size":"auto","background-attachment":"scroll","background-type":"","background-media":"","overlay-type":"","overlay-color":"","overlay-opacity":"","overlay-gradient":""},"mobile":{"background-color":"var(--ast-global-color-5)","background-image":"","background-repeat":"repeat","background-position":"center center","background-size":"auto","background-attachment":"scroll","background-type":"","background-media":"","overlay-type":"","overlay-color":"","overlay-opacity":"","overlay-gradient":""}},"fecha_de_inicio":1749204000,"fecha_de_finalizacion":1753988400,"duracion_evento":"","modalidad":"presencial","tipo_de_acceso":"gratuito","precio_evento":"","link_externo":"","direccion":"Calle Vicente Guerrero Nte. 27, Centro, 76000 Santiago de Quer\u00e9taro, Qro.","featured_event":""},"etiquetas-de-evento":[1630,1622,1636,1623],"ubicacion-de-evento":[478,510],"categoria-de-evento":[1650,1628],"class_list":["post-29210","eventos","type-eventos","status-publish","has-post-thumbnail","hentry","etiquetas-de-evento-arte-contemporaneo-artes-visuales","etiquetas-de-evento-dibujo-artes-visuales","etiquetas-de-evento-escultura-artes-visuales","etiquetas-de-evento-pintura-artes-visuales","ubicacion-de-evento-mexico","ubicacion-de-evento-queretaro","categoria-de-evento-centro-cultural-exposicion","categoria-de-evento-exposicion"],"_links":{"self":[{"href":"https:\/\/themesh.art\/en\/wp-json\/wp\/v2\/eventos\/29210","targetHints":{"allow":["GET"]}}],"collection":[{"href":"https:\/\/themesh.art\/en\/wp-json\/wp\/v2\/eventos"}],"about":[{"href":"https:\/\/themesh.art\/en\/wp-json\/wp\/v2\/types\/eventos"}],"author":[{"embeddable":true,"href":"https:\/\/themesh.art\/en\/wp-json\/wp\/v2\/users\/40"}],"wp:featuredmedia":[{"embeddable":true,"href":"https:\/\/themesh.art\/en\/wp-json\/wp\/v2\/media\/29211"}],"wp:attachment":[{"href":"https:\/\/themesh.art\/en\/wp-json\/wp\/v2\/media?parent=29210"}],"wp:term":[{"taxonomy":"etiquetas-de-evento","embeddable":true,"href":"https:\/\/themesh.art\/en\/wp-json\/wp\/v2\/etiquetas-de-evento?post=29210"},{"taxonomy":"ubicacion-de-evento","embeddable":true,"href":"https:\/\/themesh.art\/en\/wp-json\/wp\/v2\/ubicacion-de-evento?post=29210"},{"taxonomy":"categoria-de-evento","embeddable":true,"href":"https:\/\/themesh.art\/en\/wp-json\/wp\/v2\/categoria-de-evento?post=29210"}],"curies":[{"name":"wp","href":"https:\/\/api.w.org\/{rel}","templated":true}]}}

<p><strong data-start="123" data-end="198">Nueva exposición en el Museo de la Ciudad: «Sin reconocer» de Rodríguez</strong><br data-start="198" data-end="201" />Este 6 de junio de 2025 se inaugura <em data-start="237" data-end="252">Sin reconocer</em>, una impactante muestra del artista Rodríguez que explora los límites de la identidad, la memoria y la forma humana. La exposición estará abierta en el Museo de la Ciudad, ubicado en Calle Vicente Guerrero Nte. 27, Centro, Santiago de Querétaro.</p>

<p>Nueva exposición en el Museo de la Ciudad: «Sin reconocer» de RodríguezEste 6 de junio de 2025 se inaugura Sin reconocer, [&hellip;]</p>

Calle Vicente Guerrero Nte. 27, Centro, 76000 Santiago de Querétaro, Qro.
