{"id":28357,"date":"2025-06-05T23:30:18","date_gmt":"2025-06-06T05:30:18","guid":{"rendered":"https:\/\/themesh.art\/?post_type=eventos&#038;p=28357"},"modified":"2025-07-21T14:17:46","modified_gmt":"2025-07-21T20:17:46","slug":"ruido-solido","status":"publish","type":"eventos","link":"https:\/\/themesh.art\/en\/eventos\/ruido-solido\/","title":{"rendered":"Ruido S\u00f3lido"},"content":{"rendered":"<p><span class=\"relative -mx-px my-[-0.2rem] rounded px-px py-[0.2rem] transition-colors duration-100 ease-in-out\">Esta muestra re\u00fane a diversos artistas contempor\u00e1neos que exploran la relaci\u00f3n entre el sonido, la materia y el espacio a trav\u00e9s de diferentes disciplinas art\u00edsticas.<\/span><span class=\"relative -mx-px my-[-0.2rem] rounded px-px py-[0.2rem] transition-colors duration-100 ease-in-out\">La exposici\u00f3n fue curada por <strong data-start=\"29\" data-end=\"47\">Selma Guisande<\/strong> y gestionada por <strong data-start=\"65\" data-end=\"80\">Itzel Tovar<\/strong>.<\/span> <span class=\"relative -mx-px my-[-0.2rem] rounded px-px py-[0.2rem] transition-colors duration-100 ease-in-out\">El t\u00edtulo &#8220;Ruido S\u00f3lido&#8221; sugiere una reflexi\u00f3n sobre c\u00f3mo el sonido, generalmente ef\u00edmero e intangible, puede adquirir una presencia f\u00edsica y visual en el arte contempor\u00e1neo.<\/span> <span class=\"relative -mx-px my-[-0.2rem] rounded px-px py-[0.2rem] transition-colors duration-100 ease-in-out\">La muestra invita a los espectadores a experimentar el ruido no solo como una perturbaci\u00f3n auditiva, sino como una fuerza que moldea y transforma el entorno<\/span><\/p>","protected":false},"excerpt":{"rendered":"<p>Esta muestra re\u00fane a diversos artistas contempor\u00e1neos que exploran la relaci\u00f3n entre el sonido, la materia y el espacio a [&hellip;]<\/p>","protected":false},"author":40,"featured_media":28358,"template":"","meta":{"site-sidebar-layout":"default","site-content-layout":"","ast-site-content-layout":"default","site-content-style":"default","site-sidebar-style":"default","ast-global-header-display":"","ast-banner-title-visibility":"","ast-main-header-display":"","ast-hfb-above-header-display":"","ast-hfb-below-header-display":"","ast-hfb-mobile-header-display":"","site-post-title":"","ast-breadcrumbs-content":"","ast-featured-img":"","footer-sml-layout":"","theme-transparent-header-meta":"default","adv-header-id-meta":"","stick-header-meta":"","header-above-stick-meta":"","header-main-stick-meta":"","header-below-stick-meta":"","astra-migrate-meta-layouts":"set","ast-page-background-enabled":"default","ast-page-background-meta":{"desktop":{"background-color":"var(--ast-global-color-4)","background-image":"","background-repeat":"repeat","background-position":"center center","background-size":"auto","background-attachment":"scroll","background-type":"","background-media":"","overlay-type":"","overlay-color":"","overlay-opacity":"","overlay-gradient":""},"tablet":{"background-color":"","background-image":"","background-repeat":"repeat","background-position":"center center","background-size":"auto","background-attachment":"scroll","background-type":"","background-media":"","overlay-type":"","overlay-color":"","overlay-opacity":"","overlay-gradient":""},"mobile":{"background-color":"","background-image":"","background-repeat":"repeat","background-position":"center center","background-size":"auto","background-attachment":"scroll","background-type":"","background-media":"","overlay-type":"","overlay-color":"","overlay-opacity":"","overlay-gradient":""}},"ast-content-background-meta":{"desktop":{"background-color":"var(--ast-global-color-5)","background-image":"","background-repeat":"repeat","background-position":"center center","background-size":"auto","background-attachment":"scroll","background-type":"","background-media":"","overlay-type":"","overlay-color":"","overlay-opacity":"","overlay-gradient":""},"tablet":{"background-color":"var(--ast-global-color-5)","background-image":"","background-repeat":"repeat","background-position":"center center","background-size":"auto","background-attachment":"scroll","background-type":"","background-media":"","overlay-type":"","overlay-color":"","overlay-opacity":"","overlay-gradient":""},"mobile":{"background-color":"var(--ast-global-color-5)","background-image":"","background-repeat":"repeat","background-position":"center center","background-size":"auto","background-attachment":"scroll","background-type":"","background-media":"","overlay-type":"","overlay-color":"","overlay-opacity":"","overlay-gradient":""}},"fecha_de_inicio":1748631600,"fecha_de_finalizacion":1753725600,"duracion_evento":"","modalidad":"presencial","tipo_de_acceso":"gratuito","precio_evento":"","link_externo":"","direccion":"C. 16 de Septiembre 97, La Santa Cruz, Centro, 76000 Santiago de Quer\u00e9taro, Qro.","featured_event":""},"etiquetas-de-evento":[1654,506,1632],"ubicacion-de-evento":[478,510],"categoria-de-evento":[1650,1628,1629,482],"class_list":["post-28357","eventos","type-eventos","status-publish","has-post-thumbnail","hentry","etiquetas-de-evento-artes-aplicadas","etiquetas-de-evento-artes-visuales","etiquetas-de-evento-musica","ubicacion-de-evento-mexico","ubicacion-de-evento-queretaro","categoria-de-evento-centro-cultural-exposicion","categoria-de-evento-exposicion","categoria-de-evento-museo-exposicion","categoria-de-evento-musica"],"_links":{"self":[{"href":"https:\/\/themesh.art\/en\/wp-json\/wp\/v2\/eventos\/28357","targetHints":{"allow":["GET"]}}],"collection":[{"href":"https:\/\/themesh.art\/en\/wp-json\/wp\/v2\/eventos"}],"about":[{"href":"https:\/\/themesh.art\/en\/wp-json\/wp\/v2\/types\/eventos"}],"author":[{"embeddable":true,"href":"https:\/\/themesh.art\/en\/wp-json\/wp\/v2\/users\/40"}],"wp:featuredmedia":[{"embeddable":true,"href":"https:\/\/themesh.art\/en\/wp-json\/wp\/v2\/media\/28358"}],"wp:attachment":[{"href":"https:\/\/themesh.art\/en\/wp-json\/wp\/v2\/media?parent=28357"}],"wp:term":[{"taxonomy":"etiquetas-de-evento","embeddable":true,"href":"https:\/\/themesh.art\/en\/wp-json\/wp\/v2\/etiquetas-de-evento?post=28357"},{"taxonomy":"ubicacion-de-evento","embeddable":true,"href":"https:\/\/themesh.art\/en\/wp-json\/wp\/v2\/ubicacion-de-evento?post=28357"},{"taxonomy":"categoria-de-evento","embeddable":true,"href":"https:\/\/themesh.art\/en\/wp-json\/wp\/v2\/categoria-de-evento?post=28357"}],"curies":[{"name":"wp","href":"https:\/\/api.w.org\/{rel}","templated":true}]}}

Ruido Sólido

<p><span class="relative -mx-px my-[-0.2rem] rounded px-px py-[0.2rem] transition-colors duration-100 ease-in-out">Esta muestra reúne a diversos artistas contemporáneos que exploran la relación entre el sonido, la materia y el espacio a través de diferentes disciplinas artísticas.</span><span class="relative -mx-px my-[-0.2rem] rounded px-px py-[0.2rem] transition-colors duration-100 ease-in-out">La exposición fue curada por <strong data-start="29" data-end="47">Selma Guisande</strong> y gestionada por <strong data-start="65" data-end="80">Itzel Tovar</strong>.</span> <span class="relative -mx-px my-[-0.2rem] rounded px-px py-[0.2rem] transition-colors duration-100 ease-in-out">El título &#8220;Ruido Sólido&#8221; sugiere una reflexión sobre cómo el sonido, generalmente efímero e intangible, puede adquirir una presencia física y visual en el arte contemporáneo.</span> <span class="relative -mx-px my-[-0.2rem] rounded px-px py-[0.2rem] transition-colors duration-100 ease-in-out">La muestra invita a los espectadores a experimentar el ruido no solo como una perturbación auditiva, sino como una fuerza que moldea y transforma el entorno</span></p>

<p>Esta muestra reúne a diversos artistas contemporáneos que exploran la relación entre el sonido, la materia y el espacio a [&hellip;]</p>

C. 16 de Septiembre 97, La Santa Cruz, Centro, 76000 Santiago de Querétaro, Qro.
