{"id":27241,"date":"2025-05-03T22:51:32","date_gmt":"2025-05-04T04:51:32","guid":{"rendered":"https:\/\/themesh.art\/?post_type=eventos&#038;p=27241"},"modified":"2025-05-03T22:51:32","modified_gmt":"2025-05-04T04:51:32","slug":"elisa-pinto-habitacion","status":"publish","type":"eventos","link":"https:\/\/themesh.art\/en\/eventos\/elisa-pinto-habitacion\/","title":{"rendered":"Elisa Pinto. Habitaci\u00f3n."},"content":{"rendered":"<h5 class=\"exhibitionposts-date uk-margin\"><\/h5>\n<div class=\"uk-panel uk-text-lead exhibitionposts-content uk-margin\">\n<p>\u00bfExiste alg\u00fan lugar m\u00e1s desapercibidamente significativo en nuestras vidas que la habitaci\u00f3n en la que crecimos\u2014el espacio en el que jugamos y conversamos, pensamos, le\u00edmos y susurramos sue\u00f1os en la oscuridad, tanteando a ciegas los rituales que nos convierten en personas; en el que el mobiliario mental que nos define asumi\u00f3 una disposici\u00f3n coherente; y en el que, al despertar, asumimos la conciencia espec\u00edfica y autoconsciente que constituye un yo?<\/p>\n<p>Para m\u00ed, eso ocurri\u00f3 acostado en la cama, mirando el papel tapiz feo de los a\u00f1os setenta (rayas irregulares, en colores imperfectos de arco\u00edris) que cubr\u00eda una de las paredes de mi habitaci\u00f3n de la infancia. Fue alrededor de los diez a\u00f1os (\u00bf?), bajo ese patr\u00f3n poco prometedor, cuando creo que ocurri\u00f3 el emplazamiento de la personalidad (\u00bfimplantaci\u00f3n psicol\u00f3gica?). No hay nada de lo que sent\u00eda al ver pasar aviones rumbo al Aeropuerto Internacional de San Francisco por la gran ventana panor\u00e1mica de esa habitaci\u00f3n que no pueda recordar. Y me costar\u00eda poco trabajo reproducir con precisi\u00f3n el escenario f\u00edsico de las puertas corredizas del cl\u00f3set, montadas sobre un riel pegajoso. O recuperar las emociones almacenadas en el desorden de objetos que se fueron acumulando ah\u00ed\u2014como el le\u00f3n de cuerda que tocaba You Are My Sunshine, cuya melena de estambre amarillo mostaza sol\u00eda meterme en la nariz sin ninguna conciencia apenas uno o dos a\u00f1os antes.<\/p>\n<p>Elisa Pinto (Aguascalientes, M\u00e9xico, 1985) trabaja generalmente de forma autobiogr\u00e1fica. Esta presentaci\u00f3n en forma de boceto de su habitaci\u00f3n incluye una selecci\u00f3n enigm\u00e1tica y cuidadosamente restringida de elementos. Las inclusiones hacen referencia al contenido emocional de la memoria de los objetos, las personas y las relaciones\u2014su presencia y su ausencia\u2014y al escenario espacial general de vida que constituyen, en y por el cual ella fue formada. El elemento dominante es la tuber\u00eda de cobre que delimita el espacio y sugiere que lo m\u00e1s importante es aquello que circula fuera de vista. Mientras que el elemento m\u00e1s visible es una persiana vertical con efecto tie-dye, en la que toda esa emoci\u00f3n parece concentrarse en un oc\u00e9ano hirviente de color, como de efectos especiales. Las dimensiones de la habitaci\u00f3n son precisas. Al igual que la herramienta de modelado que Elisa utiliz\u00f3 para planear la instalaci\u00f3n de Habitaci\u00f3n de forma virtual. Prob\u00f3 todas las orientaciones concebibles para lograr que su espacio encajara perfectamente dentro de este otro espacio, cosa que no logra. Somos el producto de muchos entornos, pero una vez construidos, no somos f\u00e1cilmente contenidos.<\/p>\n<p>\u2013 Dakin Hart<\/p>\n<\/div>","protected":false},"excerpt":{"rendered":"<p>\u00bfExiste alg\u00fan lugar m\u00e1s desapercibidamente significativo en nuestras vidas que la habitaci\u00f3n en la que crecimos\u2014el espacio en el que [&hellip;]<\/p>","protected":false},"author":1,"featured_media":27242,"template":"","meta":{"site-sidebar-layout":"default","site-content-layout":"","ast-site-content-layout":"default","site-content-style":"default","site-sidebar-style":"default","ast-global-header-display":"","ast-banner-title-visibility":"","ast-main-header-display":"","ast-hfb-above-header-display":"","ast-hfb-below-header-display":"","ast-hfb-mobile-header-display":"","site-post-title":"","ast-breadcrumbs-content":"","ast-featured-img":"","footer-sml-layout":"","theme-transparent-header-meta":"default","adv-header-id-meta":"","stick-header-meta":"","header-above-stick-meta":"","header-main-stick-meta":"","header-below-stick-meta":"","astra-migrate-meta-layouts":"set","ast-page-background-enabled":"default","ast-page-background-meta":{"desktop":{"background-color":"var(--ast-global-color-4)","background-image":"","background-repeat":"repeat","background-position":"center center","background-size":"auto","background-attachment":"scroll","background-type":"","background-media":"","overlay-type":"","overlay-color":"","overlay-opacity":"","overlay-gradient":""},"tablet":{"background-color":"","background-image":"","background-repeat":"repeat","background-position":"center center","background-size":"auto","background-attachment":"scroll","background-type":"","background-media":"","overlay-type":"","overlay-color":"","overlay-opacity":"","overlay-gradient":""},"mobile":{"background-color":"","background-image":"","background-repeat":"repeat","background-position":"center center","background-size":"auto","background-attachment":"scroll","background-type":"","background-media":"","overlay-type":"","overlay-color":"","overlay-opacity":"","overlay-gradient":""}},"ast-content-background-meta":{"desktop":{"background-color":"var(--ast-global-color-5)","background-image":"","background-repeat":"repeat","background-position":"center center","background-size":"auto","background-attachment":"scroll","background-type":"","background-media":"","overlay-type":"","overlay-color":"","overlay-opacity":"","overlay-gradient":""},"tablet":{"background-color":"var(--ast-global-color-5)","background-image":"","background-repeat":"repeat","background-position":"center center","background-size":"auto","background-attachment":"scroll","background-type":"","background-media":"","overlay-type":"","overlay-color":"","overlay-opacity":"","overlay-gradient":""},"mobile":{"background-color":"var(--ast-global-color-5)","background-image":"","background-repeat":"repeat","background-position":"center center","background-size":"auto","background-attachment":"scroll","background-type":"","background-media":"","overlay-type":"","overlay-color":"","overlay-opacity":"","overlay-gradient":""}},"fecha_de_inicio":1745668800,"fecha_de_finalizacion":1751828400,"duracion_evento":"","modalidad":"","tipo_de_acceso":"","precio_evento":"","link_externo":"","direccion":"C. Sabino 336, Atlampa, Cuauht\u00e9moc, 06450 Ciudad de M\u00e9xico, CDMX","featured_event":""},"etiquetas-de-evento":[1630,506,1642,1697],"ubicacion-de-evento":[479,478],"categoria-de-evento":[1628,1631],"class_list":["post-27241","eventos","type-eventos","status-publish","has-post-thumbnail","hentry","etiquetas-de-evento-arte-contemporaneo-artes-visuales","etiquetas-de-evento-artes-visuales","etiquetas-de-evento-instalacion","etiquetas-de-evento-objeto","ubicacion-de-evento-cdmx","ubicacion-de-evento-mexico","categoria-de-evento-exposicion","categoria-de-evento-galeria-exposicion"],"_links":{"self":[{"href":"https:\/\/themesh.art\/en\/wp-json\/wp\/v2\/eventos\/27241","targetHints":{"allow":["GET"]}}],"collection":[{"href":"https:\/\/themesh.art\/en\/wp-json\/wp\/v2\/eventos"}],"about":[{"href":"https:\/\/themesh.art\/en\/wp-json\/wp\/v2\/types\/eventos"}],"author":[{"embeddable":true,"href":"https:\/\/themesh.art\/en\/wp-json\/wp\/v2\/users\/1"}],"wp:featuredmedia":[{"embeddable":true,"href":"https:\/\/themesh.art\/en\/wp-json\/wp\/v2\/media\/27242"}],"wp:attachment":[{"href":"https:\/\/themesh.art\/en\/wp-json\/wp\/v2\/media?parent=27241"}],"wp:term":[{"taxonomy":"etiquetas-de-evento","embeddable":true,"href":"https:\/\/themesh.art\/en\/wp-json\/wp\/v2\/etiquetas-de-evento?post=27241"},{"taxonomy":"ubicacion-de-evento","embeddable":true,"href":"https:\/\/themesh.art\/en\/wp-json\/wp\/v2\/ubicacion-de-evento?post=27241"},{"taxonomy":"categoria-de-evento","embeddable":true,"href":"https:\/\/themesh.art\/en\/wp-json\/wp\/v2\/categoria-de-evento?post=27241"}],"curies":[{"name":"wp","href":"https:\/\/api.w.org\/{rel}","templated":true}]}}

Elisa Pinto. Habitación.

<h5 class="exhibitionposts-date uk-margin"></h5>
<div class="uk-panel uk-text-lead exhibitionposts-content uk-margin">
<p>¿Existe algún lugar más desapercibidamente significativo en nuestras vidas que la habitación en la que crecimos—el espacio en el que jugamos y conversamos, pensamos, leímos y susurramos sueños en la oscuridad, tanteando a ciegas los rituales que nos convierten en personas; en el que el mobiliario mental que nos define asumió una disposición coherente; y en el que, al despertar, asumimos la conciencia específica y autoconsciente que constituye un yo?</p>
<p>Para mí, eso ocurrió acostado en la cama, mirando el papel tapiz feo de los años setenta (rayas irregulares, en colores imperfectos de arcoíris) que cubría una de las paredes de mi habitación de la infancia. Fue alrededor de los diez años (¿?), bajo ese patrón poco prometedor, cuando creo que ocurrió el emplazamiento de la personalidad (¿implantación psicológica?). No hay nada de lo que sentía al ver pasar aviones rumbo al Aeropuerto Internacional de San Francisco por la gran ventana panorámica de esa habitación que no pueda recordar. Y me costaría poco trabajo reproducir con precisión el escenario físico de las puertas corredizas del clóset, montadas sobre un riel pegajoso. O recuperar las emociones almacenadas en el desorden de objetos que se fueron acumulando ahí—como el león de cuerda que tocaba You Are My Sunshine, cuya melena de estambre amarillo mostaza solía meterme en la nariz sin ninguna conciencia apenas uno o dos años antes.</p>
<p>Elisa Pinto (Aguascalientes, México, 1985) trabaja generalmente de forma autobiográfica. Esta presentación en forma de boceto de su habitación incluye una selección enigmática y cuidadosamente restringida de elementos. Las inclusiones hacen referencia al contenido emocional de la memoria de los objetos, las personas y las relaciones—su presencia y su ausencia—y al escenario espacial general de vida que constituyen, en y por el cual ella fue formada. El elemento dominante es la tubería de cobre que delimita el espacio y sugiere que lo más importante es aquello que circula fuera de vista. Mientras que el elemento más visible es una persiana vertical con efecto tie-dye, en la que toda esa emoción parece concentrarse en un océano hirviente de color, como de efectos especiales. Las dimensiones de la habitación son precisas. Al igual que la herramienta de modelado que Elisa utilizó para planear la instalación de Habitación de forma virtual. Probó todas las orientaciones concebibles para lograr que su espacio encajara perfectamente dentro de este otro espacio, cosa que no logra. Somos el producto de muchos entornos, pero una vez construidos, no somos fácilmente contenidos.</p>
<p>– Dakin Hart</p>
</div>

<p>¿Existe algún lugar más desapercibidamente significativo en nuestras vidas que la habitación en la que crecimos—el espacio en el que [&hellip;]</p>

C. Sabino 336, Atlampa, Cuauhtémoc, 06450 Ciudad de México, CDMX
