{"id":27092,"date":"2025-04-17T15:33:31","date_gmt":"2025-04-17T21:33:31","guid":{"rendered":"https:\/\/themesh.art\/?post_type=eventos&#038;p=27092"},"modified":"2025-04-18T11:52:49","modified_gmt":"2025-04-18T17:52:49","slug":"pablo-armesto-la-luz-que-no-vemos","status":"publish","type":"eventos","link":"https:\/\/themesh.art\/en\/eventos\/pablo-armesto-la-luz-que-no-vemos\/","title":{"rendered":"Pablo Armesto. La luz que no vemos"},"content":{"rendered":"<p>La exposici\u00f3n \u201cLa Luz que No Vemos\u201d del artista Pablo Armesto&nbsp;<a href=\"https:\/\/www.instagram.com\/pabloarmestoestudiodearte\/\">@pabloarmestoestudiodearte<\/a>&nbsp;se presenta en el Museo de Arte Contempor\u00e1neo de Quer\u00e9taro (MACQ)&nbsp;<a href=\"https:\/\/www.instagram.com\/elmacq\/\">@elmacq<\/a>&nbsp;como una serie de piezas que exploran la relaci\u00f3n entre la luz y la percepci\u00f3n, creando un di\u00e1logo entre la realidad y la abstracci\u00f3n.<\/p>\n\n\n\n<p>En esta exposici\u00f3n, Armesto presenta una selecci\u00f3n de obras que invitan a reflexionar sobre la comprensi\u00f3n de la luz como elemento fundamental en la configuraci\u00f3n de nuestra realidad.<\/p>\n\n\n\n<p><strong>Pablo Armesto<\/strong> (Schaffhausen, Suiza, 1970) es un artista visual contempor\u00e1neo que fusiona escultura, instalaci\u00f3n y tecnolog\u00eda lum\u00ednica para explorar la relaci\u00f3n entre luz, geometr\u00eda y percepci\u00f3n. Aunque naci\u00f3 en Suiza, se crio en Gij\u00f3n, Asturias, donde ha desarrollado gran parte de su carrera art\u00edstica.\u200b<\/p>\n\n\n\n<p>Desde finales de los a\u00f1os 90, Armesto ha centrado su obra en el uso de materiales como fibra \u00f3ptica, LEDs, neones y c\u00e1todos, combinados con madera y metales lacados. Estas combinaciones le permiten crear estructuras tridimensionales que juegan con la luz y la sombra, generando experiencias sensoriales que invitan a la reflexi\u00f3n sobre conceptos como el tiempo, el vac\u00edo y la espiritualidad. Su enfoque art\u00edstico se caracteriza por una &#8220;identidad lum\u00ednica&#8221;, donde la luz es tanto materia como s\u00edmbolo .\u200b<\/p>","protected":false},"excerpt":{"rendered":"<p>La exposici\u00f3n \u201cLa Luz que No Vemos\u201d del artista Pablo Armesto&nbsp;@pabloarmestoestudiodearte&nbsp;se presenta en el Museo de Arte Contempor\u00e1neo de Quer\u00e9taro [&hellip;]<\/p>","protected":false},"author":1,"featured_media":27097,"template":"","meta":{"site-sidebar-layout":"default","site-content-layout":"","ast-site-content-layout":"","site-content-style":"default","site-sidebar-style":"default","ast-global-header-display":"","ast-banner-title-visibility":"","ast-main-header-display":"","ast-hfb-above-header-display":"","ast-hfb-below-header-display":"","ast-hfb-mobile-header-display":"","site-post-title":"","ast-breadcrumbs-content":"","ast-featured-img":"","footer-sml-layout":"","theme-transparent-header-meta":"","adv-header-id-meta":"","stick-header-meta":"","header-above-stick-meta":"","header-main-stick-meta":"","header-below-stick-meta":"","astra-migrate-meta-layouts":"default","ast-page-background-enabled":"default","ast-page-background-meta":{"desktop":{"background-color":"var(--ast-global-color-4)","background-image":"","background-repeat":"repeat","background-position":"center center","background-size":"auto","background-attachment":"scroll","background-type":"","background-media":"","overlay-type":"","overlay-color":"","overlay-opacity":"","overlay-gradient":""},"tablet":{"background-color":"","background-image":"","background-repeat":"repeat","background-position":"center center","background-size":"auto","background-attachment":"scroll","background-type":"","background-media":"","overlay-type":"","overlay-color":"","overlay-opacity":"","overlay-gradient":""},"mobile":{"background-color":"","background-image":"","background-repeat":"repeat","background-position":"center center","background-size":"auto","background-attachment":"scroll","background-type":"","background-media":"","overlay-type":"","overlay-color":"","overlay-opacity":"","overlay-gradient":""}},"ast-content-background-meta":{"desktop":{"background-color":"var(--ast-global-color-5)","background-image":"","background-repeat":"repeat","background-position":"center center","background-size":"auto","background-attachment":"scroll","background-type":"","background-media":"","overlay-type":"","overlay-color":"","overlay-opacity":"","overlay-gradient":""},"tablet":{"background-color":"var(--ast-global-color-5)","background-image":"","background-repeat":"repeat","background-position":"center center","background-size":"auto","background-attachment":"scroll","background-type":"","background-media":"","overlay-type":"","overlay-color":"","overlay-opacity":"","overlay-gradient":""},"mobile":{"background-color":"var(--ast-global-color-5)","background-image":"","background-repeat":"repeat","background-position":"center center","background-size":"auto","background-attachment":"scroll","background-type":"","background-media":"","overlay-type":"","overlay-color":"","overlay-opacity":"","overlay-gradient":""}},"fecha_de_inicio":1744398000,"fecha_de_finalizacion":1748710800,"duracion_evento":"","modalidad":"","tipo_de_acceso":"","precio_evento":"","link_externo":"","direccion":"Manuel Acu\u00f1a esq Avenida Reforma Oriente S\/N, La Cruz, 76020 Santiago de Quer\u00e9taro, Qro.","featured_event":""},"etiquetas-de-evento":[1630,506,1636,1642],"ubicacion-de-evento":[478,510],"categoria-de-evento":[1628,1629],"class_list":["post-27092","eventos","type-eventos","status-publish","has-post-thumbnail","hentry","etiquetas-de-evento-arte-contemporaneo-artes-visuales","etiquetas-de-evento-artes-visuales","etiquetas-de-evento-escultura-artes-visuales","etiquetas-de-evento-instalacion","ubicacion-de-evento-mexico","ubicacion-de-evento-queretaro","categoria-de-evento-exposicion","categoria-de-evento-museo-exposicion"],"_links":{"self":[{"href":"https:\/\/themesh.art\/en\/wp-json\/wp\/v2\/eventos\/27092","targetHints":{"allow":["GET"]}}],"collection":[{"href":"https:\/\/themesh.art\/en\/wp-json\/wp\/v2\/eventos"}],"about":[{"href":"https:\/\/themesh.art\/en\/wp-json\/wp\/v2\/types\/eventos"}],"author":[{"embeddable":true,"href":"https:\/\/themesh.art\/en\/wp-json\/wp\/v2\/users\/1"}],"wp:featuredmedia":[{"embeddable":true,"href":"https:\/\/themesh.art\/en\/wp-json\/wp\/v2\/media\/27097"}],"wp:attachment":[{"href":"https:\/\/themesh.art\/en\/wp-json\/wp\/v2\/media?parent=27092"}],"wp:term":[{"taxonomy":"etiquetas-de-evento","embeddable":true,"href":"https:\/\/themesh.art\/en\/wp-json\/wp\/v2\/etiquetas-de-evento?post=27092"},{"taxonomy":"ubicacion-de-evento","embeddable":true,"href":"https:\/\/themesh.art\/en\/wp-json\/wp\/v2\/ubicacion-de-evento?post=27092"},{"taxonomy":"categoria-de-evento","embeddable":true,"href":"https:\/\/themesh.art\/en\/wp-json\/wp\/v2\/categoria-de-evento?post=27092"}],"curies":[{"name":"wp","href":"https:\/\/api.w.org\/{rel}","templated":true}]}}

<p>La exposición “La Luz que No Vemos” del artista Pablo Armesto&nbsp;<a href="https://www.instagram.com/pabloarmestoestudiodearte/">@pabloarmestoestudiodearte</a>&nbsp;se presenta en el Museo de Arte Contemporáneo de Querétaro (MACQ)&nbsp;<a href="https://www.instagram.com/elmacq/">@elmacq</a>&nbsp;como una serie de piezas que exploran la relación entre la luz y la percepción, creando un diálogo entre la realidad y la abstracción.</p>



<p>En esta exposición, Armesto presenta una selección de obras que invitan a reflexionar sobre la comprensión de la luz como elemento fundamental en la configuración de nuestra realidad.</p>



<p><strong>Pablo Armesto</strong> (Schaffhausen, Suiza, 1970) es un artista visual contemporáneo que fusiona escultura, instalación y tecnología lumínica para explorar la relación entre luz, geometría y percepción. Aunque nació en Suiza, se crio en Gijón, Asturias, donde ha desarrollado gran parte de su carrera artística.​</p>



<p>Desde finales de los años 90, Armesto ha centrado su obra en el uso de materiales como fibra óptica, LEDs, neones y cátodos, combinados con madera y metales lacados. Estas combinaciones le permiten crear estructuras tridimensionales que juegan con la luz y la sombra, generando experiencias sensoriales que invitan a la reflexión sobre conceptos como el tiempo, el vacío y la espiritualidad. Su enfoque artístico se caracteriza por una &#8220;identidad lumínica&#8221;, donde la luz es tanto materia como símbolo .​</p>

<p>La exposición “La Luz que No Vemos” del artista Pablo Armesto&nbsp;@pabloarmestoestudiodearte&nbsp;se presenta en el Museo de Arte Contemporáneo de Querétaro [&hellip;]</p>

Manuel Acuña esq Avenida Reforma Oriente S/N, La Cruz, 76020 Santiago de Querétaro, Qro.
