{"id":25712,"date":"2025-01-20T19:28:37","date_gmt":"2025-01-21T01:28:37","guid":{"rendered":"https:\/\/themesh.art\/?post_type=eventos&#038;p=25712"},"modified":"2025-01-24T18:24:40","modified_gmt":"2025-01-25T00:24:40","slug":"carlos-vielma-pelicula-perdida","status":"publish","type":"eventos","link":"https:\/\/themesh.art\/en\/eventos\/carlos-vielma-pelicula-perdida\/","title":{"rendered":"Carlos Vielma: Pel\u00edcula Perdida"},"content":{"rendered":"<h3 class=\"wp-block-heading\">Biography<\/h3>\n\n\n\n<p>Carlos Vielma<br><br>Born in Saltillo, in the northeast of Mexico near the Mexican-American border, he studied architecture and currently works with painting, sculpture, video and installation, subjects like the longing and the border.<br>He has been awarded with the FONCA scholarship for young creators and has been an artist in residence in Skowhegan in Maine, the Banff Center in Canada, also in the National University of Colombia in Bogota and in Casa Wabi in Puerto Escondido, Mexico, among others.<br>Recently he was honored as a member of the National system of creators (SNCA) and is currently living and working between Mexico City and Houston Texas where he is currently a fellow at the CORE Program at the Museum of Fine Arts, Houston.<br><br>Carlos Vielma<br><br>Nacido en Saltillo, en el noreste de M\u00e9xico cerca de la frontera con Estados Unidos, estudio arquitectura y actualmente trabaja con pintura, escultura, video e instalaci\u00f3n temas como la frontera y el anhelo.<br>Ha sido acreedor a la Beca J\u00f3venes Creadores por el FONCA, tambi\u00e9n ha realizado residencias art\u00edsticas en Skowhegan en Maine, en el Centro Banff en Canad\u00e1, en la Universidad Nacional de Colombia en Bogot\u00e1 y en Casa Wabi en Puerto Escondido, M\u00e9xico, entre otras.<br>Actualmente es miembro del Sistema Nacional de Creadores de Arte y vive y trabaja entre la Ciudad de M\u00e9xico y Houston, Texas, donde es becario del CORE Program para el Museo de Bellas artes de Houston.<\/p>","protected":false},"excerpt":{"rendered":"<p>Biography Carlos Vielma Born in Saltillo, in the northeast of Mexico near the Mexican-American border, he studied architecture and currently [&hellip;]<\/p>","protected":false},"author":1,"featured_media":25713,"template":"","meta":{"site-sidebar-layout":"default","site-content-layout":"","ast-site-content-layout":"","site-content-style":"default","site-sidebar-style":"default","ast-global-header-display":"","ast-banner-title-visibility":"","ast-main-header-display":"","ast-hfb-above-header-display":"","ast-hfb-below-header-display":"","ast-hfb-mobile-header-display":"","site-post-title":"","ast-breadcrumbs-content":"","ast-featured-img":"","footer-sml-layout":"","theme-transparent-header-meta":"","adv-header-id-meta":"","stick-header-meta":"","header-above-stick-meta":"","header-main-stick-meta":"","header-below-stick-meta":"","astra-migrate-meta-layouts":"default","ast-page-background-enabled":"default","ast-page-background-meta":{"desktop":{"background-color":"var(--ast-global-color-4)","background-image":"","background-repeat":"repeat","background-position":"center center","background-size":"auto","background-attachment":"scroll","background-type":"","background-media":"","overlay-type":"","overlay-color":"","overlay-opacity":"","overlay-gradient":""},"tablet":{"background-color":"","background-image":"","background-repeat":"repeat","background-position":"center center","background-size":"auto","background-attachment":"scroll","background-type":"","background-media":"","overlay-type":"","overlay-color":"","overlay-opacity":"","overlay-gradient":""},"mobile":{"background-color":"","background-image":"","background-repeat":"repeat","background-position":"center center","background-size":"auto","background-attachment":"scroll","background-type":"","background-media":"","overlay-type":"","overlay-color":"","overlay-opacity":"","overlay-gradient":""}},"ast-content-background-meta":{"desktop":{"background-color":"var(--ast-global-color-5)","background-image":"","background-repeat":"repeat","background-position":"center center","background-size":"auto","background-attachment":"scroll","background-type":"","background-media":"","overlay-type":"","overlay-color":"","overlay-opacity":"","overlay-gradient":""},"tablet":{"background-color":"var(--ast-global-color-5)","background-image":"","background-repeat":"repeat","background-position":"center center","background-size":"auto","background-attachment":"scroll","background-type":"","background-media":"","overlay-type":"","overlay-color":"","overlay-opacity":"","overlay-gradient":""},"mobile":{"background-color":"var(--ast-global-color-5)","background-image":"","background-repeat":"repeat","background-position":"center center","background-size":"auto","background-attachment":"scroll","background-type":"","background-media":"","overlay-type":"","overlay-color":"","overlay-opacity":"","overlay-gradient":""}},"featured_event":"","duracion_evento":""},"etiquetas-de-evento":[506],"ubicacion-de-evento":[479,478],"categoria-de-evento":[1628,1631],"class_list":["post-25712","eventos","type-eventos","status-publish","has-post-thumbnail","hentry","etiquetas-de-evento-artes-visuales","ubicacion-de-evento-cdmx","ubicacion-de-evento-mexico","categoria-de-evento-exposicion","categoria-de-evento-galeria-exposicion"],"_links":{"self":[{"href":"https:\/\/themesh.art\/en\/wp-json\/wp\/v2\/eventos\/25712","targetHints":{"allow":["GET"]}}],"collection":[{"href":"https:\/\/themesh.art\/en\/wp-json\/wp\/v2\/eventos"}],"about":[{"href":"https:\/\/themesh.art\/en\/wp-json\/wp\/v2\/types\/eventos"}],"author":[{"embeddable":true,"href":"https:\/\/themesh.art\/en\/wp-json\/wp\/v2\/users\/1"}],"wp:featuredmedia":[{"embeddable":true,"href":"https:\/\/themesh.art\/en\/wp-json\/wp\/v2\/media\/25713"}],"wp:attachment":[{"href":"https:\/\/themesh.art\/en\/wp-json\/wp\/v2\/media?parent=25712"}],"wp:term":[{"taxonomy":"etiquetas-de-evento","embeddable":true,"href":"https:\/\/themesh.art\/en\/wp-json\/wp\/v2\/etiquetas-de-evento?post=25712"},{"taxonomy":"ubicacion-de-evento","embeddable":true,"href":"https:\/\/themesh.art\/en\/wp-json\/wp\/v2\/ubicacion-de-evento?post=25712"},{"taxonomy":"categoria-de-evento","embeddable":true,"href":"https:\/\/themesh.art\/en\/wp-json\/wp\/v2\/categoria-de-evento?post=25712"}],"curies":[{"name":"wp","href":"https:\/\/api.w.org\/{rel}","templated":true}]}}

Carlos Vielma: Película Perdida

<h3 class="wp-block-heading">Biography</h3>



<p>Carlos Vielma<br><br>Born in Saltillo, in the northeast of Mexico near the Mexican-American border, he studied architecture and currently works with painting, sculpture, video and installation, subjects like the longing and the border.<br>He has been awarded with the FONCA scholarship for young creators and has been an artist in residence in Skowhegan in Maine, the Banff Center in Canada, also in the National University of Colombia in Bogota and in Casa Wabi in Puerto Escondido, Mexico, among others.<br>Recently he was honored as a member of the National system of creators (SNCA) and is currently living and working between Mexico City and Houston Texas where he is currently a fellow at the CORE Program at the Museum of Fine Arts, Houston.<br><br>Carlos Vielma<br><br>Nacido en Saltillo, en el noreste de México cerca de la frontera con Estados Unidos, estudio arquitectura y actualmente trabaja con pintura, escultura, video e instalación temas como la frontera y el anhelo.<br>Ha sido acreedor a la Beca Jóvenes Creadores por el FONCA, también ha realizado residencias artísticas en Skowhegan en Maine, en el Centro Banff en Canadá, en la Universidad Nacional de Colombia en Bogotá y en Casa Wabi en Puerto Escondido, México, entre otras.<br>Actualmente es miembro del Sistema Nacional de Creadores de Arte y vive y trabaja entre la Ciudad de México y Houston, Texas, donde es becario del CORE Program para el Museo de Bellas artes de Houston.</p>
