{"id":25647,"date":"2025-01-18T23:18:09","date_gmt":"2025-01-19T05:18:09","guid":{"rendered":"https:\/\/themesh.art\/?post_type=eventos&#038;p=25647"},"modified":"2025-01-18T23:18:11","modified_gmt":"2025-01-19T05:18:11","slug":"sebastian-rico-cigarras-disonancias-disidentes","status":"publish","type":"eventos","link":"https:\/\/themesh.art\/en\/eventos\/sebastian-rico-cigarras-disonancias-disidentes\/","title":{"rendered":"Sebasti\u00e1n Rico: Cigarras &#8211; Disonancias Disidentes"},"content":{"rendered":"<p>La exposici\u00f3n Cigarras: disonancias disidentes, muestra la investigaci\u00f3n y producci\u00f3n del artista Sebasti\u00e1n Rico en torno a la resignificaci\u00f3n de violencias normalizadas. Cigarras, son jarocho y desaparici\u00f3n forzada. <\/p>","protected":false},"excerpt":{"rendered":"<p>La exposici\u00f3n Cigarras: disonancias disidentes, muestra la investigaci\u00f3n y producci\u00f3n del artista Sebasti\u00e1n Rico en torno a la resignificaci\u00f3n de [&hellip;]<\/p>","protected":false},"author":1,"featured_media":25648,"template":"","meta":{"site-sidebar-layout":"default","site-content-layout":"","ast-site-content-layout":"","site-content-style":"default","site-sidebar-style":"default","ast-global-header-display":"","ast-banner-title-visibility":"","ast-main-header-display":"","ast-hfb-above-header-display":"","ast-hfb-below-header-display":"","ast-hfb-mobile-header-display":"","site-post-title":"","ast-breadcrumbs-content":"","ast-featured-img":"","footer-sml-layout":"","theme-transparent-header-meta":"","adv-header-id-meta":"","stick-header-meta":"","header-above-stick-meta":"","header-main-stick-meta":"","header-below-stick-meta":"","astra-migrate-meta-layouts":"default","ast-page-background-enabled":"default","ast-page-background-meta":{"desktop":{"background-color":"var(--ast-global-color-4)","background-image":"","background-repeat":"repeat","background-position":"center center","background-size":"auto","background-attachment":"scroll","background-type":"","background-media":"","overlay-type":"","overlay-color":"","overlay-opacity":"","overlay-gradient":""},"tablet":{"background-color":"","background-image":"","background-repeat":"repeat","background-position":"center center","background-size":"auto","background-attachment":"scroll","background-type":"","background-media":"","overlay-type":"","overlay-color":"","overlay-opacity":"","overlay-gradient":""},"mobile":{"background-color":"","background-image":"","background-repeat":"repeat","background-position":"center center","background-size":"auto","background-attachment":"scroll","background-type":"","background-media":"","overlay-type":"","overlay-color":"","overlay-opacity":"","overlay-gradient":""}},"ast-content-background-meta":{"desktop":{"background-color":"var(--ast-global-color-5)","background-image":"","background-repeat":"repeat","background-position":"center center","background-size":"auto","background-attachment":"scroll","background-type":"","background-media":"","overlay-type":"","overlay-color":"","overlay-opacity":"","overlay-gradient":""},"tablet":{"background-color":"var(--ast-global-color-5)","background-image":"","background-repeat":"repeat","background-position":"center center","background-size":"auto","background-attachment":"scroll","background-type":"","background-media":"","overlay-type":"","overlay-color":"","overlay-opacity":"","overlay-gradient":""},"mobile":{"background-color":"var(--ast-global-color-5)","background-image":"","background-repeat":"repeat","background-position":"center center","background-size":"auto","background-attachment":"scroll","background-type":"","background-media":"","overlay-type":"","overlay-color":"","overlay-opacity":"","overlay-gradient":""}},"fecha_de_inicio":1733443200,"fecha_de_finalizacion":1738519200,"duracion_evento":"","modalidad":"","tipo_de_acceso":"","precio_evento":"","link_externo":"","direccion":"Calle Vicente Guerrero Nte. 27, Centro, 76000 Santiago de Quer\u00e9taro, Qro.","featured_event":""},"etiquetas-de-evento":[1630,506],"ubicacion-de-evento":[478,510],"categoria-de-evento":[1628,1629],"class_list":["post-25647","eventos","type-eventos","status-publish","has-post-thumbnail","hentry","etiquetas-de-evento-arte-contemporaneo-artes-visuales","etiquetas-de-evento-artes-visuales","ubicacion-de-evento-mexico","ubicacion-de-evento-queretaro","categoria-de-evento-exposicion","categoria-de-evento-museo-exposicion"],"_links":{"self":[{"href":"https:\/\/themesh.art\/en\/wp-json\/wp\/v2\/eventos\/25647","targetHints":{"allow":["GET"]}}],"collection":[{"href":"https:\/\/themesh.art\/en\/wp-json\/wp\/v2\/eventos"}],"about":[{"href":"https:\/\/themesh.art\/en\/wp-json\/wp\/v2\/types\/eventos"}],"author":[{"embeddable":true,"href":"https:\/\/themesh.art\/en\/wp-json\/wp\/v2\/users\/1"}],"wp:featuredmedia":[{"embeddable":true,"href":"https:\/\/themesh.art\/en\/wp-json\/wp\/v2\/media\/25648"}],"wp:attachment":[{"href":"https:\/\/themesh.art\/en\/wp-json\/wp\/v2\/media?parent=25647"}],"wp:term":[{"taxonomy":"etiquetas-de-evento","embeddable":true,"href":"https:\/\/themesh.art\/en\/wp-json\/wp\/v2\/etiquetas-de-evento?post=25647"},{"taxonomy":"ubicacion-de-evento","embeddable":true,"href":"https:\/\/themesh.art\/en\/wp-json\/wp\/v2\/ubicacion-de-evento?post=25647"},{"taxonomy":"categoria-de-evento","embeddable":true,"href":"https:\/\/themesh.art\/en\/wp-json\/wp\/v2\/categoria-de-evento?post=25647"}],"curies":[{"name":"wp","href":"https:\/\/api.w.org\/{rel}","templated":true}]}}

Sebastián Rico: Cigarras &#8211; Disonancias Disidentes

<p>La exposición Cigarras: disonancias disidentes, muestra la investigación y producción del artista Sebastián Rico en torno a la resignificación de violencias normalizadas. Cigarras, son jarocho y desaparición forzada. </p>

<p>La exposición Cigarras: disonancias disidentes, muestra la investigación y producción del artista Sebastián Rico en torno a la resignificación de [&hellip;]</p>

Calle Vicente Guerrero Nte. 27, Centro, 76000 Santiago de Querétaro, Qro.
