{"id":25641,"date":"2025-01-18T22:52:51","date_gmt":"2025-01-19T04:52:51","guid":{"rendered":"https:\/\/themesh.art\/?post_type=eventos&#038;p=25641"},"modified":"2025-01-18T22:52:54","modified_gmt":"2025-01-19T04:52:54","slug":"chris-suspect-path-to-insurrection","status":"publish","type":"eventos","link":"https:\/\/themesh.art\/en\/eventos\/chris-suspect-path-to-insurrection\/","title":{"rendered":"Chris Suspect: Path to insurrection"},"content":{"rendered":"<p>Curadur\u00eda:&nbsp;<a href=\"https:\/\/www.instagram.com\/elmacq\/?hl=en\">@elmacq<\/a><\/p>\n\n\n\n<p>Chris Suspect es una reconocido fot\u00f3grafo \ud83d\udcf8 estadunidense del \u00e1rea de Washington DC., dedicado tanto a la fotograf\u00eda documental como a la fotograf\u00eda de calle. Destac\u00f3 en el Festival de Fotograf\u00eda de Calle Mexico Street Photo Fest en su primera edici\u00f3n 2023. Es especialista en capturar lo profundo y absurdo de los momentos de la vida cotidiana. Ha realizado diversas exposiciones en su pa\u00eds, as\u00ed como en B\u00e9lgica, Alemania, Italia, Rumania, Georgia, Reino Unido; Emiratos \u00c1rabes Unidos y M\u00e9xico.<\/p>\n\n\n\n<p>En el presente a\u00f1o, Suspect realiz\u00f3 una exposici\u00f3n en el Flashback Habitat del Centro de Arte independiente en Tur\u00edn Italia, donde mostr\u00f3 las 115 fotograf\u00edas que conforman la serie \u201cPath to Insurrection\u201d (Camino a la insurrecci\u00f3n), parte de la cual, se presenta en el Museo de Arte Contempor\u00e1neo Quer\u00e9taro, bajo los mismos n\u00facleos tem\u00e1ticos que dan cuenta de una cronolog\u00eda en la historia contempor\u00e1nea de Estados Unidos, particularmente en su ciudad capital: 1) Toma de protesta presidencial , 2)Marcha de las mujeres , 3)Cuatro a\u00f1os de protesta, 4) Biden gana, 5) 6 de enero y 6) Ep\u00edlogo: Toma de protesta de Biden.<\/p>\n\n\n\n<p>\ud83d\udcc5 Inauguraci\u00f3n: viernes 6 de diciembre de 2024, 19 h<br>Cuarto 5, tunel, planta baja.<br>\ud83d\udccd Manuel Acu\u00f1a s\/n esq. Reforma, Barrio de la Cruz<br>Entrada libre<br>Permanencia hasta el 16 de febrero de 2025<\/p>\n\n\n\n<p><a href=\"https:\/\/www.instagram.com\/explore\/tags\/secultqro\/?hl=en\">#SecultQro<\/a><a href=\"https:\/\/www.instagram.com\/explore\/tags\/juntosadelante\/?hl=en\">#JuntosAdelante<\/a><a href=\"https:\/\/www.instagram.com\/explore\/tags\/contigo\/?hl=en\">#contigo<\/a><a href=\"https:\/\/www.instagram.com\/explore\/tags\/museodeartecontempor%C3%A1neo\/?hl=en\">#MuseodeArteContempor\u00e1neo<\/a><\/p>\n\n\n\n<p><\/p>","protected":false},"excerpt":{"rendered":"<p>Curadur\u00eda:&nbsp;@elmacq Chris Suspect es una reconocido fot\u00f3grafo \ud83d\udcf8 estadunidense del \u00e1rea de Washington DC., dedicado tanto a la fotograf\u00eda documental [&hellip;]<\/p>","protected":false},"author":1,"featured_media":25642,"template":"","meta":{"site-sidebar-layout":"default","site-content-layout":"","ast-site-content-layout":"","site-content-style":"default","site-sidebar-style":"default","ast-global-header-display":"","ast-banner-title-visibility":"","ast-main-header-display":"","ast-hfb-above-header-display":"","ast-hfb-below-header-display":"","ast-hfb-mobile-header-display":"","site-post-title":"","ast-breadcrumbs-content":"","ast-featured-img":"","footer-sml-layout":"","theme-transparent-header-meta":"","adv-header-id-meta":"","stick-header-meta":"","header-above-stick-meta":"","header-main-stick-meta":"","header-below-stick-meta":"","astra-migrate-meta-layouts":"default","ast-page-background-enabled":"default","ast-page-background-meta":{"desktop":{"background-color":"var(--ast-global-color-4)","background-image":"","background-repeat":"repeat","background-position":"center center","background-size":"auto","background-attachment":"scroll","background-type":"","background-media":"","overlay-type":"","overlay-color":"","overlay-opacity":"","overlay-gradient":""},"tablet":{"background-color":"","background-image":"","background-repeat":"repeat","background-position":"center center","background-size":"auto","background-attachment":"scroll","background-type":"","background-media":"","overlay-type":"","overlay-color":"","overlay-opacity":"","overlay-gradient":""},"mobile":{"background-color":"","background-image":"","background-repeat":"repeat","background-position":"center center","background-size":"auto","background-attachment":"scroll","background-type":"","background-media":"","overlay-type":"","overlay-color":"","overlay-opacity":"","overlay-gradient":""}},"ast-content-background-meta":{"desktop":{"background-color":"var(--ast-global-color-5)","background-image":"","background-repeat":"repeat","background-position":"center center","background-size":"auto","background-attachment":"scroll","background-type":"","background-media":"","overlay-type":"","overlay-color":"","overlay-opacity":"","overlay-gradient":""},"tablet":{"background-color":"var(--ast-global-color-5)","background-image":"","background-repeat":"repeat","background-position":"center center","background-size":"auto","background-attachment":"scroll","background-type":"","background-media":"","overlay-type":"","overlay-color":"","overlay-opacity":"","overlay-gradient":""},"mobile":{"background-color":"var(--ast-global-color-5)","background-image":"","background-repeat":"repeat","background-position":"center center","background-size":"auto","background-attachment":"scroll","background-type":"","background-media":"","overlay-type":"","overlay-color":"","overlay-opacity":"","overlay-gradient":""}},"fecha_de_inicio":1733443200,"fecha_de_finalizacion":1739725200,"duracion_evento":"","modalidad":"","tipo_de_acceso":"","precio_evento":"","link_externo":"","direccion":"Manuel Acu\u00f1a esq Avenida Reforma Oriente S\/N, La Cruz, 76020 Santiago de Quer\u00e9taro, Qro.","featured_event":""},"etiquetas-de-evento":[1630,506,1636,1642],"ubicacion-de-evento":[478,510],"categoria-de-evento":[1628,1629],"class_list":["post-25641","eventos","type-eventos","status-publish","has-post-thumbnail","hentry","etiquetas-de-evento-arte-contemporaneo-artes-visuales","etiquetas-de-evento-artes-visuales","etiquetas-de-evento-escultura-artes-visuales","etiquetas-de-evento-instalacion","ubicacion-de-evento-mexico","ubicacion-de-evento-queretaro","categoria-de-evento-exposicion","categoria-de-evento-museo-exposicion"],"_links":{"self":[{"href":"https:\/\/themesh.art\/en\/wp-json\/wp\/v2\/eventos\/25641","targetHints":{"allow":["GET"]}}],"collection":[{"href":"https:\/\/themesh.art\/en\/wp-json\/wp\/v2\/eventos"}],"about":[{"href":"https:\/\/themesh.art\/en\/wp-json\/wp\/v2\/types\/eventos"}],"author":[{"embeddable":true,"href":"https:\/\/themesh.art\/en\/wp-json\/wp\/v2\/users\/1"}],"wp:featuredmedia":[{"embeddable":true,"href":"https:\/\/themesh.art\/en\/wp-json\/wp\/v2\/media\/25642"}],"wp:attachment":[{"href":"https:\/\/themesh.art\/en\/wp-json\/wp\/v2\/media?parent=25641"}],"wp:term":[{"taxonomy":"etiquetas-de-evento","embeddable":true,"href":"https:\/\/themesh.art\/en\/wp-json\/wp\/v2\/etiquetas-de-evento?post=25641"},{"taxonomy":"ubicacion-de-evento","embeddable":true,"href":"https:\/\/themesh.art\/en\/wp-json\/wp\/v2\/ubicacion-de-evento?post=25641"},{"taxonomy":"categoria-de-evento","embeddable":true,"href":"https:\/\/themesh.art\/en\/wp-json\/wp\/v2\/categoria-de-evento?post=25641"}],"curies":[{"name":"wp","href":"https:\/\/api.w.org\/{rel}","templated":true}]}}

<p>Curaduría:&nbsp;<a href="https://www.instagram.com/elmacq/?hl=en">@elmacq</a></p>



<p>Chris Suspect es una reconocido fotógrafo 📸 estadunidense del área de Washington DC., dedicado tanto a la fotografía documental como a la fotografía de calle. Destacó en el Festival de Fotografía de Calle Mexico Street Photo Fest en su primera edición 2023. Es especialista en capturar lo profundo y absurdo de los momentos de la vida cotidiana. Ha realizado diversas exposiciones en su país, así como en Bélgica, Alemania, Italia, Rumania, Georgia, Reino Unido; Emiratos Árabes Unidos y México.</p>



<p>En el presente año, Suspect realizó una exposición en el Flashback Habitat del Centro de Arte independiente en Turín Italia, donde mostró las 115 fotografías que conforman la serie “Path to Insurrection” (Camino a la insurrección), parte de la cual, se presenta en el Museo de Arte Contemporáneo Querétaro, bajo los mismos núcleos temáticos que dan cuenta de una cronología en la historia contemporánea de Estados Unidos, particularmente en su ciudad capital: 1) Toma de protesta presidencial , 2)Marcha de las mujeres , 3)Cuatro años de protesta, 4) Biden gana, 5) 6 de enero y 6) Epílogo: Toma de protesta de Biden.</p>



<p>📅 Inauguración: viernes 6 de diciembre de 2024, 19 h<br>Cuarto 5, tunel, planta baja.<br>📍 Manuel Acuña s/n esq. Reforma, Barrio de la Cruz<br>Entrada libre<br>Permanencia hasta el 16 de febrero de 2025</p>



<p><a href="https://www.instagram.com/explore/tags/secultqro/?hl=en">#SecultQro</a><a href="https://www.instagram.com/explore/tags/juntosadelante/?hl=en">#JuntosAdelante</a><a href="https://www.instagram.com/explore/tags/contigo/?hl=en">#contigo</a><a href="https://www.instagram.com/explore/tags/museodeartecontempor%C3%A1neo/?hl=en">#MuseodeArteContemporáneo</a></p>



<p></p>

<p>Curaduría:&nbsp;@elmacq Chris Suspect es una reconocido fotógrafo 📸 estadunidense del área de Washington DC., dedicado tanto a la fotografía documental [&hellip;]</p>

Manuel Acuña esq Avenida Reforma Oriente S/N, La Cruz, 76020 Santiago de Querétaro, Qro.
