{"id":25639,"date":"2025-01-18T22:50:40","date_gmt":"2025-01-19T04:50:40","guid":{"rendered":"https:\/\/themesh.art\/?post_type=eventos&#038;p=25639"},"modified":"2025-01-18T22:50:42","modified_gmt":"2025-01-19T04:50:42","slug":"aixa-portero-tzibi-pax","status":"publish","type":"eventos","link":"https:\/\/themesh.art\/en\/eventos\/aixa-portero-tzibi-pax\/","title":{"rendered":"Aixa Portero: Tzibi Pax"},"content":{"rendered":"<p>Aixa (Malaga, Espa\u00f1a, 1975) se form\u00f3 en Artes pl\u00e1sticas (Pintura y Escultura) en la Facultad de Bellas Artes de Granada, en donde ahora es profesora. Es miembro colaborador del Instituto de la Paz y los conflictos de la Universidad de Granada. Aixa Portero lleva trabajando la cultura de Paz desde hace casi 25 a\u00f1os.<\/p>\n\n\n\n<p>Ha expuesto en cuatro museos de arte contempor\u00e1neo internacionales y su obra se ha mostrado en ciudades internacionales como Bruselas, Ginebra, Rotterdam, San Diego, La Habana, Los \u00c1ngeles, Par\u00eds, Minsk, Vilna, Bogot\u00e1, Costa Rica y ahora Quer\u00e9taro.<\/p>\n\n\n\n<p>La obra de Aixa Portero es polis\u00e9mica, es decir que cobra m\u00faltiples significaciones seg\u00fan el espacio que le recibe, en este caso espec\u00edfico, su presencia en el Museo de Arte Contempor\u00e1neo Quer\u00e9taro, M\u00e9xico, cobra lecturas variables si se observa el inter\u00e9s de la artista por entablar conexiones, relaciones de sentido con M\u00e9xico y su po\u00e9tica visual del d\u00eda a d\u00eda.<\/p>\n\n\n\n<p>En lo formal, Aixa encontr\u00f3 en el arte plumario un punto de partida, al intervenir en este caso libros que refieren de una manera u otra al pa\u00eds que va de Tijuana a M\u00e9rida, libros que a su vez hacen pensar en posibles rutas de sentido con otras piezas de esta \u00edndole, como la Dolorosa del s. XVIII en el Museo Universitario&nbsp;Casa de los Mu\u00f1ecos&nbsp;en Puebla, los vestidos de alta costura, o los trajes de los concheros del barrio de San Francisquito, entro otros ejemplos.<\/p>\n\n\n\n<p>Para Aixa, el arte contempor\u00e1neo, en su expresi\u00f3n m\u00e1s profunda y reflexiva, sirve como un poderoso medio para promover la cultura de paz en el mundo.<\/p>\n\n\n\n<p>Inauguraci\u00f3n: \ud83d\udcc6 Viernes 29 de noviembre, 19:00 h<br>\ud83d\udccdManuel Acu\u00f1a s\/n esq. Reforma, Barrio de la Cruz<br>Entrada libre<\/p>","protected":false},"excerpt":{"rendered":"<p>Aixa (Malaga, Espa\u00f1a, 1975) se form\u00f3 en Artes pl\u00e1sticas (Pintura y Escultura) en la Facultad de Bellas Artes de Granada, [&hellip;]<\/p>","protected":false},"author":1,"featured_media":25640,"template":"","meta":{"site-sidebar-layout":"default","site-content-layout":"","ast-site-content-layout":"","site-content-style":"default","site-sidebar-style":"default","ast-global-header-display":"","ast-banner-title-visibility":"","ast-main-header-display":"","ast-hfb-above-header-display":"","ast-hfb-below-header-display":"","ast-hfb-mobile-header-display":"","site-post-title":"","ast-breadcrumbs-content":"","ast-featured-img":"","footer-sml-layout":"","theme-transparent-header-meta":"","adv-header-id-meta":"","stick-header-meta":"","header-above-stick-meta":"","header-main-stick-meta":"","header-below-stick-meta":"","astra-migrate-meta-layouts":"default","ast-page-background-enabled":"default","ast-page-background-meta":{"desktop":{"background-color":"var(--ast-global-color-4)","background-image":"","background-repeat":"repeat","background-position":"center center","background-size":"auto","background-attachment":"scroll","background-type":"","background-media":"","overlay-type":"","overlay-color":"","overlay-opacity":"","overlay-gradient":""},"tablet":{"background-color":"","background-image":"","background-repeat":"repeat","background-position":"center center","background-size":"auto","background-attachment":"scroll","background-type":"","background-media":"","overlay-type":"","overlay-color":"","overlay-opacity":"","overlay-gradient":""},"mobile":{"background-color":"","background-image":"","background-repeat":"repeat","background-position":"center center","background-size":"auto","background-attachment":"scroll","background-type":"","background-media":"","overlay-type":"","overlay-color":"","overlay-opacity":"","overlay-gradient":""}},"ast-content-background-meta":{"desktop":{"background-color":"var(--ast-global-color-5)","background-image":"","background-repeat":"repeat","background-position":"center center","background-size":"auto","background-attachment":"scroll","background-type":"","background-media":"","overlay-type":"","overlay-color":"","overlay-opacity":"","overlay-gradient":""},"tablet":{"background-color":"var(--ast-global-color-5)","background-image":"","background-repeat":"repeat","background-position":"center center","background-size":"auto","background-attachment":"scroll","background-type":"","background-media":"","overlay-type":"","overlay-color":"","overlay-opacity":"","overlay-gradient":""},"mobile":{"background-color":"var(--ast-global-color-5)","background-image":"","background-repeat":"repeat","background-position":"center center","background-size":"auto","background-attachment":"scroll","background-type":"","background-media":"","overlay-type":"","overlay-color":"","overlay-opacity":"","overlay-gradient":""}},"fecha_de_inicio":1732838400,"fecha_de_finalizacion":1738515600,"duracion_evento":"","modalidad":"","tipo_de_acceso":"","precio_evento":"","link_externo":"","direccion":"Manuel Acu\u00f1a esq Avenida Reforma Oriente S\/N, La Cruz, 76020 Santiago de Quer\u00e9taro, Qro.","featured_event":""},"etiquetas-de-evento":[1630,506,1636,1642],"ubicacion-de-evento":[478,510],"categoria-de-evento":[1628,1629],"class_list":["post-25639","eventos","type-eventos","status-publish","has-post-thumbnail","hentry","etiquetas-de-evento-arte-contemporaneo-artes-visuales","etiquetas-de-evento-artes-visuales","etiquetas-de-evento-escultura-artes-visuales","etiquetas-de-evento-instalacion","ubicacion-de-evento-mexico","ubicacion-de-evento-queretaro","categoria-de-evento-exposicion","categoria-de-evento-museo-exposicion"],"_links":{"self":[{"href":"https:\/\/themesh.art\/en\/wp-json\/wp\/v2\/eventos\/25639","targetHints":{"allow":["GET"]}}],"collection":[{"href":"https:\/\/themesh.art\/en\/wp-json\/wp\/v2\/eventos"}],"about":[{"href":"https:\/\/themesh.art\/en\/wp-json\/wp\/v2\/types\/eventos"}],"author":[{"embeddable":true,"href":"https:\/\/themesh.art\/en\/wp-json\/wp\/v2\/users\/1"}],"wp:featuredmedia":[{"embeddable":true,"href":"https:\/\/themesh.art\/en\/wp-json\/wp\/v2\/media\/25640"}],"wp:attachment":[{"href":"https:\/\/themesh.art\/en\/wp-json\/wp\/v2\/media?parent=25639"}],"wp:term":[{"taxonomy":"etiquetas-de-evento","embeddable":true,"href":"https:\/\/themesh.art\/en\/wp-json\/wp\/v2\/etiquetas-de-evento?post=25639"},{"taxonomy":"ubicacion-de-evento","embeddable":true,"href":"https:\/\/themesh.art\/en\/wp-json\/wp\/v2\/ubicacion-de-evento?post=25639"},{"taxonomy":"categoria-de-evento","embeddable":true,"href":"https:\/\/themesh.art\/en\/wp-json\/wp\/v2\/categoria-de-evento?post=25639"}],"curies":[{"name":"wp","href":"https:\/\/api.w.org\/{rel}","templated":true}]}}

<p>Aixa (Malaga, España, 1975) se formó en Artes plásticas (Pintura y Escultura) en la Facultad de Bellas Artes de Granada, en donde ahora es profesora. Es miembro colaborador del Instituto de la Paz y los conflictos de la Universidad de Granada. Aixa Portero lleva trabajando la cultura de Paz desde hace casi 25 años.</p>



<p>Ha expuesto en cuatro museos de arte contemporáneo internacionales y su obra se ha mostrado en ciudades internacionales como Bruselas, Ginebra, Rotterdam, San Diego, La Habana, Los Ángeles, París, Minsk, Vilna, Bogotá, Costa Rica y ahora Querétaro.</p>



<p>La obra de Aixa Portero es polisémica, es decir que cobra múltiples significaciones según el espacio que le recibe, en este caso específico, su presencia en el Museo de Arte Contemporáneo Querétaro, México, cobra lecturas variables si se observa el interés de la artista por entablar conexiones, relaciones de sentido con México y su poética visual del día a día.</p>



<p>En lo formal, Aixa encontró en el arte plumario un punto de partida, al intervenir en este caso libros que refieren de una manera u otra al país que va de Tijuana a Mérida, libros que a su vez hacen pensar en posibles rutas de sentido con otras piezas de esta índole, como la Dolorosa del s. XVIII en el Museo Universitario&nbsp;Casa de los Muñecos&nbsp;en Puebla, los vestidos de alta costura, o los trajes de los concheros del barrio de San Francisquito, entro otros ejemplos.</p>



<p>Para Aixa, el arte contemporáneo, en su expresión más profunda y reflexiva, sirve como un poderoso medio para promover la cultura de paz en el mundo.</p>



<p>Inauguración: 📆 Viernes 29 de noviembre, 19:00 h<br>📍Manuel Acuña s/n esq. Reforma, Barrio de la Cruz<br>Entrada libre</p>

<p>Aixa (Malaga, España, 1975) se formó en Artes plásticas (Pintura y Escultura) en la Facultad de Bellas Artes de Granada, [&hellip;]</p>

Manuel Acuña esq Avenida Reforma Oriente S/N, La Cruz, 76020 Santiago de Querétaro, Qro.
