{"id":24499,"date":"2024-11-26T17:58:36","date_gmt":"2024-11-26T23:58:36","guid":{"rendered":"https:\/\/themesh.art\/eventos\/juan-cholo-del-mito-al-logos\/"},"modified":"2026-01-23T14:30:31","modified_gmt":"2026-01-23T20:30:31","slug":"juan-cholo-del-mito-al-logos","status":"publish","type":"eventos","link":"https:\/\/themesh.art\/en\/eventos\/juan-cholo-del-mito-al-logos\/","title":{"rendered":"Juan Cholo: Del mito al logos"},"content":{"rendered":"<p>Pintura, escultura, animaci\u00f3n, m\u00fasica y performance.<br \/>Por: @cholonski<\/p>\r\n\r\n\r\n\r\n<p>ENTRADA GRATUITA<br \/>Av. Ju\u00e1rez 101-C<br \/>S\u00e1bado 19 de Octubre del 2024<br \/>Apertura: 7:30 pm a 10:00 pm<br \/>Performance: 8:30<\/p>\r\n\r\n\r\n\r\n<p>Del mito al logos es el nombre con el que se le conoce a la transici\u00f3n del pensamiento antiguo (que es considerado m\u00edtico, m\u00e1gico y religioso) al pensamiento filos\u00f3fico y l\u00f3gico. Esta exposici\u00f3n de arte est\u00e1 inspirada en esta idea y toma como influencia varias teor\u00edas y conceptos filos\u00f3ficos y religiosos. El punto de partida es el Mito de la Caverna de Plat\u00f3n, en la que se nos cuenta la historia de un esclavo que despu\u00e9s de vivir toda su vida encadenado dentro de una caverna, es liberado y expuesto al mundo real.<\/p>\r\n\r\n\r\n\r\n<p>La obra expone la traves\u00eda que vive el esclavo fuera de la caverna y su deseo de regresar a liberar a los dem\u00e1s esclavos que a\u00fan siguen atrapados. Para lograr su objetivo, el esclavo tendr\u00e1 que luchar contra la serpiente que lo somete, arrancarse las cadenas que a\u00fan arrastra y convertirse en rey fil\u00f3sofo. S\u00f3lo as\u00ed ser\u00e1 capaz de gobernarse a s\u00ed mismo y liberar a los suyos.<\/p>\r\n\r\n\r\n\r\n<p>Juan Cholo es un artista multidisciplinario originario de Cd. Ju\u00e1rez, Chih. Su obra combina pintura, escultura, animaci\u00f3n, sonido y<br \/>performance a trav\u00e9s de la instalaci\u00f3n. En su trabajo, Cholo ofrece una narrativa visual y est\u00e9tica sobre una concepci\u00f3n del mundo m\u00edstica, siguiendo un discurso filos\u00f3fico y mitol\u00f3gico que invita a la reflexi\u00f3n.<\/p>\r\n\r\n\r\n\r\n<p>Chlolo cuenta con una licenciatura y maestr\u00eda en Artes Pl\u00e1sticas de UTEP y NMSU respectivamente.<\/p>","protected":false},"excerpt":{"rendered":"<p>Pintura, escultura, animaci\u00f3n, m\u00fasica y performance.Por: @cholonski ENTRADA GRATUITAAv. Ju\u00e1rez 101-CS\u00e1bado 19 de Octubre del 2024Apertura: 7:30 pm a 10:00 [&hellip;]<\/p>","protected":false},"author":161,"featured_media":24694,"template":"","meta":{"site-sidebar-layout":"default","site-content-layout":"","ast-site-content-layout":"default","site-content-style":"default","site-sidebar-style":"default","ast-global-header-display":"","ast-banner-title-visibility":"","ast-main-header-display":"","ast-hfb-above-header-display":"","ast-hfb-below-header-display":"","ast-hfb-mobile-header-display":"","site-post-title":"","ast-breadcrumbs-content":"","ast-featured-img":"","footer-sml-layout":"","theme-transparent-header-meta":"default","adv-header-id-meta":"","stick-header-meta":"","header-above-stick-meta":"","header-main-stick-meta":"","header-below-stick-meta":"","astra-migrate-meta-layouts":"set","ast-page-background-enabled":"default","ast-page-background-meta":{"desktop":{"background-color":"var(--ast-global-color-4)","background-image":"","background-repeat":"repeat","background-position":"center center","background-size":"auto","background-attachment":"scroll","background-type":"","background-media":"","overlay-type":"","overlay-color":"","overlay-opacity":"","overlay-gradient":""},"tablet":{"background-color":"","background-image":"","background-repeat":"repeat","background-position":"center center","background-size":"auto","background-attachment":"scroll","background-type":"","background-media":"","overlay-type":"","overlay-color":"","overlay-opacity":"","overlay-gradient":""},"mobile":{"background-color":"","background-image":"","background-repeat":"repeat","background-position":"center center","background-size":"auto","background-attachment":"scroll","background-type":"","background-media":"","overlay-type":"","overlay-color":"","overlay-opacity":"","overlay-gradient":""}},"ast-content-background-meta":{"desktop":{"background-color":"var(--ast-global-color-5)","background-image":"","background-repeat":"repeat","background-position":"center center","background-size":"auto","background-attachment":"scroll","background-type":"","background-media":"","overlay-type":"","overlay-color":"","overlay-opacity":"","overlay-gradient":""},"tablet":{"background-color":"var(--ast-global-color-5)","background-image":"","background-repeat":"repeat","background-position":"center center","background-size":"auto","background-attachment":"scroll","background-type":"","background-media":"","overlay-type":"","overlay-color":"","overlay-opacity":"","overlay-gradient":""},"mobile":{"background-color":"var(--ast-global-color-5)","background-image":"","background-repeat":"repeat","background-position":"center center","background-size":"auto","background-attachment":"scroll","background-type":"","background-media":"","overlay-type":"","overlay-color":"","overlay-opacity":"","overlay-gradient":""}},"featured_event":"","duracion_evento":""},"etiquetas-de-evento":[506,1636,1632,1634,1623],"ubicacion-de-evento":[1727,478],"categoria-de-evento":[1628,1631],"class_list":["post-24499","eventos","type-eventos","status-publish","has-post-thumbnail","hentry","etiquetas-de-evento-artes-visuales","etiquetas-de-evento-escultura-artes-visuales","etiquetas-de-evento-musica","etiquetas-de-evento-performing-arts","etiquetas-de-evento-pintura-artes-visuales","ubicacion-de-evento-cd-juarez","ubicacion-de-evento-mexico","categoria-de-evento-exposicion","categoria-de-evento-galeria-exposicion"],"_links":{"self":[{"href":"https:\/\/themesh.art\/en\/wp-json\/wp\/v2\/eventos\/24499","targetHints":{"allow":["GET"]}}],"collection":[{"href":"https:\/\/themesh.art\/en\/wp-json\/wp\/v2\/eventos"}],"about":[{"href":"https:\/\/themesh.art\/en\/wp-json\/wp\/v2\/types\/eventos"}],"author":[{"embeddable":true,"href":"https:\/\/themesh.art\/en\/wp-json\/wp\/v2\/users\/161"}],"wp:featuredmedia":[{"embeddable":true,"href":"https:\/\/themesh.art\/en\/wp-json\/wp\/v2\/media\/24694"}],"wp:attachment":[{"href":"https:\/\/themesh.art\/en\/wp-json\/wp\/v2\/media?parent=24499"}],"wp:term":[{"taxonomy":"etiquetas-de-evento","embeddable":true,"href":"https:\/\/themesh.art\/en\/wp-json\/wp\/v2\/etiquetas-de-evento?post=24499"},{"taxonomy":"ubicacion-de-evento","embeddable":true,"href":"https:\/\/themesh.art\/en\/wp-json\/wp\/v2\/ubicacion-de-evento?post=24499"},{"taxonomy":"categoria-de-evento","embeddable":true,"href":"https:\/\/themesh.art\/en\/wp-json\/wp\/v2\/categoria-de-evento?post=24499"}],"curies":[{"name":"wp","href":"https:\/\/api.w.org\/{rel}","templated":true}]}}

<p>Pintura, escultura, animación, música y performance.<br />Por: @cholonski</p>



<p>ENTRADA GRATUITA<br />Av. Juárez 101-C<br />Sábado 19 de Octubre del 2024<br />Apertura: 7:30 pm a 10:00 pm<br />Performance: 8:30</p>



<p>Del mito al logos es el nombre con el que se le conoce a la transición del pensamiento antiguo (que es considerado mítico, mágico y religioso) al pensamiento filosófico y lógico. Esta exposición de arte está inspirada en esta idea y toma como influencia varias teorías y conceptos filosóficos y religiosos. El punto de partida es el Mito de la Caverna de Platón, en la que se nos cuenta la historia de un esclavo que después de vivir toda su vida encadenado dentro de una caverna, es liberado y expuesto al mundo real.</p>



<p>La obra expone la travesía que vive el esclavo fuera de la caverna y su deseo de regresar a liberar a los demás esclavos que aún siguen atrapados. Para lograr su objetivo, el esclavo tendrá que luchar contra la serpiente que lo somete, arrancarse las cadenas que aún arrastra y convertirse en rey filósofo. Sólo así será capaz de gobernarse a sí mismo y liberar a los suyos.</p>



<p>Juan Cholo es un artista multidisciplinario originario de Cd. Juárez, Chih. Su obra combina pintura, escultura, animación, sonido y<br />performance a través de la instalación. En su trabajo, Cholo ofrece una narrativa visual y estética sobre una concepción del mundo mística, siguiendo un discurso filosófico y mitológico que invita a la reflexión.</p>



<p>Chlolo cuenta con una licenciatura y maestría en Artes Plásticas de UTEP y NMSU respectivamente.</p>

<p>Pintura, escultura, animación, música y performance.Por: @cholonski ENTRADA GRATUITAAv. Juárez 101-CSábado 19 de Octubre del 2024Apertura: 7:30 pm a 10:00 [&hellip;]</p>
