{"id":24491,"date":"2024-11-26T17:58:35","date_gmt":"2024-11-26T23:58:35","guid":{"rendered":"https:\/\/themesh.art\/eventos\/roman-miranda-el-laberinto-de-creta-bestiario-de-suenos-y-quimeras\/"},"modified":"2024-11-27T11:22:45","modified_gmt":"2024-11-27T17:22:45","slug":"roman-miranda-el-laberinto-de-creta-bestiario-de-suenos-y-quimeras","status":"publish","type":"eventos","link":"https:\/\/themesh.art\/en\/eventos\/roman-miranda-el-laberinto-de-creta-bestiario-de-suenos-y-quimeras\/","title":{"rendered":"Rom\u00e1n Miranda: El laberinto de creta. Bestiario de sue\u00f1os y quimeras"},"content":{"rendered":"<p><\/p>\n\n\n\n<p><strong><em>El laberinto de Creta*<\/em><\/strong><\/p>\n\n\n\n<p>Siempre se fracasa cuando se busca la perfecci\u00f3n; el azar est\u00e1 presente en toda expresi\u00f3n art\u00edstica. El verdadero arte nunca es perfecto. Los defectos son parte de la belleza, todo acto creativo est\u00e1 lleno de fallos e impurezas, independientemente del dominio que se tenga de la t\u00e9cnica o de lo acertado que sean los procesos. Lo esencial es asumir una actitud adecuada, que sea libre y rigurosa a la vez. Todo artista debe profundizar en s\u00ed mismo, ser seguro y humilde, delicado y profundo.<\/p>\n\n\n\n<p>Todo lo anterior viene a cuenta para comentar brevemente la serie de pinturas y dibujos reunidos por Rom\u00e1n Miranda bajo el t\u00edtulo <em>El laberinto de Creta, <\/em>donde nos muestra su forma de ver el mundo a trav\u00e9s de su vigorosa imaginaci\u00f3n&#8230; Cuando se apuesta por la imaginaci\u00f3n las cosas suelen salir bien.<\/p>\n\n\n\n<p>En este conjunto de retratos, sue\u00f1os y quimeras, Rom\u00e1n captura la esencia misma de lo que somos; los sue\u00f1os se elevan a la categor\u00eda de realidad, y esta, a su vez, se convierte en mito, dando lugar a un inspirado entramado de narrativas ancestrales y contempor\u00e1neas que revelan verdades atemporales. Esta serie logra un equilibrio entre lo imaginario y lo concreto, lo m\u00edtico y lo real, estableciendo singulares asociaciones entre las piezas que la conforman a partir de delicados hilos apenas perceptibles.<\/p>\n\n\n\n<p>Rom\u00e1n comprende la importancia de la t\u00e9cnica en el arte, pero conf\u00eda m\u00e1s en su intuici\u00f3n, aventur\u00e1ndose a ir m\u00e1s all\u00e1 de la simple imitaci\u00f3n para desafiar los c\u00e1nones de la belleza convencional, explorar nuevos caminos y descubrir significados complejos.<\/p>\n\n\n\n<p>Estas palabras surgen del cari\u00f1o y admiraci\u00f3n que siento por Rom\u00e1n. \u00c9l es para m\u00ed un maestro muy cercano, pero sobre todo un gran amigo. Admiro su talento, su manera de percibir la condici\u00f3n humana, su mirada educada y sensible, su discreci\u00f3n ir\u00f3nica y su agudo sentido del humor que no siempre se comprende de buenas a primeras.<\/p>\n\n\n\n<p>* El laberinto de Creta es, en la mitolog\u00eda griega, el laberinto construido por D\u00e9dalo para esconder al Minotauro, narrativa que representa el coraje humano, la superaci\u00f3n de desaf\u00edos aparentemente imposibles y el poder del ingenio y la determinaci\u00f3n.<\/p>\n\n\n\n<p>Jordi Bold\u00f3<\/p>\n\n\n\n<p>Rom\u00e1n Miranda nace en la ciudad de M\u00e9xico en 1973; actualmente radica en Santiago de Quer\u00e9taro, Qro.<\/p>\n\n\n\n<p><strong>ESTUDIOS:<\/strong><\/p>\n\n\n\n<p>2009 Taller de Producci\u00f3n en Artes Visuales, Centro Estatal de Formaci\u00f3n Art\u00edstica y Cultural. Quer\u00e9taro, Qro., M\u00c9XICO.<\/p>\n\n\n\n<p>2008 Taller de Pintura al \u00d3leo, Museo de la Ciudad. Quer\u00e9taro, Qro., M\u00c9XICO.<\/p>\n\n\n\n<p>2007 Taller &#8220;Introducci\u00f3n a la Pintura&#8221;, Universidad Aut\u00f3noma de Quer\u00e9taro. Quer\u00e9taro, Qro., M\u00c9XICO.<\/p>\n\n\n\n<p>2005 Taller &#8220;Producci\u00f3n y Creatividad&#8221;, Universidad Aut\u00f3noma de Quer\u00e9taro. Quer\u00e9taro, Qro., M\u00c9XICO.<\/p>\n\n\n\n<p>2001 Taller de Grabado. San Miguel de Allende, Gto., M\u00c9XICO.<\/p>\n\n\n\n<p>1999 Licenciatura en dise\u00f1o gr\u00e1fico. Universidad Iberoamericana. M\u00e9xico D.F., M\u00c9XICO<\/p>\n\n\n\n<p>1994 Grabado y dibujo con modelo. Escuela de arte Ignacio Ram\u00edrez el Nigromante &#8211; INBA. San Miguel de Allende, Gto., M\u00c9XICO.<\/p>\n\n\n\n<p><strong>EXPOSICIONES INDIVIDUALES:<\/strong><\/p>\n\n\n\n<p>2009 &#8220;Sue\u00f1os de Otros&#8221;, Museo de la Ciudad, Quer\u00e9taro, Qro., M\u00c9XICO.<\/p>\n\n\n\n<p>2007 &#8220;Dibujos y Grabados&#8221;, Casa de Cultura &#8211; Galer\u00eda Jorge Alberto Manrique, Celaya, Gto., M\u00c9XICO.<\/p>\n\n\n\n<p>2007 &#8220;Gr\u00e1fica de una Imaginer\u00eda&#8221;, Galer\u00eda Municipal Rosario S\u00e1nchez de Lozada, Quer\u00e9taro, Qro., M\u00c9XICO.<\/p>\n\n\n\n<p>2006 &#8220;Nahual&#8221;, Casa de Cultura Jes\u00fas Romero Flores, M\u00e9xico D.F., M\u00c9XICO.<\/p>\n\n\n\n<p>2005 &#8220;Nahual&#8221;, Museo de la Ciudad, Quer\u00e9taro, Qro., M\u00c9XICO.<\/p>\n\n\n\n<p>2001 &#8220;Pintura y Grabado&#8221;, Galer\u00eda Arte Total, Estado de M\u00e9xico, M\u00c9XICO<\/p>\n\n\n\n<p><strong>EXPOSICIONES COLECTIVAS:<\/strong><\/p>\n\n\n\n<p>2009 &#8220;Conexiones. Contemporary Works by Mexican Artists&#8221;, Mesa Arts Center, Mesa, Arizona, E.U.A.<\/p>\n\n\n\n<p>2009 &#8220;For your eyes only&#8221;, Galer\u00eda Arte Actual Mexicano, San Pedro Garza Garc\u00eda, N.L., M\u00c9XICO.<\/p>\n\n\n\n<p>2009 &#8220;Figurativa&#8221;, Galer\u00eda Municipal Rosario S\u00e1nchez de Lozada, Quer\u00e9taro, Qro., M\u00c9XICO.<\/p>\n\n\n\n<p>2009 &#8220;Drawn In; Drawings from Asia and the Americas&#8221;, Noel-Baza Fine Art, San Diego, California, E.U.A.<\/p>\n\n\n\n<p>2009 &#8220;Ajedrez&#8221;, Arcada Mayor de la Casa de la Cultura de Morelia, Morelia, Mich., M\u00c9XICO.<\/p>\n\n\n\n<p>2008 &#8220;Judith en el Banquete de Holofernes&#8221;, Museo de la Ciudad, Quer\u00e9taro, Qro., M\u00c9XICO.<\/p>\n\n\n\n<p>2008 &#8220;Emerging Artists of Contemporary Mexican and Latin American Art&#8221;, Deloitte &amp; Touche, New York, E.U.A.<\/p>\n\n\n\n<p>2008 &#8220;La multiplicaci\u00f3n de las posibilidades&#8221;, Galer\u00eda Universitaria &#8211; Arte Contempor\u00e1neo, Quer\u00e9taro, Qro., M\u00c9XICO.<\/p>\n\n\n\n<p>2008 &#8220;A Fine Figure: Contemporary Mexican &amp; Latin American Art&#8221;, Susan Eley Fine Art Gallery, New York, E.U.A.<\/p>\n\n\n\n<p>2007 &#8220;Emerging Artists from Mexico and Latin America&#8221;, New York Academy of Art, NewYork, E.U.A.<\/p>\n\n\n\n<p>2007 &#8220;Entre Amigos y Sue\u00f1os&#8221;, Centro Cultural \u00c1gora, Estado de M\u00e9xico, M\u00c9XICO.<\/p>\n\n\n\n<p>2007 &#8220;Er\u00f3tica&#8221;, Galer\u00eda de Arte Corazones, Guanajuato, Gto., M\u00c9XICO.<\/p>\n\n\n\n<p>2006 &#8220;No se pasen de Vivos II&#8221;, Casa de Cultura Juan Rulfo, M\u00e9xico D.F., M\u00c9XICO.<\/p>\n\n\n\n<p>2005 &#8220;\u00c1ngeles y Demonios&#8221;, Museo de la Ciudad, Quer\u00e9taro, Qro., M\u00c9XICO.<\/p>\n\n\n\n<p>2000 &#8220;Colectiva&#8221;, Galer\u00eda Arte Total, Estado de M\u00e9xico, M\u00c9XICO.<\/p>\n\n\n\n<p><strong>PREMIOS Y DISTINCIONES:<\/strong><\/p>\n\n\n\n<p>2009 CONECULTA, Programa de est\u00edmulos a la creaci\u00f3n art\u00edstica. Quer\u00e9taro, Qro., M\u00c9XICO.<\/p>\n\n\n\n<p>2007 Primer lugar, Tercera Bienal Internacional de Dibujo Sylvia Pawa &#8211; Instituto de Cultura M\u00e9xico-Israel.<\/p>\n\n\n\n<p>2006 Seleccionado, Primera Bienal Internacional de Dibujo de las Am\u00e9ricas Rafael Cauduro Tijuana.<\/p>\n\n\n\n<p>2003 Menci\u00f3n honor\u00edfica, Encuentro Municipal de Arte Joven &#8211; Gr\u00e1fica, Quer\u00e9taro, Qro., M\u00c9XICO.<\/p>\n\n\n\n<p>1998 Reconocimiento, III Concurso Nacional de Cartel Centro de Integraci\u00f3n Juvenil, A.C. para la prevenci\u00f3n de la drogas, M\u00e9xico D.F., M\u00c9XICO<\/p>\n\n\n\n<p>1998 Seleccionado, III Concurso de Cartel 1998 de DIF-UNICEF por el derecho de los ni\u00f1os, M\u00e9xico D.F., M\u00c9XICO.<\/p>","protected":false},"excerpt":{"rendered":"<p>El laberinto de Creta* Siempre se fracasa cuando se busca la perfecci\u00f3n; el azar est\u00e1 presente en toda expresi\u00f3n art\u00edstica. [&hellip;]<\/p>","protected":false},"author":1,"featured_media":24688,"template":"","meta":{"site-sidebar-layout":"default","site-content-layout":"","ast-site-content-layout":"","site-content-style":"default","site-sidebar-style":"default","ast-global-header-display":"","ast-banner-title-visibility":"","ast-main-header-display":"","ast-hfb-above-header-display":"","ast-hfb-below-header-display":"","ast-hfb-mobile-header-display":"","site-post-title":"","ast-breadcrumbs-content":"","ast-featured-img":"","footer-sml-layout":"","theme-transparent-header-meta":"","adv-header-id-meta":"","stick-header-meta":"","header-above-stick-meta":"","header-main-stick-meta":"","header-below-stick-meta":"","astra-migrate-meta-layouts":"default","ast-page-background-enabled":"default","ast-page-background-meta":{"desktop":{"background-color":"var(--ast-global-color-4)","background-image":"","background-repeat":"repeat","background-position":"center center","background-size":"auto","background-attachment":"scroll","background-type":"","background-media":"","overlay-type":"","overlay-color":"","overlay-opacity":"","overlay-gradient":""},"tablet":{"background-color":"","background-image":"","background-repeat":"repeat","background-position":"center center","background-size":"auto","background-attachment":"scroll","background-type":"","background-media":"","overlay-type":"","overlay-color":"","overlay-opacity":"","overlay-gradient":""},"mobile":{"background-color":"","background-image":"","background-repeat":"repeat","background-position":"center center","background-size":"auto","background-attachment":"scroll","background-type":"","background-media":"","overlay-type":"","overlay-color":"","overlay-opacity":"","overlay-gradient":""}},"ast-content-background-meta":{"desktop":{"background-color":"var(--ast-global-color-5)","background-image":"","background-repeat":"repeat","background-position":"center center","background-size":"auto","background-attachment":"scroll","background-type":"","background-media":"","overlay-type":"","overlay-color":"","overlay-opacity":"","overlay-gradient":""},"tablet":{"background-color":"var(--ast-global-color-5)","background-image":"","background-repeat":"repeat","background-position":"center center","background-size":"auto","background-attachment":"scroll","background-type":"","background-media":"","overlay-type":"","overlay-color":"","overlay-opacity":"","overlay-gradient":""},"mobile":{"background-color":"var(--ast-global-color-5)","background-image":"","background-repeat":"repeat","background-position":"center center","background-size":"auto","background-attachment":"scroll","background-type":"","background-media":"","overlay-type":"","overlay-color":"","overlay-opacity":"","overlay-gradient":""}},"fecha_de_inicio":1731699000,"fecha_de_finalizacion":1739728800,"duracion_evento":"","modalidad":"","tipo_de_acceso":"","precio_evento":"","link_externo":"","direccion":"C. Ignacio Allende Sur 14, Centro, 76000 Santiago de Quer\u00e9taro, Qro.","featured_event":""},"etiquetas-de-evento":[506],"ubicacion-de-evento":[478,510],"categoria-de-evento":[1628,1629],"class_list":["post-24491","eventos","type-eventos","status-publish","has-post-thumbnail","hentry","etiquetas-de-evento-artes-visuales","ubicacion-de-evento-mexico","ubicacion-de-evento-queretaro","categoria-de-evento-exposicion","categoria-de-evento-museo-exposicion"],"_links":{"self":[{"href":"https:\/\/themesh.art\/en\/wp-json\/wp\/v2\/eventos\/24491","targetHints":{"allow":["GET"]}}],"collection":[{"href":"https:\/\/themesh.art\/en\/wp-json\/wp\/v2\/eventos"}],"about":[{"href":"https:\/\/themesh.art\/en\/wp-json\/wp\/v2\/types\/eventos"}],"author":[{"embeddable":true,"href":"https:\/\/themesh.art\/en\/wp-json\/wp\/v2\/users\/1"}],"wp:featuredmedia":[{"embeddable":true,"href":"https:\/\/themesh.art\/en\/wp-json\/wp\/v2\/media\/24688"}],"wp:attachment":[{"href":"https:\/\/themesh.art\/en\/wp-json\/wp\/v2\/media?parent=24491"}],"wp:term":[{"taxonomy":"etiquetas-de-evento","embeddable":true,"href":"https:\/\/themesh.art\/en\/wp-json\/wp\/v2\/etiquetas-de-evento?post=24491"},{"taxonomy":"ubicacion-de-evento","embeddable":true,"href":"https:\/\/themesh.art\/en\/wp-json\/wp\/v2\/ubicacion-de-evento?post=24491"},{"taxonomy":"categoria-de-evento","embeddable":true,"href":"https:\/\/themesh.art\/en\/wp-json\/wp\/v2\/categoria-de-evento?post=24491"}],"curies":[{"name":"wp","href":"https:\/\/api.w.org\/{rel}","templated":true}]}}

Román Miranda: El laberinto de creta. Bestiario de sueños y quimeras

<p></p>



<p><strong><em>El laberinto de Creta*</em></strong></p>



<p>Siempre se fracasa cuando se busca la perfección; el azar está presente en toda expresión artística. El verdadero arte nunca es perfecto. Los defectos son parte de la belleza, todo acto creativo está lleno de fallos e impurezas, independientemente del dominio que se tenga de la técnica o de lo acertado que sean los procesos. Lo esencial es asumir una actitud adecuada, que sea libre y rigurosa a la vez. Todo artista debe profundizar en sí mismo, ser seguro y humilde, delicado y profundo.</p>



<p>Todo lo anterior viene a cuenta para comentar brevemente la serie de pinturas y dibujos reunidos por Román Miranda bajo el título <em>El laberinto de Creta, </em>donde nos muestra su forma de ver el mundo a través de su vigorosa imaginación&#8230; Cuando se apuesta por la imaginación las cosas suelen salir bien.</p>



<p>En este conjunto de retratos, sueños y quimeras, Román captura la esencia misma de lo que somos; los sueños se elevan a la categoría de realidad, y esta, a su vez, se convierte en mito, dando lugar a un inspirado entramado de narrativas ancestrales y contemporáneas que revelan verdades atemporales. Esta serie logra un equilibrio entre lo imaginario y lo concreto, lo mítico y lo real, estableciendo singulares asociaciones entre las piezas que la conforman a partir de delicados hilos apenas perceptibles.</p>



<p>Román comprende la importancia de la técnica en el arte, pero confía más en su intuición, aventurándose a ir más allá de la simple imitación para desafiar los cánones de la belleza convencional, explorar nuevos caminos y descubrir significados complejos.</p>



<p>Estas palabras surgen del cariño y admiración que siento por Román. Él es para mí un maestro muy cercano, pero sobre todo un gran amigo. Admiro su talento, su manera de percibir la condición humana, su mirada educada y sensible, su discreción irónica y su agudo sentido del humor que no siempre se comprende de buenas a primeras.</p>



<p>* El laberinto de Creta es, en la mitología griega, el laberinto construido por Dédalo para esconder al Minotauro, narrativa que representa el coraje humano, la superación de desafíos aparentemente imposibles y el poder del ingenio y la determinación.</p>



<p>Jordi Boldó</p>



<p>Román Miranda nace en la ciudad de México en 1973; actualmente radica en Santiago de Querétaro, Qro.</p>



<p><strong>ESTUDIOS:</strong></p>



<p>2009 Taller de Producción en Artes Visuales, Centro Estatal de Formación Artística y Cultural. Querétaro, Qro., MÉXICO.</p>



<p>2008 Taller de Pintura al Óleo, Museo de la Ciudad. Querétaro, Qro., MÉXICO.</p>



<p>2007 Taller &#8220;Introducción a la Pintura&#8221;, Universidad Autónoma de Querétaro. Querétaro, Qro., MÉXICO.</p>



<p>2005 Taller &#8220;Producción y Creatividad&#8221;, Universidad Autónoma de Querétaro. Querétaro, Qro., MÉXICO.</p>



<p>2001 Taller de Grabado. San Miguel de Allende, Gto., MÉXICO.</p>



<p>1999 Licenciatura en diseño gráfico. Universidad Iberoamericana. México D.F., MÉXICO</p>



<p>1994 Grabado y dibujo con modelo. Escuela de arte Ignacio Ramírez el Nigromante &#8211; INBA. San Miguel de Allende, Gto., MÉXICO.</p>



<p><strong>EXPOSICIONES INDIVIDUALES:</strong></p>



<p>2009 &#8220;Sueños de Otros&#8221;, Museo de la Ciudad, Querétaro, Qro., MÉXICO.</p>



<p>2007 &#8220;Dibujos y Grabados&#8221;, Casa de Cultura &#8211; Galería Jorge Alberto Manrique, Celaya, Gto., MÉXICO.</p>



<p>2007 &#8220;Gráfica de una Imaginería&#8221;, Galería Municipal Rosario Sánchez de Lozada, Querétaro, Qro., MÉXICO.</p>



<p>2006 &#8220;Nahual&#8221;, Casa de Cultura Jesús Romero Flores, México D.F., MÉXICO.</p>



<p>2005 &#8220;Nahual&#8221;, Museo de la Ciudad, Querétaro, Qro., MÉXICO.</p>



<p>2001 &#8220;Pintura y Grabado&#8221;, Galería Arte Total, Estado de México, MÉXICO</p>



<p><strong>EXPOSICIONES COLECTIVAS:</strong></p>



<p>2009 &#8220;Conexiones. Contemporary Works by Mexican Artists&#8221;, Mesa Arts Center, Mesa, Arizona, E.U.A.</p>



<p>2009 &#8220;For your eyes only&#8221;, Galería Arte Actual Mexicano, San Pedro Garza García, N.L., MÉXICO.</p>



<p>2009 &#8220;Figurativa&#8221;, Galería Municipal Rosario Sánchez de Lozada, Querétaro, Qro., MÉXICO.</p>



<p>2009 &#8220;Drawn In; Drawings from Asia and the Americas&#8221;, Noel-Baza Fine Art, San Diego, California, E.U.A.</p>



<p>2009 &#8220;Ajedrez&#8221;, Arcada Mayor de la Casa de la Cultura de Morelia, Morelia, Mich., MÉXICO.</p>



<p>2008 &#8220;Judith en el Banquete de Holofernes&#8221;, Museo de la Ciudad, Querétaro, Qro., MÉXICO.</p>



<p>2008 &#8220;Emerging Artists of Contemporary Mexican and Latin American Art&#8221;, Deloitte &amp; Touche, New York, E.U.A.</p>



<p>2008 &#8220;La multiplicación de las posibilidades&#8221;, Galería Universitaria &#8211; Arte Contemporáneo, Querétaro, Qro., MÉXICO.</p>



<p>2008 &#8220;A Fine Figure: Contemporary Mexican &amp; Latin American Art&#8221;, Susan Eley Fine Art Gallery, New York, E.U.A.</p>



<p>2007 &#8220;Emerging Artists from Mexico and Latin America&#8221;, New York Academy of Art, NewYork, E.U.A.</p>



<p>2007 &#8220;Entre Amigos y Sueños&#8221;, Centro Cultural Ágora, Estado de México, MÉXICO.</p>



<p>2007 &#8220;Erótica&#8221;, Galería de Arte Corazones, Guanajuato, Gto., MÉXICO.</p>



<p>2006 &#8220;No se pasen de Vivos II&#8221;, Casa de Cultura Juan Rulfo, México D.F., MÉXICO.</p>



<p>2005 &#8220;Ángeles y Demonios&#8221;, Museo de la Ciudad, Querétaro, Qro., MÉXICO.</p>



<p>2000 &#8220;Colectiva&#8221;, Galería Arte Total, Estado de México, MÉXICO.</p>



<p><strong>PREMIOS Y DISTINCIONES:</strong></p>



<p>2009 CONECULTA, Programa de estímulos a la creación artística. Querétaro, Qro., MÉXICO.</p>



<p>2007 Primer lugar, Tercera Bienal Internacional de Dibujo Sylvia Pawa &#8211; Instituto de Cultura México-Israel.</p>



<p>2006 Seleccionado, Primera Bienal Internacional de Dibujo de las Américas Rafael Cauduro Tijuana.</p>



<p>2003 Mención honorífica, Encuentro Municipal de Arte Joven &#8211; Gráfica, Querétaro, Qro., MÉXICO.</p>



<p>1998 Reconocimiento, III Concurso Nacional de Cartel Centro de Integración Juvenil, A.C. para la prevención de la drogas, México D.F., MÉXICO</p>



<p>1998 Seleccionado, III Concurso de Cartel 1998 de DIF-UNICEF por el derecho de los niños, México D.F., MÉXICO.</p>

<p>El laberinto de Creta* Siempre se fracasa cuando se busca la perfección; el azar está presente en toda expresión artística. [&hellip;]</p>

C. Ignacio Allende Sur 14, Centro, 76000 Santiago de Querétaro, Qro.
