{"id":24481,"date":"2024-11-26T17:58:34","date_gmt":"2024-11-26T23:58:34","guid":{"rendered":"https:\/\/themesh.art\/eventos\/remi-cardenas-la-naturaleza-del-tiempo\/"},"modified":"2025-09-02T13:33:49","modified_gmt":"2025-09-02T19:33:49","slug":"remi-cardenas-la-naturaleza-del-tiempo","status":"publish","type":"eventos","link":"https:\/\/themesh.art\/en\/eventos\/remi-cardenas-la-naturaleza-del-tiempo\/","title":{"rendered":"Remi C\u00e1rdenas: La naturaleza del tiempo"},"content":{"rendered":"<p><strong>Muestra que aborda el trabajo reciente de Remi C\u00e1rdenas, su relaci\u00f3n y procesos en torno al dibujo y pintura acad\u00e9micos, a la vez que hace un estudio en torno a la historia de la materia y la observaci\u00f3n de la naturaleza.<\/strong><\/p>\r\n\r\n\r\n\r\n<p>Curadur\u00eda: Odette Paz<\/p>\r\n\r\n\r\n\r\n<p>Sobre el Artista<\/p>\r\n\r\n\r\n\r\n<p><strong>Remi C\u00e1rdenas (Xalapa, Veracruz, 1986)<\/strong><\/p>\r\n\r\n\r\n\r\n<p>Artista pl\u00e1stico que se ha especializado en el dibujo y la pintura. Ha exhibido en numerosas exposiciones y cuenta con obra permanente de gran formato en el acervo del Museo de Historia Natural.<\/p>\r\n\r\n\r\n\r\n<p>Estudi\u00f3 en la Unidad de Artes Pl\u00e1sticas de la Universidad Veracruzana, Xalapa, y continu\u00f3 su formaci\u00f3n acad\u00e9mica en Grand Central Academy of Art, en Nueva York, NY, EE.UU.\u00a0<\/p>\r\n\r\n\r\n\r\n<p>A la par de su producci\u00f3n, ha ejercido la docencia en espacios como Taller Huachinango, Foro Goya, Escuela Europea de las Artes y Atelier Mesones, como profesor de dibujo y pintura acad\u00e9mica.<\/p>\r\n\r\n\r\n\r\n<p>En su obra vemos una inclinaci\u00f3n por la naturaleza, as\u00ed como por el estudio de los artistas del pasado, de modo que se ha especializado en la pintura y dibujo naturalista; se ha desarrollado en el \u00e1mbito de la ilustraci\u00f3n cient\u00edfica y editorial.<\/p>","protected":false},"excerpt":{"rendered":"<p>Muestra que aborda el trabajo reciente de Remi C\u00e1rdenas, su relaci\u00f3n y procesos en torno al dibujo y pintura acad\u00e9micos, [&hellip;]<\/p>","protected":false},"author":119,"featured_media":24678,"template":"","meta":{"site-sidebar-layout":"default","site-content-layout":"","ast-site-content-layout":"default","site-content-style":"default","site-sidebar-style":"default","ast-global-header-display":"","ast-banner-title-visibility":"","ast-main-header-display":"","ast-hfb-above-header-display":"","ast-hfb-below-header-display":"","ast-hfb-mobile-header-display":"","site-post-title":"","ast-breadcrumbs-content":"","ast-featured-img":"","footer-sml-layout":"","theme-transparent-header-meta":"default","adv-header-id-meta":"","stick-header-meta":"","header-above-stick-meta":"","header-main-stick-meta":"","header-below-stick-meta":"","astra-migrate-meta-layouts":"set","ast-page-background-enabled":"default","ast-page-background-meta":{"desktop":{"background-color":"var(--ast-global-color-4)","background-image":"","background-repeat":"repeat","background-position":"center center","background-size":"auto","background-attachment":"scroll","background-type":"","background-media":"","overlay-type":"","overlay-color":"","overlay-opacity":"","overlay-gradient":""},"tablet":{"background-color":"","background-image":"","background-repeat":"repeat","background-position":"center center","background-size":"auto","background-attachment":"scroll","background-type":"","background-media":"","overlay-type":"","overlay-color":"","overlay-opacity":"","overlay-gradient":""},"mobile":{"background-color":"","background-image":"","background-repeat":"repeat","background-position":"center center","background-size":"auto","background-attachment":"scroll","background-type":"","background-media":"","overlay-type":"","overlay-color":"","overlay-opacity":"","overlay-gradient":""}},"ast-content-background-meta":{"desktop":{"background-color":"var(--ast-global-color-5)","background-image":"","background-repeat":"repeat","background-position":"center center","background-size":"auto","background-attachment":"scroll","background-type":"","background-media":"","overlay-type":"","overlay-color":"","overlay-opacity":"","overlay-gradient":""},"tablet":{"background-color":"var(--ast-global-color-5)","background-image":"","background-repeat":"repeat","background-position":"center center","background-size":"auto","background-attachment":"scroll","background-type":"","background-media":"","overlay-type":"","overlay-color":"","overlay-opacity":"","overlay-gradient":""},"mobile":{"background-color":"var(--ast-global-color-5)","background-image":"","background-repeat":"repeat","background-position":"center center","background-size":"auto","background-attachment":"scroll","background-type":"","background-media":"","overlay-type":"","overlay-color":"","overlay-opacity":"","overlay-gradient":""}},"fecha_de_inicio":1732820400,"fecha_de_finalizacion":1739052000,"duracion_evento":"","modalidad":"","tipo_de_acceso":"","precio_evento":"","link_externo":"","direccion":"06000, Rep\u00fablica de El Salvador 47, Centro, Cuauht\u00e9moc, 06080 Ciudad de M\u00e9xico, CDMX","featured_event":""},"etiquetas-de-evento":[506,1623],"ubicacion-de-evento":[479,478],"categoria-de-evento":[1628,1629],"class_list":["post-24481","eventos","type-eventos","status-publish","has-post-thumbnail","hentry","etiquetas-de-evento-artes-visuales","etiquetas-de-evento-pintura-artes-visuales","ubicacion-de-evento-cdmx","ubicacion-de-evento-mexico","categoria-de-evento-exposicion","categoria-de-evento-museo-exposicion"],"_links":{"self":[{"href":"https:\/\/themesh.art\/en\/wp-json\/wp\/v2\/eventos\/24481","targetHints":{"allow":["GET"]}}],"collection":[{"href":"https:\/\/themesh.art\/en\/wp-json\/wp\/v2\/eventos"}],"about":[{"href":"https:\/\/themesh.art\/en\/wp-json\/wp\/v2\/types\/eventos"}],"author":[{"embeddable":true,"href":"https:\/\/themesh.art\/en\/wp-json\/wp\/v2\/users\/119"}],"wp:featuredmedia":[{"embeddable":true,"href":"https:\/\/themesh.art\/en\/wp-json\/wp\/v2\/media\/24678"}],"wp:attachment":[{"href":"https:\/\/themesh.art\/en\/wp-json\/wp\/v2\/media?parent=24481"}],"wp:term":[{"taxonomy":"etiquetas-de-evento","embeddable":true,"href":"https:\/\/themesh.art\/en\/wp-json\/wp\/v2\/etiquetas-de-evento?post=24481"},{"taxonomy":"ubicacion-de-evento","embeddable":true,"href":"https:\/\/themesh.art\/en\/wp-json\/wp\/v2\/ubicacion-de-evento?post=24481"},{"taxonomy":"categoria-de-evento","embeddable":true,"href":"https:\/\/themesh.art\/en\/wp-json\/wp\/v2\/categoria-de-evento?post=24481"}],"curies":[{"name":"wp","href":"https:\/\/api.w.org\/{rel}","templated":true}]}}

Remi Cárdenas: La naturaleza del tiempo

<p><strong>Muestra que aborda el trabajo reciente de Remi Cárdenas, su relación y procesos en torno al dibujo y pintura académicos, a la vez que hace un estudio en torno a la historia de la materia y la observación de la naturaleza.</strong></p>



<p>Curaduría: Odette Paz</p>



<p>Sobre el Artista</p>



<p><strong>Remi Cárdenas (Xalapa, Veracruz, 1986)</strong></p>



<p>Artista plástico que se ha especializado en el dibujo y la pintura. Ha exhibido en numerosas exposiciones y cuenta con obra permanente de gran formato en el acervo del Museo de Historia Natural.</p>



<p>Estudió en la Unidad de Artes Plásticas de la Universidad Veracruzana, Xalapa, y continuó su formación académica en Grand Central Academy of Art, en Nueva York, NY, EE.UU. </p>



<p>A la par de su producción, ha ejercido la docencia en espacios como Taller Huachinango, Foro Goya, Escuela Europea de las Artes y Atelier Mesones, como profesor de dibujo y pintura académica.</p>



<p>En su obra vemos una inclinación por la naturaleza, así como por el estudio de los artistas del pasado, de modo que se ha especializado en la pintura y dibujo naturalista; se ha desarrollado en el ámbito de la ilustración científica y editorial.</p>

<p>Muestra que aborda el trabajo reciente de Remi Cárdenas, su relación y procesos en torno al dibujo y pintura académicos, [&hellip;]</p>

06000, República de El Salvador 47, Centro, Cuauhtémoc, 06080 Ciudad de México, CDMX
