{"id":24450,"date":"2024-11-26T17:58:31","date_gmt":"2024-11-26T23:58:31","guid":{"rendered":"https:\/\/themesh.art\/eventos\/desnuda-me-dejaron-una-revision-a-la-obra-de-regina-jose-galindo\/"},"modified":"2024-11-27T11:22:43","modified_gmt":"2024-11-27T17:22:43","slug":"desnuda-me-dejaron-una-revision-a-la-obra-de-regina-jose-galindo","status":"publish","type":"eventos","link":"https:\/\/themesh.art\/en\/eventos\/desnuda-me-dejaron-una-revision-a-la-obra-de-regina-jose-galindo\/","title":{"rendered":"Desnuda me dejaron. Una revisi\u00f3n a la obra de Regina Jos\u00e9 Galindo\u00a0"},"content":{"rendered":"<p>Guatemala es un pa\u00eds que se convulsiona constantemente. Si bien es un territorio lleno de belleza y recursos naturales, la cotidianidad se ve afectada por ciertos males sociales que no le dan tregua. Por m\u00e1s de 36 a\u00f1os, el pa\u00eds se vio envuelto en un conflicto armado, injusticias y despojos, abusos y corrupci\u00f3n; ha vivido genocidios contra sus pueblos ind\u00edgenas, y sus gobernantes, pareciera que est\u00e1n cortados todos con la misma tijera. A pesar de los juicios y sentencias, la impunidad es letra de cambio. A la gente en el poder le gusta \u201csalirse con la suya\u201d. Pero como dicen las abuelas, \u201cno hay mal que dure cien a\u00f1os, ni cuerpo que lo aguante\u201d.&nbsp;<\/p>\n\n\n\n<p>La obra de Regina Jos\u00e9 Galindo pone el dedo en la llaga, constantemente se\u00f1ala y devela esos comportamientos insanos e inaceptables, con una sutileza extrema, casi po\u00e9tica, es capaz de hacer comentarios que, feroces, denuncian las peores atrocidades, con un parpadeo, con su presencia y su silencio, con su cuerpo, hace se\u00f1alamientos extremos. A veces las palabras no son suficientes para externar un sentir, para decir y expresar lo que duele, a veces simplemente no existe la manera de narrar lo que pas\u00f3, y a trav\u00e9s del performance, esta artista lo resume, lo traduce todo y genera im\u00e1genes tan concretas que son como poes\u00eda. Huellas imborrables, cicatrices que nos recuerda que la violencia estuvo presente, archivos que resisten a silenciarse por la fuerza de la borradura institucional o estatal.<\/p>\n\n\n\n<p>\u201cDesnuda me dejaron\u201d, las palabras de una mujer maya que fue abusada, el testimonio cuando fue v\u00edctima de ese sistema corrupto, de la indolencia del entorno y el silencio c\u00f3mplice de la ley. Escenario feminicida, cuya brutalidad ha sido normalizada y que Regina Jos\u00e9 Galindo busca hacer visible. Al llevar a su cuerpo la vivencia, al encarnar la imagen, nos lleva a pensar en el horror del abuso y nos deja con una terrible carga de impotencia. Acompa\u00f1ar al ausente, ser eco mediante la propia carne, es un acto de ternura rabiosa incuestionable. La realidad duele, y estas obras son un simple recordatorio de lo urgente que es hacer del respeto y la equidad, las letras de cambio con las que debi\u00e9ramos vivir en sociedad.&nbsp;<\/p>\n\n\n\n<p>Pancho L\u00f3pez, curador<\/p>\n\n\n\n<p><\/p>","protected":false},"excerpt":{"rendered":"<p>Guatemala es un pa\u00eds que se convulsiona constantemente. Si bien es un territorio lleno de belleza y recursos naturales, la [&hellip;]<\/p>","protected":false},"author":1,"featured_media":24649,"template":"","meta":{"site-sidebar-layout":"default","site-content-layout":"","ast-site-content-layout":"","site-content-style":"default","site-sidebar-style":"default","ast-global-header-display":"","ast-banner-title-visibility":"","ast-main-header-display":"","ast-hfb-above-header-display":"","ast-hfb-below-header-display":"","ast-hfb-mobile-header-display":"","site-post-title":"","ast-breadcrumbs-content":"","ast-featured-img":"","footer-sml-layout":"","theme-transparent-header-meta":"","adv-header-id-meta":"","stick-header-meta":"","header-above-stick-meta":"","header-main-stick-meta":"","header-below-stick-meta":"","astra-migrate-meta-layouts":"default","ast-page-background-enabled":"default","ast-page-background-meta":{"desktop":{"background-color":"var(--ast-global-color-4)","background-image":"","background-repeat":"repeat","background-position":"center center","background-size":"auto","background-attachment":"scroll","background-type":"","background-media":"","overlay-type":"","overlay-color":"","overlay-opacity":"","overlay-gradient":""},"tablet":{"background-color":"","background-image":"","background-repeat":"repeat","background-position":"center center","background-size":"auto","background-attachment":"scroll","background-type":"","background-media":"","overlay-type":"","overlay-color":"","overlay-opacity":"","overlay-gradient":""},"mobile":{"background-color":"","background-image":"","background-repeat":"repeat","background-position":"center center","background-size":"auto","background-attachment":"scroll","background-type":"","background-media":"","overlay-type":"","overlay-color":"","overlay-opacity":"","overlay-gradient":""}},"ast-content-background-meta":{"desktop":{"background-color":"var(--ast-global-color-5)","background-image":"","background-repeat":"repeat","background-position":"center center","background-size":"auto","background-attachment":"scroll","background-type":"","background-media":"","overlay-type":"","overlay-color":"","overlay-opacity":"","overlay-gradient":""},"tablet":{"background-color":"var(--ast-global-color-5)","background-image":"","background-repeat":"repeat","background-position":"center center","background-size":"auto","background-attachment":"scroll","background-type":"","background-media":"","overlay-type":"","overlay-color":"","overlay-opacity":"","overlay-gradient":""},"mobile":{"background-color":"var(--ast-global-color-5)","background-image":"","background-repeat":"repeat","background-position":"center center","background-size":"auto","background-attachment":"scroll","background-type":"","background-media":"","overlay-type":"","overlay-color":"","overlay-opacity":"","overlay-gradient":""}},"fecha_de_inicio":1727776800,"fecha_de_finalizacion":1731261600,"duracion_evento":"","modalidad":"","tipo_de_acceso":"","precio_evento":"","link_externo":"","direccion":"Manuel Acu\u00f1a esq Avenida Reforma Oriente S\/N, La Cruz, 76020 Santiago de Quer\u00e9taro, Qro.","featured_event":""},"etiquetas-de-evento":[506],"ubicacion-de-evento":[478,510],"categoria-de-evento":[1628,1629],"class_list":["post-24450","eventos","type-eventos","status-publish","has-post-thumbnail","hentry","etiquetas-de-evento-artes-visuales","ubicacion-de-evento-mexico","ubicacion-de-evento-queretaro","categoria-de-evento-exposicion","categoria-de-evento-museo-exposicion"],"_links":{"self":[{"href":"https:\/\/themesh.art\/en\/wp-json\/wp\/v2\/eventos\/24450","targetHints":{"allow":["GET"]}}],"collection":[{"href":"https:\/\/themesh.art\/en\/wp-json\/wp\/v2\/eventos"}],"about":[{"href":"https:\/\/themesh.art\/en\/wp-json\/wp\/v2\/types\/eventos"}],"author":[{"embeddable":true,"href":"https:\/\/themesh.art\/en\/wp-json\/wp\/v2\/users\/1"}],"wp:featuredmedia":[{"embeddable":true,"href":"https:\/\/themesh.art\/en\/wp-json\/wp\/v2\/media\/24649"}],"wp:attachment":[{"href":"https:\/\/themesh.art\/en\/wp-json\/wp\/v2\/media?parent=24450"}],"wp:term":[{"taxonomy":"etiquetas-de-evento","embeddable":true,"href":"https:\/\/themesh.art\/en\/wp-json\/wp\/v2\/etiquetas-de-evento?post=24450"},{"taxonomy":"ubicacion-de-evento","embeddable":true,"href":"https:\/\/themesh.art\/en\/wp-json\/wp\/v2\/ubicacion-de-evento?post=24450"},{"taxonomy":"categoria-de-evento","embeddable":true,"href":"https:\/\/themesh.art\/en\/wp-json\/wp\/v2\/categoria-de-evento?post=24450"}],"curies":[{"name":"wp","href":"https:\/\/api.w.org\/{rel}","templated":true}]}}

Desnuda me dejaron. Una revisión a la obra de Regina José Galindo

<p>Guatemala es un país que se convulsiona constantemente. Si bien es un territorio lleno de belleza y recursos naturales, la cotidianidad se ve afectada por ciertos males sociales que no le dan tregua. Por más de 36 años, el país se vio envuelto en un conflicto armado, injusticias y despojos, abusos y corrupción; ha vivido genocidios contra sus pueblos indígenas, y sus gobernantes, pareciera que están cortados todos con la misma tijera. A pesar de los juicios y sentencias, la impunidad es letra de cambio. A la gente en el poder le gusta “salirse con la suya”. Pero como dicen las abuelas, “no hay mal que dure cien años, ni cuerpo que lo aguante”.&nbsp;</p>



<p>La obra de Regina José Galindo pone el dedo en la llaga, constantemente señala y devela esos comportamientos insanos e inaceptables, con una sutileza extrema, casi poética, es capaz de hacer comentarios que, feroces, denuncian las peores atrocidades, con un parpadeo, con su presencia y su silencio, con su cuerpo, hace señalamientos extremos. A veces las palabras no son suficientes para externar un sentir, para decir y expresar lo que duele, a veces simplemente no existe la manera de narrar lo que pasó, y a través del performance, esta artista lo resume, lo traduce todo y genera imágenes tan concretas que son como poesía. Huellas imborrables, cicatrices que nos recuerda que la violencia estuvo presente, archivos que resisten a silenciarse por la fuerza de la borradura institucional o estatal.</p>



<p>“Desnuda me dejaron”, las palabras de una mujer maya que fue abusada, el testimonio cuando fue víctima de ese sistema corrupto, de la indolencia del entorno y el silencio cómplice de la ley. Escenario feminicida, cuya brutalidad ha sido normalizada y que Regina José Galindo busca hacer visible. Al llevar a su cuerpo la vivencia, al encarnar la imagen, nos lleva a pensar en el horror del abuso y nos deja con una terrible carga de impotencia. Acompañar al ausente, ser eco mediante la propia carne, es un acto de ternura rabiosa incuestionable. La realidad duele, y estas obras son un simple recordatorio de lo urgente que es hacer del respeto y la equidad, las letras de cambio con las que debiéramos vivir en sociedad.&nbsp;</p>



<p>Pancho López, curador</p>



<p></p>

<p>Guatemala es un país que se convulsiona constantemente. Si bien es un territorio lleno de belleza y recursos naturales, la [&hellip;]</p>

Manuel Acuña esq Avenida Reforma Oriente S/N, La Cruz, 76020 Santiago de Querétaro, Qro.
