{"id":23867,"date":"2024-11-23T02:47:25","date_gmt":"2024-11-23T08:47:25","guid":{"rendered":"https:\/\/themesh.art\/eventos\/arqueologia-de-la-sospecha-fabulaciones-trasatlanticas\/"},"modified":"2024-12-16T11:07:13","modified_gmt":"2024-12-16T17:07:13","slug":"arqueologia-de-la-sospecha-fabulaciones-trasatlanticas","status":"publish","type":"eventos","link":"https:\/\/themesh.art\/en\/eventos\/arqueologia-de-la-sospecha-fabulaciones-trasatlanticas\/","title":{"rendered":"Arqueolog\u00eda de la sospecha: Fabulaciones trasatl\u00e1nticas"},"content":{"rendered":"<p>Arqueolog\u00eda de la Sospecha es una conversaci\u00f3n entre M\u00e9xico y Espa\u00f1a que toma la forma de una exposici\u00f3n. Su hilo conductor es la sospecha: un motor explosivo que derriba relatos monumentales, que desata chismes imposibles y concreta f\u00e1bulas a partir de los sedimentos, tambi\u00e9n los detritos, de vidas y deseos no contados<\/p>\n\n\n\n<p><strong>Artistas participantes: Alonso Alarc\u00f3n<\/strong>&nbsp;(MX-BR),&nbsp;<strong>Nina Hoechtl<\/strong>&nbsp;(AT-MX),&nbsp;<strong>javi moreno<\/strong>&nbsp;(ES),&nbsp;<strong>O.R.G.I.A<\/strong>&nbsp;(ES)&nbsp;<strong>Naomi Rinc\u00f3n Gallardo<\/strong>&nbsp;(MX),&nbsp;<strong>Daniel Tejero<\/strong>&nbsp;(ES).<\/p>\n\n\n\n<p><strong>Curadur\u00eda: R\u00edan Lozano (MEX-ESP)<\/strong><\/p>\n\n\n\n<p><strong>Programa p\u00fablico: \u00d3scar Gonz\u00e1lez<\/strong>&nbsp;(MX)<\/p>\n\n\n\n<p>Del 24 de octubre 2024 al 23 de febrero 2025<br>Salas 3 y 4<\/p>\n\n\n\n<p>Acto inaugural:<\/p>\n\n\n\n<figure class=\"wp-block-image\"><img decoding=\"async\" data-src=\"https:\/\/casadellago.unam.mx\/nuevo\/wp-content\/uploads\/2024\/10\/bardaje.jpg\" alt=\"\" class=\"wp-image-28621 lazyload\" src=\"data:image\/gif;base64,R0lGODlhAQABAAAAACH5BAEKAAEALAAAAAABAAEAAAICTAEAOw==\" \/><noscript><img decoding=\"async\" src=\"https:\/\/casadellago.unam.mx\/nuevo\/wp-content\/uploads\/2024\/10\/bardaje.jpg\" alt=\"\" class=\"wp-image-28621\"\/><\/noscript><\/figure>\n\n\n\n<p><strong>BARDAJE de Lukas Avenda\u00f1o (MX)<\/strong><\/p>\n\n\n\n<p>La instalaci\u00f3n performativa de Lukas Avenda\u00f1o se erige como una celebraci\u00f3n de la existencia, desafiando la hegemon\u00eda ontol\u00f3gica y epistemol\u00f3gica impuesta por el norte global sobre el sur. Esta experiencia, marcada por la identidad muxeril, incorpora elementos \u201cprofanos\u201d como plumas de aves, papel met\u00e1lico, \u201cayoyotl\u201d y metales oro y plata. Estos materiales act\u00faan como transmisores que facilitan el encuentro con la \u201carqueolog\u00eda de la memoria\u201d y la matrilinealidad, ofreciendo un espacio de reflexi\u00f3n y conexi\u00f3n con las ra\u00edces culturales.<\/p>\n\n\n\n<p><strong>Jueves 24 de octubre | 18:00<\/strong><br><strong>Foro Alicia Urreta<\/strong><\/p>\n\n\n\n<p>(imagen de portada por O.R.G.I.A)<br>(imagen de Lukas Avenda\u00f1o, Escenograf\u00eda digital: \u00d3ldo Err\u00e9ve)<\/p>\n\n\n\n<p>\u2013<\/p>\n\n\n\n<p>Exposici\u00f3n realizada con el apoyo de:<\/p>\n\n\n\n<p><a href=\"https:\/\/www.esteticas.unam.mx\/\" target=\"_blank\" rel=\"noreferrer noopener\">Instituto de Investigaciones Est\u00e9ticas UNAM<\/a><br><a href=\"https:\/\/cieg.unam.mx\/\" target=\"_blank\" rel=\"noreferrer noopener\">Centro de Investigaciones y Estudios de G\u00e9nero UNAM<\/a><br><a href=\"https:\/\/www.ciencia.gob.es\/\" target=\"_blank\" rel=\"noreferrer noopener\">Ministerio de Ciencia, Innovaci\u00f3n y Universidades<\/a>&nbsp;\/&nbsp;<a href=\"https:\/\/www.aei.gob.es\/\" target=\"_blank\" rel=\"noreferrer noopener\">Agencia Estatal de Investigaci\u00f3n<\/a><br><a href=\"https:\/\/european-union.europa.eu\/index_es\" target=\"_blank\" rel=\"noreferrer noopener\">Uni\u00f3n Europea<\/a><\/p>","protected":false},"excerpt":{"rendered":"<p>Arqueolog\u00eda de la Sospecha es una conversaci\u00f3n entre M\u00e9xico y Espa\u00f1a que toma la forma de una exposici\u00f3n. Su hilo [&hellip;]<\/p>","protected":false},"author":28,"featured_media":23868,"template":"","meta":{"site-sidebar-layout":"default","site-content-layout":"","ast-site-content-layout":"","site-content-style":"default","site-sidebar-style":"default","ast-global-header-display":"","ast-banner-title-visibility":"","ast-main-header-display":"","ast-hfb-above-header-display":"","ast-hfb-below-header-display":"","ast-hfb-mobile-header-display":"","site-post-title":"","ast-breadcrumbs-content":"","ast-featured-img":"","footer-sml-layout":"","theme-transparent-header-meta":"","adv-header-id-meta":"","stick-header-meta":"","header-above-stick-meta":"","header-main-stick-meta":"","header-below-stick-meta":"","astra-migrate-meta-layouts":"default","ast-page-background-enabled":"default","ast-page-background-meta":{"desktop":{"background-color":"var(--ast-global-color-4)","background-image":"","background-repeat":"repeat","background-position":"center center","background-size":"auto","background-attachment":"scroll","background-type":"","background-media":"","overlay-type":"","overlay-color":"","overlay-opacity":"","overlay-gradient":""},"tablet":{"background-color":"","background-image":"","background-repeat":"repeat","background-position":"center center","background-size":"auto","background-attachment":"scroll","background-type":"","background-media":"","overlay-type":"","overlay-color":"","overlay-opacity":"","overlay-gradient":""},"mobile":{"background-color":"","background-image":"","background-repeat":"repeat","background-position":"center center","background-size":"auto","background-attachment":"scroll","background-type":"","background-media":"","overlay-type":"","overlay-color":"","overlay-opacity":"","overlay-gradient":""}},"ast-content-background-meta":{"desktop":{"background-color":"var(--ast-global-color-5)","background-image":"","background-repeat":"repeat","background-position":"center center","background-size":"auto","background-attachment":"scroll","background-type":"","background-media":"","overlay-type":"","overlay-color":"","overlay-opacity":"","overlay-gradient":""},"tablet":{"background-color":"var(--ast-global-color-5)","background-image":"","background-repeat":"repeat","background-position":"center center","background-size":"auto","background-attachment":"scroll","background-type":"","background-media":"","overlay-type":"","overlay-color":"","overlay-opacity":"","overlay-gradient":""},"mobile":{"background-color":"var(--ast-global-color-5)","background-image":"","background-repeat":"repeat","background-position":"center center","background-size":"auto","background-attachment":"scroll","background-type":"","background-media":"","overlay-type":"","overlay-color":"","overlay-opacity":"","overlay-gradient":""}},"featured_event":"","duracion_evento":""},"etiquetas-de-evento":[1630,506],"ubicacion-de-evento":[479,478],"categoria-de-evento":[1650,1628],"class_list":["post-23867","eventos","type-eventos","status-publish","has-post-thumbnail","hentry","etiquetas-de-evento-arte-contemporaneo-artes-visuales","etiquetas-de-evento-artes-visuales","ubicacion-de-evento-cdmx","ubicacion-de-evento-mexico","categoria-de-evento-centro-cultural-exposicion","categoria-de-evento-exposicion"],"_links":{"self":[{"href":"https:\/\/themesh.art\/en\/wp-json\/wp\/v2\/eventos\/23867","targetHints":{"allow":["GET"]}}],"collection":[{"href":"https:\/\/themesh.art\/en\/wp-json\/wp\/v2\/eventos"}],"about":[{"href":"https:\/\/themesh.art\/en\/wp-json\/wp\/v2\/types\/eventos"}],"author":[{"embeddable":true,"href":"https:\/\/themesh.art\/en\/wp-json\/wp\/v2\/users\/28"}],"wp:featuredmedia":[{"embeddable":true,"href":"https:\/\/themesh.art\/en\/wp-json\/wp\/v2\/media\/23868"}],"wp:attachment":[{"href":"https:\/\/themesh.art\/en\/wp-json\/wp\/v2\/media?parent=23867"}],"wp:term":[{"taxonomy":"etiquetas-de-evento","embeddable":true,"href":"https:\/\/themesh.art\/en\/wp-json\/wp\/v2\/etiquetas-de-evento?post=23867"},{"taxonomy":"ubicacion-de-evento","embeddable":true,"href":"https:\/\/themesh.art\/en\/wp-json\/wp\/v2\/ubicacion-de-evento?post=23867"},{"taxonomy":"categoria-de-evento","embeddable":true,"href":"https:\/\/themesh.art\/en\/wp-json\/wp\/v2\/categoria-de-evento?post=23867"}],"curies":[{"name":"wp","href":"https:\/\/api.w.org\/{rel}","templated":true}]}}

Arqueología de la sospecha: Fabulaciones trasatlánticas

<p>Arqueología de la Sospecha es una conversación entre México y España que toma la forma de una exposición. Su hilo conductor es la sospecha: un motor explosivo que derriba relatos monumentales, que desata chismes imposibles y concreta fábulas a partir de los sedimentos, también los detritos, de vidas y deseos no contados</p>



<p><strong>Artistas participantes: Alonso Alarcón</strong>&nbsp;(MX-BR),&nbsp;<strong>Nina Hoechtl</strong>&nbsp;(AT-MX),&nbsp;<strong>javi moreno</strong>&nbsp;(ES),&nbsp;<strong>O.R.G.I.A</strong>&nbsp;(ES)&nbsp;<strong>Naomi Rincón Gallardo</strong>&nbsp;(MX),&nbsp;<strong>Daniel Tejero</strong>&nbsp;(ES).</p>



<p><strong>Curaduría: Rían Lozano (MEX-ESP)</strong></p>



<p><strong>Programa público: Óscar González</strong>&nbsp;(MX)</p>



<p>Del 24 de octubre 2024 al 23 de febrero 2025<br>Salas 3 y 4</p>



<p>Acto inaugural:</p>



<figure class="wp-block-image"><img decoding="async" data-src="https://casadellago.unam.mx/nuevo/wp-content/uploads/2024/10/bardaje.jpg" alt="" class="wp-image-28621 lazyload" src="data:image/gif;base64,R0lGODlhAQABAAAAACH5BAEKAAEALAAAAAABAAEAAAICTAEAOw==" /><noscript><img decoding="async" src="https://casadellago.unam.mx/nuevo/wp-content/uploads/2024/10/bardaje.jpg" alt="" class="wp-image-28621"/></noscript></figure>



<p><strong>BARDAJE de Lukas Avendaño (MX)</strong></p>



<p>La instalación performativa de Lukas Avendaño se erige como una celebración de la existencia, desafiando la hegemonía ontológica y epistemológica impuesta por el norte global sobre el sur. Esta experiencia, marcada por la identidad muxeril, incorpora elementos “profanos” como plumas de aves, papel metálico, “ayoyotl” y metales oro y plata. Estos materiales actúan como transmisores que facilitan el encuentro con la “arqueología de la memoria” y la matrilinealidad, ofreciendo un espacio de reflexión y conexión con las raíces culturales.</p>



<p><strong>Jueves 24 de octubre | 18:00</strong><br><strong>Foro Alicia Urreta</strong></p>



<p>(imagen de portada por O.R.G.I.A)<br>(imagen de Lukas Avendaño, Escenografía digital: Óldo Erréve)</p>



<p>–</p>



<p>Exposición realizada con el apoyo de:</p>



<p><a href="https://www.esteticas.unam.mx/" target="_blank" rel="noreferrer noopener">Instituto de Investigaciones Estéticas UNAM</a><br><a href="https://cieg.unam.mx/" target="_blank" rel="noreferrer noopener">Centro de Investigaciones y Estudios de Género UNAM</a><br><a href="https://www.ciencia.gob.es/" target="_blank" rel="noreferrer noopener">Ministerio de Ciencia, Innovación y Universidades</a>&nbsp;/&nbsp;<a href="https://www.aei.gob.es/" target="_blank" rel="noreferrer noopener">Agencia Estatal de Investigación</a><br><a href="https://european-union.europa.eu/index_es" target="_blank" rel="noreferrer noopener">Unión Europea</a></p>

<p>Arqueología de la Sospecha es una conversación entre México y España que toma la forma de una exposición. Su hilo [&hellip;]</p>
