{"id":23862,"date":"2024-11-23T02:47:25","date_gmt":"2024-11-23T08:47:25","guid":{"rendered":"https:\/\/themesh.art\/eventos\/paulo-nazareth-luzia\/"},"modified":"2024-11-27T11:22:41","modified_gmt":"2024-11-27T17:22:41","slug":"paulo-nazareth-luzia","status":"publish","type":"eventos","link":"https:\/\/themesh.art\/en\/eventos\/paulo-nazareth-luzia\/","title":{"rendered":"Paulo Nazareth: Luzia"},"content":{"rendered":"<p><a href=\"https:\/\/www.museotamayo.org\/people\/paulo-nazareth\"><\/a><\/p>\n\n\n\n<p>03 OCT 2024 &#8211; 09 FEB 2025<\/p>\n\n\n\n<p>Paulo Nazareth (Brasil, 1977) nos invita a recorrer&nbsp;<em>Luzia<\/em>, su primera exposici\u00f3n individual en M\u00e9xico que amalgama d\u00e9cadas de trabajo del artista a trav\u00e9s de una variedad de medios y soportes. Nazareth, quien se identifica como integrante del Pueblo de Luzia (<em>Povo de Luzia<\/em>), presenta un ejercicio de especulaci\u00f3n historiogr\u00e1fica en busca de la enigm\u00e1tica figura llamada Luzia: un f\u00f3sil, un ancestro, una santa, una ciudad, un pueblo y territorio afroind\u00edgena.<\/p>\n\n\n\n<p>Nazareth es conocido por su \u201carte de conducta\u201d, una pr\u00e1ctica art\u00edstica que se desarrolla en los movimientos radicales que realiza al cruzar fronteras a pie. Al activar la memoria corporal y guiado por una temporalidad en espiral, el artista desaf\u00eda la autoridad de los discursos cient\u00edficos negociando el complejo terreno de la identidad latinoamericana.<\/p>\n\n\n\n<p>Al reflexionar sobre la econom\u00eda racial y las actualizaciones coloniales en nuestro mundo contempor\u00e1neo,&nbsp;<em>Luzia<\/em>&nbsp;destaca la relevancia de M\u00e9xico (como lugar y contexto) para este artista que nos muestra c\u00f3mo los desplazamientos forzados y los flujos migratorios reconfiguran las huellas hist\u00f3ricas que fundaron e imposibilitaron la idea de una humanidad unificada.<\/p>\n\n\n\n<p>\u200d<\/p>\n\n\n\n<p>Curadur\u00eda por: Fernanda Brenner y Diane Lima<\/p>\n\n\n\n<p>Asistencia curatorial: Mel Marcondes y Lena Sol\u00e0 Nogu\u00e9<\/p>","protected":false},"excerpt":{"rendered":"<p>03 OCT 2024 &#8211; 09 FEB 2025 Paulo Nazareth (Brasil, 1977) nos invita a recorrer&nbsp;Luzia, su primera exposici\u00f3n individual en [&hellip;]<\/p>","protected":false},"author":1,"featured_media":23863,"template":"","meta":{"site-sidebar-layout":"default","site-content-layout":"","ast-site-content-layout":"","site-content-style":"default","site-sidebar-style":"default","ast-global-header-display":"","ast-banner-title-visibility":"","ast-main-header-display":"","ast-hfb-above-header-display":"","ast-hfb-below-header-display":"","ast-hfb-mobile-header-display":"","site-post-title":"","ast-breadcrumbs-content":"","ast-featured-img":"","footer-sml-layout":"","theme-transparent-header-meta":"","adv-header-id-meta":"","stick-header-meta":"","header-above-stick-meta":"","header-main-stick-meta":"","header-below-stick-meta":"","astra-migrate-meta-layouts":"default","ast-page-background-enabled":"default","ast-page-background-meta":{"desktop":{"background-color":"var(--ast-global-color-4)","background-image":"","background-repeat":"repeat","background-position":"center center","background-size":"auto","background-attachment":"scroll","background-type":"","background-media":"","overlay-type":"","overlay-color":"","overlay-opacity":"","overlay-gradient":""},"tablet":{"background-color":"","background-image":"","background-repeat":"repeat","background-position":"center center","background-size":"auto","background-attachment":"scroll","background-type":"","background-media":"","overlay-type":"","overlay-color":"","overlay-opacity":"","overlay-gradient":""},"mobile":{"background-color":"","background-image":"","background-repeat":"repeat","background-position":"center center","background-size":"auto","background-attachment":"scroll","background-type":"","background-media":"","overlay-type":"","overlay-color":"","overlay-opacity":"","overlay-gradient":""}},"ast-content-background-meta":{"desktop":{"background-color":"var(--ast-global-color-5)","background-image":"","background-repeat":"repeat","background-position":"center center","background-size":"auto","background-attachment":"scroll","background-type":"","background-media":"","overlay-type":"","overlay-color":"","overlay-opacity":"","overlay-gradient":""},"tablet":{"background-color":"var(--ast-global-color-5)","background-image":"","background-repeat":"repeat","background-position":"center center","background-size":"auto","background-attachment":"scroll","background-type":"","background-media":"","overlay-type":"","overlay-color":"","overlay-opacity":"","overlay-gradient":""},"mobile":{"background-color":"var(--ast-global-color-5)","background-image":"","background-repeat":"repeat","background-position":"center center","background-size":"auto","background-attachment":"scroll","background-type":"","background-media":"","overlay-type":"","overlay-color":"","overlay-opacity":"","overlay-gradient":""}},"fecha_de_inicio":1727913600,"fecha_de_finalizacion":1739124000,"duracion_evento":"","modalidad":"","tipo_de_acceso":"","precio_evento":"","link_externo":"","direccion":"Av. P.\u00ba de la Reforma 51, Polanco, Bosque de Chapultepec I Secc, Miguel Hidalgo, 11580 Ciudad de M\u00e9xico, CDMX","featured_event":""},"etiquetas-de-evento":[506],"ubicacion-de-evento":[479,478],"categoria-de-evento":[1628,1629],"class_list":["post-23862","eventos","type-eventos","status-publish","has-post-thumbnail","hentry","etiquetas-de-evento-artes-visuales","ubicacion-de-evento-cdmx","ubicacion-de-evento-mexico","categoria-de-evento-exposicion","categoria-de-evento-museo-exposicion"],"_links":{"self":[{"href":"https:\/\/themesh.art\/en\/wp-json\/wp\/v2\/eventos\/23862","targetHints":{"allow":["GET"]}}],"collection":[{"href":"https:\/\/themesh.art\/en\/wp-json\/wp\/v2\/eventos"}],"about":[{"href":"https:\/\/themesh.art\/en\/wp-json\/wp\/v2\/types\/eventos"}],"author":[{"embeddable":true,"href":"https:\/\/themesh.art\/en\/wp-json\/wp\/v2\/users\/1"}],"wp:featuredmedia":[{"embeddable":true,"href":"https:\/\/themesh.art\/en\/wp-json\/wp\/v2\/media\/23863"}],"wp:attachment":[{"href":"https:\/\/themesh.art\/en\/wp-json\/wp\/v2\/media?parent=23862"}],"wp:term":[{"taxonomy":"etiquetas-de-evento","embeddable":true,"href":"https:\/\/themesh.art\/en\/wp-json\/wp\/v2\/etiquetas-de-evento?post=23862"},{"taxonomy":"ubicacion-de-evento","embeddable":true,"href":"https:\/\/themesh.art\/en\/wp-json\/wp\/v2\/ubicacion-de-evento?post=23862"},{"taxonomy":"categoria-de-evento","embeddable":true,"href":"https:\/\/themesh.art\/en\/wp-json\/wp\/v2\/categoria-de-evento?post=23862"}],"curies":[{"name":"wp","href":"https:\/\/api.w.org\/{rel}","templated":true}]}}

<p><a href="https://www.museotamayo.org/people/paulo-nazareth"></a></p>



<p>03 OCT 2024 &#8211; 09 FEB 2025</p>



<p>Paulo Nazareth (Brasil, 1977) nos invita a recorrer&nbsp;<em>Luzia</em>, su primera exposición individual en México que amalgama décadas de trabajo del artista a través de una variedad de medios y soportes. Nazareth, quien se identifica como integrante del Pueblo de Luzia (<em>Povo de Luzia</em>), presenta un ejercicio de especulación historiográfica en busca de la enigmática figura llamada Luzia: un fósil, un ancestro, una santa, una ciudad, un pueblo y territorio afroindígena.</p>



<p>Nazareth es conocido por su “arte de conducta”, una práctica artística que se desarrolla en los movimientos radicales que realiza al cruzar fronteras a pie. Al activar la memoria corporal y guiado por una temporalidad en espiral, el artista desafía la autoridad de los discursos científicos negociando el complejo terreno de la identidad latinoamericana.</p>



<p>Al reflexionar sobre la economía racial y las actualizaciones coloniales en nuestro mundo contemporáneo,&nbsp;<em>Luzia</em>&nbsp;destaca la relevancia de México (como lugar y contexto) para este artista que nos muestra cómo los desplazamientos forzados y los flujos migratorios reconfiguran las huellas históricas que fundaron e imposibilitaron la idea de una humanidad unificada.</p>



<p>‍</p>



<p>Curaduría por: Fernanda Brenner y Diane Lima</p>



<p>Asistencia curatorial: Mel Marcondes y Lena Solà Nogué</p>

<p>03 OCT 2024 &#8211; 09 FEB 2025 Paulo Nazareth (Brasil, 1977) nos invita a recorrer&nbsp;Luzia, su primera exposición individual en [&hellip;]</p>

Av. P.º de la Reforma 51, Polanco, Bosque de Chapultepec I Secc, Miguel Hidalgo, 11580 Ciudad de México, CDMX
