{"id":23715,"date":"2024-11-23T02:44:05","date_gmt":"2024-11-23T08:44:05","guid":{"rendered":"https:\/\/themesh.art\/eventos\/malika-zarra-rwa-the-essence\/"},"modified":"2024-11-27T11:22:37","modified_gmt":"2024-11-27T17:22:37","slug":"malika-zarra-rwa-the-essence","status":"publish","type":"eventos","link":"https:\/\/themesh.art\/en\/eventos\/malika-zarra-rwa-the-essence\/","title":{"rendered":"Malika Zarra. RWA (The Essence)"},"content":{"rendered":"<p>Aclamada por la revista estadounidense The New Yorker como \u201cuna encantadora pionera del jazz magreb\u00ed\u201d, la cantante y compositora marroqu\u00ed&nbsp;<em>Malika Zarra<\/em>&nbsp;ha tejido los complejos y variados hilos de su viaje musical en su tercer lanzamiento,&nbsp;<em>RWA<\/em>, un t\u00e9rmino del idioma amazigh (bereber,en su forma originaria) que significa \u201cesencia&#8221;.<\/p>\n\n\n\n<p>Su vibrante sonido representa un nuevo jazz urbano-mundial marroqu\u00ed, utilizando polirritmos tradicionales cha\u00e2bi, bereberes y gnawa del norte de \u00c1frica para sustentar las composiciones urbanas claramente contempor\u00e1neas de Zarra, manteniendo al mismo tiempo un sofisticado enfoque de improvisaci\u00f3n propio del jazz moderno.<\/p>\n\n\n\n<p><em>RWA<\/em>&nbsp;evoca el comercio triangular que desangr\u00f3 al continente africano durante siglos. De este encuentro forzado entre \u00c1frica y Europa en las plantaciones de Estados Unidos naci\u00f3 una infinidad de m\u00fasicas populares: blues, jaz y rock&#8217;n&#8217;roll entre otros. Esta es la herencia musical de Zarra quien, en su propio recorrido, ha llegado a una concepci\u00f3n musical \u00fanica y madura.<\/p>\n\n\n\n<p>El viaje de Zarra comenz\u00f3 en su lugar de nacimiento, Ouled Teima, en el sur de Marruecos, y continu\u00f3 en Francia. Despu\u00e9s de establecer su carrera musical en la escena de Par\u00eds, se mud\u00f3 a Nueva York en 2001. Lanz\u00f3 su debut&nbsp;<em>On the Ebony Road<\/em>&nbsp;seguido de&nbsp;<em>Berber Taxi<\/em>, se convirti\u00f3 en miembro del proyecto del cuarteto vocal de John Zorn, Mycale, y apareci\u00f3 como artista destacada con Arturo O&#8217;Farrill, entre otros.<\/p>","protected":false},"excerpt":{"rendered":"<p>Aclamada por la revista estadounidense The New Yorker como \u201cuna encantadora pionera del jazz magreb\u00ed\u201d, la cantante y compositora marroqu\u00ed&nbsp;Malika [&hellip;]<\/p>","protected":false},"author":1,"featured_media":23716,"template":"","meta":{"site-sidebar-layout":"default","site-content-layout":"","ast-site-content-layout":"","site-content-style":"default","site-sidebar-style":"default","ast-global-header-display":"","ast-banner-title-visibility":"","ast-main-header-display":"","ast-hfb-above-header-display":"","ast-hfb-below-header-display":"","ast-hfb-mobile-header-display":"","site-post-title":"","ast-breadcrumbs-content":"","ast-featured-img":"","footer-sml-layout":"","theme-transparent-header-meta":"","adv-header-id-meta":"","stick-header-meta":"","header-above-stick-meta":"","header-main-stick-meta":"","header-below-stick-meta":"","astra-migrate-meta-layouts":"default","ast-page-background-enabled":"default","ast-page-background-meta":{"desktop":{"background-color":"var(--ast-global-color-4)","background-image":"","background-repeat":"repeat","background-position":"center center","background-size":"auto","background-attachment":"scroll","background-type":"","background-media":"","overlay-type":"","overlay-color":"","overlay-opacity":"","overlay-gradient":""},"tablet":{"background-color":"","background-image":"","background-repeat":"repeat","background-position":"center center","background-size":"auto","background-attachment":"scroll","background-type":"","background-media":"","overlay-type":"","overlay-color":"","overlay-opacity":"","overlay-gradient":""},"mobile":{"background-color":"","background-image":"","background-repeat":"repeat","background-position":"center center","background-size":"auto","background-attachment":"scroll","background-type":"","background-media":"","overlay-type":"","overlay-color":"","overlay-opacity":"","overlay-gradient":""}},"ast-content-background-meta":{"desktop":{"background-color":"var(--ast-global-color-5)","background-image":"","background-repeat":"repeat","background-position":"center center","background-size":"auto","background-attachment":"scroll","background-type":"","background-media":"","overlay-type":"","overlay-color":"","overlay-opacity":"","overlay-gradient":""},"tablet":{"background-color":"var(--ast-global-color-5)","background-image":"","background-repeat":"repeat","background-position":"center center","background-size":"auto","background-attachment":"scroll","background-type":"","background-media":"","overlay-type":"","overlay-color":"","overlay-opacity":"","overlay-gradient":""},"mobile":{"background-color":"var(--ast-global-color-5)","background-image":"","background-repeat":"repeat","background-position":"center center","background-size":"auto","background-attachment":"scroll","background-type":"","background-media":"","overlay-type":"","overlay-color":"","overlay-opacity":"","overlay-gradient":""}},"featured_event":"","duracion_evento":""},"etiquetas-de-evento":[1635,1632,1681,1634],"ubicacion-de-evento":[1649,478],"categoria-de-evento":[483,482],"class_list":["post-23715","eventos","type-eventos","status-publish","has-post-thumbnail","hentry","etiquetas-de-evento-jazz","etiquetas-de-evento-musica","etiquetas-de-evento-musica-contemporanea","etiquetas-de-evento-performing-arts","ubicacion-de-evento-guanajuato","ubicacion-de-evento-mexico","categoria-de-evento-concierto","categoria-de-evento-musica"],"_links":{"self":[{"href":"https:\/\/themesh.art\/en\/wp-json\/wp\/v2\/eventos\/23715","targetHints":{"allow":["GET"]}}],"collection":[{"href":"https:\/\/themesh.art\/en\/wp-json\/wp\/v2\/eventos"}],"about":[{"href":"https:\/\/themesh.art\/en\/wp-json\/wp\/v2\/types\/eventos"}],"author":[{"embeddable":true,"href":"https:\/\/themesh.art\/en\/wp-json\/wp\/v2\/users\/1"}],"wp:featuredmedia":[{"embeddable":true,"href":"https:\/\/themesh.art\/en\/wp-json\/wp\/v2\/media\/23716"}],"wp:attachment":[{"href":"https:\/\/themesh.art\/en\/wp-json\/wp\/v2\/media?parent=23715"}],"wp:term":[{"taxonomy":"etiquetas-de-evento","embeddable":true,"href":"https:\/\/themesh.art\/en\/wp-json\/wp\/v2\/etiquetas-de-evento?post=23715"},{"taxonomy":"ubicacion-de-evento","embeddable":true,"href":"https:\/\/themesh.art\/en\/wp-json\/wp\/v2\/ubicacion-de-evento?post=23715"},{"taxonomy":"categoria-de-evento","embeddable":true,"href":"https:\/\/themesh.art\/en\/wp-json\/wp\/v2\/categoria-de-evento?post=23715"}],"curies":[{"name":"wp","href":"https:\/\/api.w.org\/{rel}","templated":true}]}}

<p>Aclamada por la revista estadounidense The New Yorker como “una encantadora pionera del jazz magrebí”, la cantante y compositora marroquí&nbsp;<em>Malika Zarra</em>&nbsp;ha tejido los complejos y variados hilos de su viaje musical en su tercer lanzamiento,&nbsp;<em>RWA</em>, un término del idioma amazigh (bereber,en su forma originaria) que significa “esencia&#8221;.</p>



<p>Su vibrante sonido representa un nuevo jazz urbano-mundial marroquí, utilizando polirritmos tradicionales chaâbi, bereberes y gnawa del norte de África para sustentar las composiciones urbanas claramente contemporáneas de Zarra, manteniendo al mismo tiempo un sofisticado enfoque de improvisación propio del jazz moderno.</p>



<p><em>RWA</em>&nbsp;evoca el comercio triangular que desangró al continente africano durante siglos. De este encuentro forzado entre África y Europa en las plantaciones de Estados Unidos nació una infinidad de músicas populares: blues, jaz y rock&#8217;n&#8217;roll entre otros. Esta es la herencia musical de Zarra quien, en su propio recorrido, ha llegado a una concepción musical única y madura.</p>



<p>El viaje de Zarra comenzó en su lugar de nacimiento, Ouled Teima, en el sur de Marruecos, y continuó en Francia. Después de establecer su carrera musical en la escena de París, se mudó a Nueva York en 2001. Lanzó su debut&nbsp;<em>On the Ebony Road</em>&nbsp;seguido de&nbsp;<em>Berber Taxi</em>, se convirtió en miembro del proyecto del cuarteto vocal de John Zorn, Mycale, y apareció como artista destacada con Arturo O&#8217;Farrill, entre otros.</p>

<p>Aclamada por la revista estadounidense The New Yorker como “una encantadora pionera del jazz magrebí”, la cantante y compositora marroquí&nbsp;Malika [&hellip;]</p>
