{"id":23587,"date":"2024-11-23T02:40:42","date_gmt":"2024-11-23T08:40:42","guid":{"rendered":"https:\/\/themesh.art\/eventos\/juan-bastardo-ab-jekt\/"},"modified":"2024-11-27T11:22:33","modified_gmt":"2024-11-27T17:22:33","slug":"juan-bastardo-ab-jekt","status":"publish","type":"eventos","link":"https:\/\/themesh.art\/en\/eventos\/juan-bastardo-ab-jekt\/","title":{"rendered":"Juan Bastardo: \u00e4b-jekt"},"content":{"rendered":"<p>Hola, aqu\u00ed la invitaci\u00f3n a mi pr\u00f3xima exposici\u00f3n titulada \u00ab\u00e4b-jekt\u00bb. La apertura ser\u00e1 en Espacio Morelos este jueves 5 de septiembre de 7 a 10 pm.<\/p>\n\n\n\n<p>Quiero compartir que esta exhibici\u00f3n, funciona como pre\u00e1mbulo del proyecto CEIN el cual refiere y promueve una serie de actividades en distintos espacios en la ciudad junto a un n\u00famero de artistas incre\u00edbles como Moe Penders Ramos, Rub\u00e9n Ortiz-Torres, Zeb Zang, Jesse Colin Jackson, Carlos Amorales y Enrique Nu\u00f1o.<\/p>\n\n\n\n<p>Esperamos verles a all\u00ed,<\/p>\n\n\n\n<p>\u00a1\u00a1\u00a1Gracias a quienes hacen posible esta serie de eventos!!!<br>&#8212;&#8212;&#8212;&#8212;&#8212;&#8212;&#8212;&#8212;&#8212;&#8212;&#8212;&#8212;&#8212;-<\/p>\n\n\n\n<p>Hello, here inviting you all to my next exhibition entitled &#8220;\u00e4bj-ekt&#8221;. The opening will be at Espacio Morelos this Thursday September 5th from 7 to 10 pm.<\/p>\n\n\n\n<p>I also want to share that this show, functions as a preamble to CEIN project which relates and promotes a series of activities alongside a number of amazing artists such as Moe Penders Ramos, Ruben Ortiz-Torres, Zeb Zang, Jesse Colin Jackson, Carlos Amorales, and Enrique Nu\u00f1o. All this happening in different venues in the city<\/p>\n\n\n\n<p>See you all there!!!<\/p>\n\n\n\n<p>Juan Bastardo<\/p>","protected":false},"excerpt":{"rendered":"<p>Hola, aqu\u00ed la invitaci\u00f3n a mi pr\u00f3xima exposici\u00f3n titulada \u00ab\u00e4b-jekt\u00bb. La apertura ser\u00e1 en Espacio Morelos este jueves 5 de [&hellip;]<\/p>","protected":false},"author":1,"featured_media":23588,"template":"","meta":{"site-sidebar-layout":"default","site-content-layout":"","ast-site-content-layout":"","site-content-style":"default","site-sidebar-style":"default","ast-global-header-display":"","ast-banner-title-visibility":"","ast-main-header-display":"","ast-hfb-above-header-display":"","ast-hfb-below-header-display":"","ast-hfb-mobile-header-display":"","site-post-title":"","ast-breadcrumbs-content":"","ast-featured-img":"","footer-sml-layout":"","theme-transparent-header-meta":"","adv-header-id-meta":"","stick-header-meta":"","header-above-stick-meta":"","header-main-stick-meta":"","header-below-stick-meta":"","astra-migrate-meta-layouts":"default","ast-page-background-enabled":"default","ast-page-background-meta":{"desktop":{"background-color":"var(--ast-global-color-4)","background-image":"","background-repeat":"repeat","background-position":"center center","background-size":"auto","background-attachment":"scroll","background-type":"","background-media":"","overlay-type":"","overlay-color":"","overlay-opacity":"","overlay-gradient":""},"tablet":{"background-color":"","background-image":"","background-repeat":"repeat","background-position":"center center","background-size":"auto","background-attachment":"scroll","background-type":"","background-media":"","overlay-type":"","overlay-color":"","overlay-opacity":"","overlay-gradient":""},"mobile":{"background-color":"","background-image":"","background-repeat":"repeat","background-position":"center center","background-size":"auto","background-attachment":"scroll","background-type":"","background-media":"","overlay-type":"","overlay-color":"","overlay-opacity":"","overlay-gradient":""}},"ast-content-background-meta":{"desktop":{"background-color":"var(--ast-global-color-5)","background-image":"","background-repeat":"repeat","background-position":"center center","background-size":"auto","background-attachment":"scroll","background-type":"","background-media":"","overlay-type":"","overlay-color":"","overlay-opacity":"","overlay-gradient":""},"tablet":{"background-color":"var(--ast-global-color-5)","background-image":"","background-repeat":"repeat","background-position":"center center","background-size":"auto","background-attachment":"scroll","background-type":"","background-media":"","overlay-type":"","overlay-color":"","overlay-opacity":"","overlay-gradient":""},"mobile":{"background-color":"var(--ast-global-color-5)","background-image":"","background-repeat":"repeat","background-position":"center center","background-size":"auto","background-attachment":"scroll","background-type":"","background-media":"","overlay-type":"","overlay-color":"","overlay-opacity":"","overlay-gradient":""}},"featured_event":"","duracion_evento":""},"etiquetas-de-evento":[1630,506],"ubicacion-de-evento":[500,478],"categoria-de-evento":[1628,1631],"class_list":["post-23587","eventos","type-eventos","status-publish","has-post-thumbnail","hentry","etiquetas-de-evento-arte-contemporaneo-artes-visuales","etiquetas-de-evento-artes-visuales","ubicacion-de-evento-guadalajara","ubicacion-de-evento-mexico","categoria-de-evento-exposicion","categoria-de-evento-galeria-exposicion"],"_links":{"self":[{"href":"https:\/\/themesh.art\/en\/wp-json\/wp\/v2\/eventos\/23587","targetHints":{"allow":["GET"]}}],"collection":[{"href":"https:\/\/themesh.art\/en\/wp-json\/wp\/v2\/eventos"}],"about":[{"href":"https:\/\/themesh.art\/en\/wp-json\/wp\/v2\/types\/eventos"}],"author":[{"embeddable":true,"href":"https:\/\/themesh.art\/en\/wp-json\/wp\/v2\/users\/1"}],"wp:featuredmedia":[{"embeddable":true,"href":"https:\/\/themesh.art\/en\/wp-json\/wp\/v2\/media\/23588"}],"wp:attachment":[{"href":"https:\/\/themesh.art\/en\/wp-json\/wp\/v2\/media?parent=23587"}],"wp:term":[{"taxonomy":"etiquetas-de-evento","embeddable":true,"href":"https:\/\/themesh.art\/en\/wp-json\/wp\/v2\/etiquetas-de-evento?post=23587"},{"taxonomy":"ubicacion-de-evento","embeddable":true,"href":"https:\/\/themesh.art\/en\/wp-json\/wp\/v2\/ubicacion-de-evento?post=23587"},{"taxonomy":"categoria-de-evento","embeddable":true,"href":"https:\/\/themesh.art\/en\/wp-json\/wp\/v2\/categoria-de-evento?post=23587"}],"curies":[{"name":"wp","href":"https:\/\/api.w.org\/{rel}","templated":true}]}}

Juan Bastardo: äb-jekt

<p>Hola, aquí la invitación a mi próxima exposición titulada «äb-jekt». La apertura será en Espacio Morelos este jueves 5 de septiembre de 7 a 10 pm.</p>



<p>Quiero compartir que esta exhibición, funciona como preámbulo del proyecto CEIN el cual refiere y promueve una serie de actividades en distintos espacios en la ciudad junto a un número de artistas increíbles como Moe Penders Ramos, Rubén Ortiz-Torres, Zeb Zang, Jesse Colin Jackson, Carlos Amorales y Enrique Nuño.</p>



<p>Esperamos verles a allí,</p>



<p>¡¡¡Gracias a quienes hacen posible esta serie de eventos!!!<br>&#8212;&#8212;&#8212;&#8212;&#8212;&#8212;&#8212;&#8212;&#8212;&#8212;&#8212;&#8212;&#8212;-</p>



<p>Hello, here inviting you all to my next exhibition entitled &#8220;äbj-ekt&#8221;. The opening will be at Espacio Morelos this Thursday September 5th from 7 to 10 pm.</p>



<p>I also want to share that this show, functions as a preamble to CEIN project which relates and promotes a series of activities alongside a number of amazing artists such as Moe Penders Ramos, Ruben Ortiz-Torres, Zeb Zang, Jesse Colin Jackson, Carlos Amorales, and Enrique Nuño. All this happening in different venues in the city</p>



<p>See you all there!!!</p>



<p>Juan Bastardo</p>

<p>Hola, aquí la invitación a mi próxima exposición titulada «äb-jekt». La apertura será en Espacio Morelos este jueves 5 de [&hellip;]</p>
