{"id":23488,"date":"2024-11-23T02:39:30","date_gmt":"2024-11-23T08:39:30","guid":{"rendered":"https:\/\/themesh.art\/eventos\/tramas-de-lo-indomito\/"},"modified":"2024-11-27T11:22:31","modified_gmt":"2024-11-27T17:22:31","slug":"tramas-de-lo-indomito","status":"publish","type":"eventos","link":"https:\/\/themesh.art\/en\/eventos\/tramas-de-lo-indomito\/","title":{"rendered":"Tramas de lo ind\u00f3mito"},"content":{"rendered":"<p>Les invitamos a nuestra pr\u00f3xima exposici\u00f3n colectiva en&nbsp;<a href=\"https:\/\/www.instagram.com\/galeria.municipal\/\">@galeria.municipal<\/a><\/p>\n\n\n\n<p>Inauguraci\u00f3n: 16 octubre 2024, 19:30 hrs<br>Curadur\u00eda&nbsp;<a href=\"https:\/\/www.instagram.com\/lava__mx\/\">@lava__mx<\/a><br>Colaboraci\u00f3n con&nbsp;<a href=\"https:\/\/www.instagram.com\/tramite.buro.de.coleccionistas\/\">@tramite.buro.de.coleccionistas<\/a><br>\ud83d\udccdGaler\u00eda Municipal, Quer\u00e9taro&nbsp;<a href=\"https:\/\/www.instagram.com\/galeria.municipal\/\">@galeria.municipal<\/a><br>16 de Septiembre, C. Ignacio Allende Nte. &amp;, Centro, Santiago de Quer\u00e9taro, Qro.<\/p>\n\n\n\n<p>\u201cTramas de lo ind\u00f3mito\u201d ahonda en las nociones de ecolog\u00edas y po\u00e9ticas queer, para explorar las intrincadas conexiones entre las identidades y expresiones sensibles y voraces de la naturaleza. A trav\u00e9s de una selecci\u00f3n de obras en diversos medios, creamos un ambiente donde convergen lo salvaje, lo ind\u00f3mito y lo no normativo, ofreciendo perspectivas que desaf\u00eden los l\u00edmites convencionales y complejidades de los ecosistemas naturales.<\/p>","protected":false},"excerpt":{"rendered":"<p>Les invitamos a nuestra pr\u00f3xima exposici\u00f3n colectiva en&nbsp;@galeria.municipal Inauguraci\u00f3n: 16 octubre 2024, 19:30 hrsCuradur\u00eda&nbsp;@lava__mxColaboraci\u00f3n con&nbsp;@tramite.buro.de.coleccionistas\ud83d\udccdGaler\u00eda Municipal, Quer\u00e9taro&nbsp;@galeria.municipal16 de Septiembre, C. [&hellip;]<\/p>","protected":false},"author":1,"featured_media":23489,"template":"","meta":{"site-sidebar-layout":"default","site-content-layout":"","ast-site-content-layout":"","site-content-style":"default","site-sidebar-style":"default","ast-global-header-display":"","ast-banner-title-visibility":"","ast-main-header-display":"","ast-hfb-above-header-display":"","ast-hfb-below-header-display":"","ast-hfb-mobile-header-display":"","site-post-title":"","ast-breadcrumbs-content":"","ast-featured-img":"","footer-sml-layout":"","theme-transparent-header-meta":"","adv-header-id-meta":"","stick-header-meta":"","header-above-stick-meta":"","header-main-stick-meta":"","header-below-stick-meta":"","astra-migrate-meta-layouts":"default","ast-page-background-enabled":"default","ast-page-background-meta":{"desktop":{"background-color":"var(--ast-global-color-4)","background-image":"","background-repeat":"repeat","background-position":"center center","background-size":"auto","background-attachment":"scroll","background-type":"","background-media":"","overlay-type":"","overlay-color":"","overlay-opacity":"","overlay-gradient":""},"tablet":{"background-color":"","background-image":"","background-repeat":"repeat","background-position":"center center","background-size":"auto","background-attachment":"scroll","background-type":"","background-media":"","overlay-type":"","overlay-color":"","overlay-opacity":"","overlay-gradient":""},"mobile":{"background-color":"","background-image":"","background-repeat":"repeat","background-position":"center center","background-size":"auto","background-attachment":"scroll","background-type":"","background-media":"","overlay-type":"","overlay-color":"","overlay-opacity":"","overlay-gradient":""}},"ast-content-background-meta":{"desktop":{"background-color":"var(--ast-global-color-5)","background-image":"","background-repeat":"repeat","background-position":"center center","background-size":"auto","background-attachment":"scroll","background-type":"","background-media":"","overlay-type":"","overlay-color":"","overlay-opacity":"","overlay-gradient":""},"tablet":{"background-color":"var(--ast-global-color-5)","background-image":"","background-repeat":"repeat","background-position":"center center","background-size":"auto","background-attachment":"scroll","background-type":"","background-media":"","overlay-type":"","overlay-color":"","overlay-opacity":"","overlay-gradient":""},"mobile":{"background-color":"var(--ast-global-color-5)","background-image":"","background-repeat":"repeat","background-position":"center center","background-size":"auto","background-attachment":"scroll","background-type":"","background-media":"","overlay-type":"","overlay-color":"","overlay-opacity":"","overlay-gradient":""}},"fecha_de_inicio":1729107000,"fecha_de_finalizacion":1730332800,"duracion_evento":"","modalidad":"","tipo_de_acceso":"","precio_evento":"","link_externo":"","direccion":"C. 16 de Septiembre 44, Centro, 76000 Santiago de Quer\u00e9taro, Qro.","featured_event":""},"etiquetas-de-evento":[1630,506],"ubicacion-de-evento":[478,510],"categoria-de-evento":[1628,1631],"class_list":["post-23488","eventos","type-eventos","status-publish","has-post-thumbnail","hentry","etiquetas-de-evento-arte-contemporaneo-artes-visuales","etiquetas-de-evento-artes-visuales","ubicacion-de-evento-mexico","ubicacion-de-evento-queretaro","categoria-de-evento-exposicion","categoria-de-evento-galeria-exposicion"],"_links":{"self":[{"href":"https:\/\/themesh.art\/en\/wp-json\/wp\/v2\/eventos\/23488","targetHints":{"allow":["GET"]}}],"collection":[{"href":"https:\/\/themesh.art\/en\/wp-json\/wp\/v2\/eventos"}],"about":[{"href":"https:\/\/themesh.art\/en\/wp-json\/wp\/v2\/types\/eventos"}],"author":[{"embeddable":true,"href":"https:\/\/themesh.art\/en\/wp-json\/wp\/v2\/users\/1"}],"wp:featuredmedia":[{"embeddable":true,"href":"https:\/\/themesh.art\/en\/wp-json\/wp\/v2\/media\/23489"}],"wp:attachment":[{"href":"https:\/\/themesh.art\/en\/wp-json\/wp\/v2\/media?parent=23488"}],"wp:term":[{"taxonomy":"etiquetas-de-evento","embeddable":true,"href":"https:\/\/themesh.art\/en\/wp-json\/wp\/v2\/etiquetas-de-evento?post=23488"},{"taxonomy":"ubicacion-de-evento","embeddable":true,"href":"https:\/\/themesh.art\/en\/wp-json\/wp\/v2\/ubicacion-de-evento?post=23488"},{"taxonomy":"categoria-de-evento","embeddable":true,"href":"https:\/\/themesh.art\/en\/wp-json\/wp\/v2\/categoria-de-evento?post=23488"}],"curies":[{"name":"wp","href":"https:\/\/api.w.org\/{rel}","templated":true}]}}

Tramas de lo indómito

<p>Les invitamos a nuestra próxima exposición colectiva en&nbsp;<a href="https://www.instagram.com/galeria.municipal/">@galeria.municipal</a></p>



<p>Inauguración: 16 octubre 2024, 19:30 hrs<br>Curaduría&nbsp;<a href="https://www.instagram.com/lava__mx/">@lava__mx</a><br>Colaboración con&nbsp;<a href="https://www.instagram.com/tramite.buro.de.coleccionistas/">@tramite.buro.de.coleccionistas</a><br>📍Galería Municipal, Querétaro&nbsp;<a href="https://www.instagram.com/galeria.municipal/">@galeria.municipal</a><br>16 de Septiembre, C. Ignacio Allende Nte. &amp;, Centro, Santiago de Querétaro, Qro.</p>



<p>“Tramas de lo indómito” ahonda en las nociones de ecologías y poéticas queer, para explorar las intrincadas conexiones entre las identidades y expresiones sensibles y voraces de la naturaleza. A través de una selección de obras en diversos medios, creamos un ambiente donde convergen lo salvaje, lo indómito y lo no normativo, ofreciendo perspectivas que desafíen los límites convencionales y complejidades de los ecosistemas naturales.</p>

<p>Les invitamos a nuestra próxima exposición colectiva en&nbsp;@galeria.municipal Inauguración: 16 octubre 2024, 19:30 hrsCuraduría&nbsp;@lava__mxColaboración con&nbsp;@tramite.buro.de.coleccionistas📍Galería Municipal, Querétaro&nbsp;@galeria.municipal16 de Septiembre, C. [&hellip;]</p>

C. 16 de Septiembre 44, Centro, 76000 Santiago de Querétaro, Qro.
