{"id":23454,"date":"2024-11-23T02:38:56","date_gmt":"2024-11-23T08:38:56","guid":{"rendered":"https:\/\/themesh.art\/eventos\/sabado-12-octubre-takeover-001-x-tramite-festival-pulso-gnp\/"},"modified":"2025-06-23T15:23:30","modified_gmt":"2025-06-23T21:23:30","slug":"sabado-12-octubre-takeover-001-x-tramite-festival-pulso-gnp","status":"publish","type":"eventos","link":"https:\/\/themesh.art\/en\/eventos\/sabado-12-octubre-takeover-001-x-tramite-festival-pulso-gnp\/","title":{"rendered":"S\u00e1bado 12 Octubre &#8211; Takeover 001 X TR\u00c1MITE FESTIVAL PULSO GNP"},"content":{"rendered":"<p><strong>15h<\/strong><\/p>\r\n\r\n\r\n\r\n<p><strong>RECORRIDO 002<\/strong><\/p>\r\n\r\n\r\n\r\n<p>Por la instalaci\u00f3n Pabell\u00f3n siete<\/p>\r\n\r\n\r\n\r\n<p>H\u00e9ctor Zamora Ven, charla con el artista y conoce su proceso creativo<\/p>\r\n\r\n\r\n\r\n<p>Una instalaci\u00f3n monumental de estructuras met\u00e1licas en forma de arcos y muros, que buscan redefinir lo que conocemos como pabell\u00f3n. Una vez m\u00e1s, H\u00e9ctor Zamora recurre al juego crom\u00e1tico y al contraste de texturas y materiales para crear una obra capaz de transformar su entorno, invit\u00e1ndonos a replantear nuestro entendimiento del espacio.<\/p>\r\n\r\n\r\n\r\n<div class=\"wp-block-spacer\" style=\"height: 25px;\" aria-hidden=\"true\">\u00a0<\/div>\r\n\r\n\r\n<hr class=\"wp-block-separator has-alpha-channel-opacity\" \/>\r\n\r\n\r\n<p><strong>16h<\/strong><\/p>\r\n\r\n\r\n\r\n<p><strong>RECORRIDO 003<\/strong><\/p>\r\n\r\n\r\n\r\n<p>Por la instalaci\u00f3n <em>Amor Imposible<\/em><\/p>\r\n\r\n\r\n\r\n<p>Flaminguettes Ven, charla con el artista y conoce su proceso creativo<\/p>\r\n\r\n\r\n\r\n<p>Serie de esculturas neum\u00e1ticas, que como un jard\u00edn real, crece con el tiempo. En este espacio ut\u00f3pico e improbable, se busca fusionar la naturaleza espino- sa de las biznagas con las cualidades l\u00fadicas de las esculturas neum\u00e1ticas.<\/p>\r\n\r\n\r\n\r\n<div class=\"wp-block-spacer\" style=\"height: 25px;\" aria-hidden=\"true\">\u00a0<\/div>\r\n\r\n\r\n<hr class=\"wp-block-separator has-alpha-channel-opacity\" \/>\r\n\r\n\r\n<p><strong>16-19h<\/strong><\/p>\r\n\r\n\r\n\r\n<p><br \/><strong>ISLAS DEL DESEO<\/strong><\/p>\r\n\r\n\r\n\r\n<p>Inclusion Art Club IMPRESI\u00d3N EN VIVO<\/p>\r\n\r\n\r\n\r\n<p>Dos acciones sin precedentes en un festival de m\u00fasica: un espacio que ser\u00e1 intervenido por 6 artistxs locales: Adriana del Castillo, Bitasi, Blanca Zuazua, Danucho, Natalia Auza y Renata Mart\u00ednez, con un solo objetivo: visibilizar y reflexionar sobre la discapacidad visual y auditiva, a trav\u00e9s del arte. Y una ex- hibici\u00f3n fotogr\u00e1fica del artista invidente Gerardo Mor\u00e1n, en colaboraci\u00f3n con la Escuela Activa de Fotograf\u00eda.<\/p>","protected":false},"excerpt":{"rendered":"<p>15h RECORRIDO 002 Por la instalaci\u00f3n Pabell\u00f3n siete H\u00e9ctor Zamora Ven, charla con el artista y conoce su proceso creativo [&hellip;]<\/p>","protected":false},"author":1,"featured_media":23452,"template":"","meta":{"site-sidebar-layout":"default","site-content-layout":"","ast-site-content-layout":"default","site-content-style":"default","site-sidebar-style":"default","ast-global-header-display":"","ast-banner-title-visibility":"","ast-main-header-display":"","ast-hfb-above-header-display":"","ast-hfb-below-header-display":"","ast-hfb-mobile-header-display":"","site-post-title":"","ast-breadcrumbs-content":"","ast-featured-img":"","footer-sml-layout":"","theme-transparent-header-meta":"default","adv-header-id-meta":"","stick-header-meta":"","header-above-stick-meta":"","header-main-stick-meta":"","header-below-stick-meta":"","astra-migrate-meta-layouts":"set","ast-page-background-enabled":"default","ast-page-background-meta":{"desktop":{"background-color":"var(--ast-global-color-4)","background-image":"","background-repeat":"repeat","background-position":"center center","background-size":"auto","background-attachment":"scroll","background-type":"","background-media":"","overlay-type":"","overlay-color":"","overlay-opacity":"","overlay-gradient":""},"tablet":{"background-color":"","background-image":"","background-repeat":"repeat","background-position":"center center","background-size":"auto","background-attachment":"scroll","background-type":"","background-media":"","overlay-type":"","overlay-color":"","overlay-opacity":"","overlay-gradient":""},"mobile":{"background-color":"","background-image":"","background-repeat":"repeat","background-position":"center center","background-size":"auto","background-attachment":"scroll","background-type":"","background-media":"","overlay-type":"","overlay-color":"","overlay-opacity":"","overlay-gradient":""}},"ast-content-background-meta":{"desktop":{"background-color":"var(--ast-global-color-5)","background-image":"","background-repeat":"repeat","background-position":"center center","background-size":"auto","background-attachment":"scroll","background-type":"","background-media":"","overlay-type":"","overlay-color":"","overlay-opacity":"","overlay-gradient":""},"tablet":{"background-color":"var(--ast-global-color-5)","background-image":"","background-repeat":"repeat","background-position":"center center","background-size":"auto","background-attachment":"scroll","background-type":"","background-media":"","overlay-type":"","overlay-color":"","overlay-opacity":"","overlay-gradient":""},"mobile":{"background-color":"var(--ast-global-color-5)","background-image":"","background-repeat":"repeat","background-position":"center center","background-size":"auto","background-attachment":"scroll","background-type":"","background-media":"","overlay-type":"","overlay-color":"","overlay-opacity":"","overlay-gradient":""}},"fecha_de_inicio":1728745200,"fecha_de_finalizacion":1728770400,"duracion_evento":"","modalidad":"","tipo_de_acceso":"","precio_evento":"","link_externo":"","direccion":"Quer\u00e9taro, M\u00e9xico","featured_event":""},"etiquetas-de-evento":[1630,506,1759,1683,1695,1701],"ubicacion-de-evento":[478,510],"categoria-de-evento":[1628,1652,1631],"class_list":["post-23454","eventos","type-eventos","status-publish","has-post-thumbnail","hentry","etiquetas-de-evento-arte-contemporaneo-artes-visuales","etiquetas-de-evento-artes-visuales","etiquetas-de-evento-colectivo","etiquetas-de-evento-estudio","etiquetas-de-evento-open-studio","etiquetas-de-evento-sonido","ubicacion-de-evento-mexico","ubicacion-de-evento-queretaro","categoria-de-evento-exposicion","categoria-de-evento-festival-feria","categoria-de-evento-galeria-exposicion"],"_links":{"self":[{"href":"https:\/\/themesh.art\/en\/wp-json\/wp\/v2\/eventos\/23454","targetHints":{"allow":["GET"]}}],"collection":[{"href":"https:\/\/themesh.art\/en\/wp-json\/wp\/v2\/eventos"}],"about":[{"href":"https:\/\/themesh.art\/en\/wp-json\/wp\/v2\/types\/eventos"}],"author":[{"embeddable":true,"href":"https:\/\/themesh.art\/en\/wp-json\/wp\/v2\/users\/1"}],"wp:featuredmedia":[{"embeddable":true,"href":"https:\/\/themesh.art\/en\/wp-json\/wp\/v2\/media\/23452"}],"wp:attachment":[{"href":"https:\/\/themesh.art\/en\/wp-json\/wp\/v2\/media?parent=23454"}],"wp:term":[{"taxonomy":"etiquetas-de-evento","embeddable":true,"href":"https:\/\/themesh.art\/en\/wp-json\/wp\/v2\/etiquetas-de-evento?post=23454"},{"taxonomy":"ubicacion-de-evento","embeddable":true,"href":"https:\/\/themesh.art\/en\/wp-json\/wp\/v2\/ubicacion-de-evento?post=23454"},{"taxonomy":"categoria-de-evento","embeddable":true,"href":"https:\/\/themesh.art\/en\/wp-json\/wp\/v2\/categoria-de-evento?post=23454"}],"curies":[{"name":"wp","href":"https:\/\/api.w.org\/{rel}","templated":true}]}}

Sábado 12 Octubre &#8211; Takeover 001 X TRÁMITE FESTIVAL PULSO GNP

<p><strong>15h</strong></p>



<p><strong>RECORRIDO 002</strong></p>



<p>Por la instalación Pabellón siete</p>



<p>Héctor Zamora Ven, charla con el artista y conoce su proceso creativo</p>



<p>Una instalación monumental de estructuras metálicas en forma de arcos y muros, que buscan redefinir lo que conocemos como pabellón. Una vez más, Héctor Zamora recurre al juego cromático y al contraste de texturas y materiales para crear una obra capaz de transformar su entorno, invitándonos a replantear nuestro entendimiento del espacio.</p>



<div class="wp-block-spacer" style="height: 25px;" aria-hidden="true"> </div>


<hr class="wp-block-separator has-alpha-channel-opacity" />


<p><strong>16h</strong></p>



<p><strong>RECORRIDO 003</strong></p>



<p>Por la instalación <em>Amor Imposible</em></p>



<p>Flaminguettes Ven, charla con el artista y conoce su proceso creativo</p>



<p>Serie de esculturas neumáticas, que como un jardín real, crece con el tiempo. En este espacio utópico e improbable, se busca fusionar la naturaleza espino- sa de las biznagas con las cualidades lúdicas de las esculturas neumáticas.</p>



<div class="wp-block-spacer" style="height: 25px;" aria-hidden="true"> </div>


<hr class="wp-block-separator has-alpha-channel-opacity" />


<p><strong>16-19h</strong></p>



<p><br /><strong>ISLAS DEL DESEO</strong></p>



<p>Inclusion Art Club IMPRESIÓN EN VIVO</p>



<p>Dos acciones sin precedentes en un festival de música: un espacio que será intervenido por 6 artistxs locales: Adriana del Castillo, Bitasi, Blanca Zuazua, Danucho, Natalia Auza y Renata Martínez, con un solo objetivo: visibilizar y reflexionar sobre la discapacidad visual y auditiva, a través del arte. Y una ex- hibición fotográfica del artista invidente Gerardo Morán, en colaboración con la Escuela Activa de Fotografía.</p>

<p>15h RECORRIDO 002 Por la instalación Pabellón siete Héctor Zamora Ven, charla con el artista y conoce su proceso creativo [&hellip;]</p>

Querétaro, México
