{"id":23145,"date":"2024-11-23T02:29:21","date_gmt":"2024-11-23T08:29:21","guid":{"rendered":"https:\/\/themesh.art\/eventos\/cuadrante-monterrey\/"},"modified":"2024-11-27T11:19:18","modified_gmt":"2024-11-27T17:19:18","slug":"cuadrante-monterrey","status":"publish","type":"eventos","link":"https:\/\/themesh.art\/en\/eventos\/cuadrante-monterrey\/","title":{"rendered":"Cuadrante Monterrey"},"content":{"rendered":"<p>CUADRANTE es el encuentro de Arte, Dise\u00f1o y Arquitectura para el impulso de la econom\u00eda creativa de Monterrey.<br>Celebramos la uni\u00f3n de las tres disciplinas a trav\u00e9s de iniciativas y proyectos por artistas, dise\u00f1adores y arquitectos creando la comunidad de creativos del norte del pa\u00eds.<\/p>\n\n\n\n<p><br>Nuestra tercera edici\u00f3n se llevar\u00e1 a cabo en el marco del Festival Internacional de Santa Luc\u00eda, en el periodo comprendido del 30 de octubre al 10 de noviembre del 2024, por lo que se invita a la comunidad en general, estudiantes y apasionados del arte, la arquitectura y el dise\u00f1o a inscribirse en las conferencias, talleres, recorridos y exposiciones.<\/p>\n\n\n\n<p><br>CUADRANTE es un precedente para que m\u00e1s iniciativas se sumen y se impulse el crecimiento de las industrias creativas en Monterrey. Artistas, dise\u00f1adores, arquitectos y curadores del pa\u00eds unir\u00e1n su talento, adem\u00e1s de su creatividad, para compartir sus proyectos en beneficio de la comunidad.<\/p>\n\n\n\n<p><br>Durante 10 d\u00edas se presentar\u00e1n exposiciones, talleres, conferencias, recorridos y experiencias con la participaci\u00f3n de FAMA, Las Artes Monterrey, DECODE, entre muchos m\u00e1s.<\/p>","protected":false},"excerpt":{"rendered":"<p>CUADRANTE es el encuentro de Arte, Dise\u00f1o y Arquitectura para el impulso de la econom\u00eda creativa de Monterrey.Celebramos la uni\u00f3n [&hellip;]<\/p>","protected":false},"author":1,"featured_media":12112,"template":"","meta":{"site-sidebar-layout":"default","site-content-layout":"","ast-site-content-layout":"","site-content-style":"default","site-sidebar-style":"default","ast-global-header-display":"","ast-banner-title-visibility":"","ast-main-header-display":"","ast-hfb-above-header-display":"","ast-hfb-below-header-display":"","ast-hfb-mobile-header-display":"","site-post-title":"","ast-breadcrumbs-content":"","ast-featured-img":"","footer-sml-layout":"","theme-transparent-header-meta":"","adv-header-id-meta":"","stick-header-meta":"","header-above-stick-meta":"","header-main-stick-meta":"","header-below-stick-meta":"","astra-migrate-meta-layouts":"default","ast-page-background-enabled":"default","ast-page-background-meta":{"desktop":{"background-color":"var(--ast-global-color-4)","background-image":"","background-repeat":"repeat","background-position":"center center","background-size":"auto","background-attachment":"scroll","background-type":"","background-media":"","overlay-type":"","overlay-color":"","overlay-opacity":"","overlay-gradient":""},"tablet":{"background-color":"","background-image":"","background-repeat":"repeat","background-position":"center center","background-size":"auto","background-attachment":"scroll","background-type":"","background-media":"","overlay-type":"","overlay-color":"","overlay-opacity":"","overlay-gradient":""},"mobile":{"background-color":"","background-image":"","background-repeat":"repeat","background-position":"center center","background-size":"auto","background-attachment":"scroll","background-type":"","background-media":"","overlay-type":"","overlay-color":"","overlay-opacity":"","overlay-gradient":""}},"ast-content-background-meta":{"desktop":{"background-color":"var(--ast-global-color-5)","background-image":"","background-repeat":"repeat","background-position":"center center","background-size":"auto","background-attachment":"scroll","background-type":"","background-media":"","overlay-type":"","overlay-color":"","overlay-opacity":"","overlay-gradient":""},"tablet":{"background-color":"var(--ast-global-color-5)","background-image":"","background-repeat":"repeat","background-position":"center center","background-size":"auto","background-attachment":"scroll","background-type":"","background-media":"","overlay-type":"","overlay-color":"","overlay-opacity":"","overlay-gradient":""},"mobile":{"background-color":"var(--ast-global-color-5)","background-image":"","background-repeat":"repeat","background-position":"center center","background-size":"auto","background-attachment":"scroll","background-type":"","background-media":"","overlay-type":"","overlay-color":"","overlay-opacity":"","overlay-gradient":""}},"fecha_de_inicio":1730246400,"fecha_de_finalizacion":1731196800,"duracion_evento":"","modalidad":"","tipo_de_acceso":"","precio_evento":"","link_externo":"","direccion":"Monterrey, Nuevo Le\u00f3n, M\u00e9xico","featured_event":""},"etiquetas-de-evento":[1660,1630,1654,506,1655],"ubicacion-de-evento":[478,1669],"categoria-de-evento":[1650,1628,1652,1631],"class_list":["post-23145","eventos","type-eventos","status-publish","has-post-thumbnail","hentry","etiquetas-de-evento-arquitectura","etiquetas-de-evento-arte-contemporaneo-artes-visuales","etiquetas-de-evento-artes-aplicadas","etiquetas-de-evento-artes-visuales","etiquetas-de-evento-diseno","ubicacion-de-evento-mexico","ubicacion-de-evento-monterrey","categoria-de-evento-centro-cultural-exposicion","categoria-de-evento-exposicion","categoria-de-evento-festival-feria","categoria-de-evento-galeria-exposicion"],"_links":{"self":[{"href":"https:\/\/themesh.art\/en\/wp-json\/wp\/v2\/eventos\/23145","targetHints":{"allow":["GET"]}}],"collection":[{"href":"https:\/\/themesh.art\/en\/wp-json\/wp\/v2\/eventos"}],"about":[{"href":"https:\/\/themesh.art\/en\/wp-json\/wp\/v2\/types\/eventos"}],"author":[{"embeddable":true,"href":"https:\/\/themesh.art\/en\/wp-json\/wp\/v2\/users\/1"}],"wp:featuredmedia":[{"embeddable":true,"href":"https:\/\/themesh.art\/en\/wp-json\/wp\/v2\/media\/12112"}],"wp:attachment":[{"href":"https:\/\/themesh.art\/en\/wp-json\/wp\/v2\/media?parent=23145"}],"wp:term":[{"taxonomy":"etiquetas-de-evento","embeddable":true,"href":"https:\/\/themesh.art\/en\/wp-json\/wp\/v2\/etiquetas-de-evento?post=23145"},{"taxonomy":"ubicacion-de-evento","embeddable":true,"href":"https:\/\/themesh.art\/en\/wp-json\/wp\/v2\/ubicacion-de-evento?post=23145"},{"taxonomy":"categoria-de-evento","embeddable":true,"href":"https:\/\/themesh.art\/en\/wp-json\/wp\/v2\/categoria-de-evento?post=23145"}],"curies":[{"name":"wp","href":"https:\/\/api.w.org\/{rel}","templated":true}]}}

<p>CUADRANTE es el encuentro de Arte, Diseño y Arquitectura para el impulso de la economía creativa de Monterrey.<br>Celebramos la unión de las tres disciplinas a través de iniciativas y proyectos por artistas, diseñadores y arquitectos creando la comunidad de creativos del norte del país.</p>



<p><br>Nuestra tercera edición se llevará a cabo en el marco del Festival Internacional de Santa Lucía, en el periodo comprendido del 30 de octubre al 10 de noviembre del 2024, por lo que se invita a la comunidad en general, estudiantes y apasionados del arte, la arquitectura y el diseño a inscribirse en las conferencias, talleres, recorridos y exposiciones.</p>



<p><br>CUADRANTE es un precedente para que más iniciativas se sumen y se impulse el crecimiento de las industrias creativas en Monterrey. Artistas, diseñadores, arquitectos y curadores del país unirán su talento, además de su creatividad, para compartir sus proyectos en beneficio de la comunidad.</p>



<p><br>Durante 10 días se presentarán exposiciones, talleres, conferencias, recorridos y experiencias con la participación de FAMA, Las Artes Monterrey, DECODE, entre muchos más.</p>

<p>CUADRANTE es el encuentro de Arte, Diseño y Arquitectura para el impulso de la economía creativa de Monterrey.Celebramos la unión [&hellip;]</p>

Monterrey, Nuevo León, México
