{"id":23114,"date":"2024-11-23T02:28:39","date_gmt":"2024-11-23T08:28:39","guid":{"rendered":"https:\/\/themesh.art\/eventos\/fotoseptiembre-diseccionar-la-memoria\/"},"modified":"2026-01-23T14:30:46","modified_gmt":"2026-01-23T20:30:46","slug":"fotoseptiembre-diseccionar-la-memoria","status":"publish","type":"eventos","link":"https:\/\/themesh.art\/en\/eventos\/fotoseptiembre-diseccionar-la-memoria\/","title":{"rendered":"Fotoseptiembre: Diseccionar la memoria"},"content":{"rendered":"<p>Mediante una comunidad fotogr\u00e1fica, tanto a nivel nacional como internacional, en coordinaci\u00f3n con el Centro de la Imagen se organiza el Fotoseptiembre 2024 con exposiciones f\u00edsicas y digitales, abordando la tem\u00e1tica de &#8220;archivo y memoria&#8221;. Gracias a este esfuerzo colectivo y colaborativo para celebrar el mes de la fotograf\u00eda en M\u00e9xico, se presentar\u00e1 un programa expositivo conformado por 160 exposiciones en 134 sedes distribuidas en 24 estados del pa\u00eds y en 5 naciones, incluyendo Canad\u00e1, Espa\u00f1a, Estados Unidos, Honduras e Inglaterra.<\/p>\r\n\r\n\r\n\r\n<p><br \/>El proyecto que presentamos se llama \u201cDiseccionar la Memoria\u201d, donde autores de diversos lugares del Estado de Chihuahua indagan en sus archivos fotogr\u00e1ficos para explorar temas relacionados a la memoria en: el cuerpo, migraci\u00f3n, duelo, feminismos, arquitectura, entre otras tem\u00e1ticas.<\/p>\r\n\r\n\r\n\r\n<p><br \/>La Expo forma parte de la\u00a0<a href=\"https:\/\/www.instagram.com\/explore\/tags\/reddelaimagen\/\">#ReddelaImagen<\/a>\u00a0del\u00a0<a href=\"https:\/\/www.instagram.com\/explore\/tags\/fotoseptiembre2024\/\">#Fotoseptiembre2024<\/a>, impulsado por el\u00a0<a href=\"https:\/\/www.instagram.com\/Cimagen\/\">@Cimagen<\/a><\/p>","protected":false},"excerpt":{"rendered":"<p>Mediante una comunidad fotogr\u00e1fica, tanto a nivel nacional como internacional, en coordinaci\u00f3n con el Centro de la Imagen se organiza [&hellip;]<\/p>","protected":false},"author":161,"featured_media":12037,"template":"","meta":{"site-sidebar-layout":"default","site-content-layout":"","ast-site-content-layout":"default","site-content-style":"default","site-sidebar-style":"default","ast-global-header-display":"","ast-banner-title-visibility":"","ast-main-header-display":"","ast-hfb-above-header-display":"","ast-hfb-below-header-display":"","ast-hfb-mobile-header-display":"","site-post-title":"","ast-breadcrumbs-content":"","ast-featured-img":"","footer-sml-layout":"","theme-transparent-header-meta":"default","adv-header-id-meta":"","stick-header-meta":"","header-above-stick-meta":"","header-main-stick-meta":"","header-below-stick-meta":"","astra-migrate-meta-layouts":"set","ast-page-background-enabled":"default","ast-page-background-meta":{"desktop":{"background-color":"var(--ast-global-color-4)","background-image":"","background-repeat":"repeat","background-position":"center center","background-size":"auto","background-attachment":"scroll","background-type":"","background-media":"","overlay-type":"","overlay-color":"","overlay-opacity":"","overlay-gradient":""},"tablet":{"background-color":"","background-image":"","background-repeat":"repeat","background-position":"center center","background-size":"auto","background-attachment":"scroll","background-type":"","background-media":"","overlay-type":"","overlay-color":"","overlay-opacity":"","overlay-gradient":""},"mobile":{"background-color":"","background-image":"","background-repeat":"repeat","background-position":"center center","background-size":"auto","background-attachment":"scroll","background-type":"","background-media":"","overlay-type":"","overlay-color":"","overlay-opacity":"","overlay-gradient":""}},"ast-content-background-meta":{"desktop":{"background-color":"var(--ast-global-color-5)","background-image":"","background-repeat":"repeat","background-position":"center center","background-size":"auto","background-attachment":"scroll","background-type":"","background-media":"","overlay-type":"","overlay-color":"","overlay-opacity":"","overlay-gradient":""},"tablet":{"background-color":"var(--ast-global-color-5)","background-image":"","background-repeat":"repeat","background-position":"center center","background-size":"auto","background-attachment":"scroll","background-type":"","background-media":"","overlay-type":"","overlay-color":"","overlay-opacity":"","overlay-gradient":""},"mobile":{"background-color":"var(--ast-global-color-5)","background-image":"","background-repeat":"repeat","background-position":"center center","background-size":"auto","background-attachment":"scroll","background-type":"","background-media":"","overlay-type":"","overlay-color":"","overlay-opacity":"","overlay-gradient":""}},"featured_event":"","duracion_evento":""},"etiquetas-de-evento":[506,1637],"ubicacion-de-evento":[1727,478],"categoria-de-evento":[1628,1631],"class_list":["post-23114","eventos","type-eventos","status-publish","has-post-thumbnail","hentry","etiquetas-de-evento-artes-visuales","etiquetas-de-evento-fotografia","ubicacion-de-evento-cd-juarez","ubicacion-de-evento-mexico","categoria-de-evento-exposicion","categoria-de-evento-galeria-exposicion"],"_links":{"self":[{"href":"https:\/\/themesh.art\/en\/wp-json\/wp\/v2\/eventos\/23114","targetHints":{"allow":["GET"]}}],"collection":[{"href":"https:\/\/themesh.art\/en\/wp-json\/wp\/v2\/eventos"}],"about":[{"href":"https:\/\/themesh.art\/en\/wp-json\/wp\/v2\/types\/eventos"}],"author":[{"embeddable":true,"href":"https:\/\/themesh.art\/en\/wp-json\/wp\/v2\/users\/161"}],"wp:featuredmedia":[{"embeddable":true,"href":"https:\/\/themesh.art\/en\/wp-json\/wp\/v2\/media\/12037"}],"wp:attachment":[{"href":"https:\/\/themesh.art\/en\/wp-json\/wp\/v2\/media?parent=23114"}],"wp:term":[{"taxonomy":"etiquetas-de-evento","embeddable":true,"href":"https:\/\/themesh.art\/en\/wp-json\/wp\/v2\/etiquetas-de-evento?post=23114"},{"taxonomy":"ubicacion-de-evento","embeddable":true,"href":"https:\/\/themesh.art\/en\/wp-json\/wp\/v2\/ubicacion-de-evento?post=23114"},{"taxonomy":"categoria-de-evento","embeddable":true,"href":"https:\/\/themesh.art\/en\/wp-json\/wp\/v2\/categoria-de-evento?post=23114"}],"curies":[{"name":"wp","href":"https:\/\/api.w.org\/{rel}","templated":true}]}}

<p>Mediante una comunidad fotográfica, tanto a nivel nacional como internacional, en coordinación con el Centro de la Imagen se organiza el Fotoseptiembre 2024 con exposiciones físicas y digitales, abordando la temática de &#8220;archivo y memoria&#8221;. Gracias a este esfuerzo colectivo y colaborativo para celebrar el mes de la fotografía en México, se presentará un programa expositivo conformado por 160 exposiciones en 134 sedes distribuidas en 24 estados del país y en 5 naciones, incluyendo Canadá, España, Estados Unidos, Honduras e Inglaterra.</p>



<p><br />El proyecto que presentamos se llama “Diseccionar la Memoria”, donde autores de diversos lugares del Estado de Chihuahua indagan en sus archivos fotográficos para explorar temas relacionados a la memoria en: el cuerpo, migración, duelo, feminismos, arquitectura, entre otras temáticas.</p>



<p><br />La Expo forma parte de la <a href="https://www.instagram.com/explore/tags/reddelaimagen/">#ReddelaImagen</a> del <a href="https://www.instagram.com/explore/tags/fotoseptiembre2024/">#Fotoseptiembre2024</a>, impulsado por el <a href="https://www.instagram.com/Cimagen/">@Cimagen</a></p>

<p>Mediante una comunidad fotográfica, tanto a nivel nacional como internacional, en coordinación con el Centro de la Imagen se organiza [&hellip;]</p>
