{"id":23018,"date":"2024-11-23T02:27:44","date_gmt":"2024-11-23T08:27:44","guid":{"rendered":"https:\/\/themesh.art\/eventos\/alicia-valladares-y-fernando-gress-munoz-if-youre-afraid-of-losing-its-better-not-to-play\/"},"modified":"2025-07-16T18:02:54","modified_gmt":"2025-07-17T00:02:54","slug":"alicia-valladares-y-fernando-gress-munoz-if-youre-afraid-of-losing-its-better-not-to-play","status":"publish","type":"eventos","link":"https:\/\/themesh.art\/en\/eventos\/alicia-valladares-y-fernando-gress-munoz-if-youre-afraid-of-losing-its-better-not-to-play\/","title":{"rendered":"Alicia Valladares y Fernando Gress Mu\u00f1oz: \u201cIf you\u2019re afraid of losing it\u2019s better not to play\u201d"},"content":{"rendered":"<p>La exposici\u00f3n est\u00e1 compuesta de nuevas pinturas y esculturas instalativas con motivos retomando la abstracci\u00f3n de la forma y la emocionalidad dentro de una composici\u00f3n; son obras desarrolladas proto-digitalmente, manteniendo dicha naturaleza plana.<\/p>\r\n\r\n\r\n\r\n<p>En las obras se representan diagramas de todo tipo, desde la receta para cocer pasta, la elaboraci\u00f3n de un s\u00e1ndwich, hasta el manual de seguridad de un taladro. Para lxs artistxs, utilizar estos diagramas como una primera capa tiene que ver con un lectura influenciada por la iron\u00eda de \u201ctener una receta para todo\u201d y una alusi\u00f3n al aspiracionismo en lo referente al arte y al mercado, nuevamente cuestionando si la f\u00f3rmula perfecta plasmada en la pintura equivale a la pintura perfecta o s\u00f3lo es un fracaso m\u00e1s ante la literalidad de los motivos y la banalidad intr\u00ednseca de aquellos.<\/p>\r\n\r\n\r\n\r\n<p>Todxs alguna vez hemos hecho un mal s\u00e1ndwich o quemado la pasta; es entonces cuando el panorama completo de la composici\u00f3n aparece no s\u00f3lo como un acto de copiar y pegar sino como diversos gestos conceptuales de lxs artistxs acerca de jugar con lo ya establecido a partir del deseo de ganar y as\u00ed restituir la idea.\u00a0<\/p>\r\n\r\n\r\n\r\n<p>Valladares y Gress Mu\u00f1oz saben que no hay nada nuevo en copiar im\u00e1genes provenientes de internet y cultura popular. Para esta nueva serie de obras, decidieron juntar objetos en composiciones espec\u00edficas de la forma m\u00e1s ingenua y casual, sin pretensiones de ser h\u00e1biles en este sentido, m\u00e1s bien por el mero placer de re\u00edrse de uno mismo y de sus referentes.<br \/><em>\u201cSi les da miedo perder\u2026\u201d<\/em>\u00a0est\u00e1 desarrollado ante el pensamiento de una perspectiva temporal, se percibe el paso del tiempo como un punto ciego en el que repites lo que alguien ya ha dicho, ya ha visto, ya ha pensado.<br \/>\u2014\u2014\u2013<\/p>\r\n\r\n\r\n\r\n<p>The exhibition is composed of new paintings and installative sculptures with motifs about the abstraction of form and emotionality within various compositions; they\u2019re proto-digitally developed artworks that maintain a flat nature.<\/p>\r\n\r\n\r\n\r\n<p>The paintings represent diagrams of all kinds, from the recipe for cooking pasta, the preparation of a sandwich and even a safety manual for a drill. For the artists, using these diagrams as a first layer has to do with a reading influenced by the irony of \u201chaving a recipe for everything\u201d and the allusion of aspirationism in relation to art and the market, again questioning whether the perfect formula for painting is the equivalent to making the perfect painting or is it just another failure in the face of the literality of the motifs and their intrinsic banality.<\/p>\r\n\r\n\r\n\r\n<p>We have all made a bad sandwich or burned pasta at some point; it\u2019s then when the panorama of the big picture appears to be not only an act of just copy-pasting, but also of varying conceptual gestures by the artists about playing with what is already established based on the desire to win over it and thus restore an idea.\u00a0<\/p>\r\n\r\n\r\n\r\n<p>Valladeres and Gress Mu\u00f1oz know that there is nothing new to copying images from the internet and popular culture. For this new series of works, they decided to put together objects in specific compositions in the most naive and casual way, without pretensions of being skillful in this regard but for the mere pleasure of laughing at oneself and their references.<\/p>\r\n\r\n\r\n\r\n<p>The exhibition is developed through the framework of a temporal perspective \u2013 the passage of time is perceived as a blind spot in which you repeat what someone has already said, has already seen, and has already thought.<\/p>\r\n\r\n\r\n\r\n<p>Artistas\/artists:<\/p>\r\n\r\n\r\n\r\n<p>Alicia Valladares, Fernando Gress Mu\u00f1oz<\/p>","protected":false},"excerpt":{"rendered":"<p>La exposici\u00f3n est\u00e1 compuesta de nuevas pinturas y esculturas instalativas con motivos retomando la abstracci\u00f3n de la forma y la [&hellip;]<\/p>","protected":false},"author":80,"featured_media":11641,"template":"","meta":{"site-sidebar-layout":"default","site-content-layout":"","ast-site-content-layout":"default","site-content-style":"default","site-sidebar-style":"default","ast-global-header-display":"","ast-banner-title-visibility":"","ast-main-header-display":"","ast-hfb-above-header-display":"","ast-hfb-below-header-display":"","ast-hfb-mobile-header-display":"","site-post-title":"","ast-breadcrumbs-content":"","ast-featured-img":"","footer-sml-layout":"","theme-transparent-header-meta":"default","adv-header-id-meta":"","stick-header-meta":"","header-above-stick-meta":"","header-main-stick-meta":"","header-below-stick-meta":"","astra-migrate-meta-layouts":"set","ast-page-background-enabled":"default","ast-page-background-meta":{"desktop":{"background-color":"var(--ast-global-color-4)","background-image":"","background-repeat":"repeat","background-position":"center center","background-size":"auto","background-attachment":"scroll","background-type":"","background-media":"","overlay-type":"","overlay-color":"","overlay-opacity":"","overlay-gradient":""},"tablet":{"background-color":"","background-image":"","background-repeat":"repeat","background-position":"center center","background-size":"auto","background-attachment":"scroll","background-type":"","background-media":"","overlay-type":"","overlay-color":"","overlay-opacity":"","overlay-gradient":""},"mobile":{"background-color":"","background-image":"","background-repeat":"repeat","background-position":"center center","background-size":"auto","background-attachment":"scroll","background-type":"","background-media":"","overlay-type":"","overlay-color":"","overlay-opacity":"","overlay-gradient":""}},"ast-content-background-meta":{"desktop":{"background-color":"var(--ast-global-color-5)","background-image":"","background-repeat":"repeat","background-position":"center center","background-size":"auto","background-attachment":"scroll","background-type":"","background-media":"","overlay-type":"","overlay-color":"","overlay-opacity":"","overlay-gradient":""},"tablet":{"background-color":"var(--ast-global-color-5)","background-image":"","background-repeat":"repeat","background-position":"center center","background-size":"auto","background-attachment":"scroll","background-type":"","background-media":"","overlay-type":"","overlay-color":"","overlay-opacity":"","overlay-gradient":""},"mobile":{"background-color":"var(--ast-global-color-5)","background-image":"","background-repeat":"repeat","background-position":"center center","background-size":"auto","background-attachment":"scroll","background-type":"","background-media":"","overlay-type":"","overlay-color":"","overlay-opacity":"","overlay-gradient":""}},"fecha_de_inicio":1724526000,"fecha_de_finalizacion":1727560800,"duracion_evento":"","modalidad":"","tipo_de_acceso":"","precio_evento":"","link_externo":"","direccion":"Av. Benjam\u00edn Franklin 151A, Hip\u00f3dromo, Cuauht\u00e9moc, 06100 Ciudad de M\u00e9xico, CDMX","featured_event":""},"etiquetas-de-evento":[506,1666,1627],"ubicacion-de-evento":[479,478],"categoria-de-evento":[1628,1631],"class_list":["post-23018","eventos","type-eventos","status-publish","has-post-thumbnail","hentry","etiquetas-de-evento-artes-visuales","etiquetas-de-evento-digital","etiquetas-de-evento-mixed","ubicacion-de-evento-cdmx","ubicacion-de-evento-mexico","categoria-de-evento-exposicion","categoria-de-evento-galeria-exposicion"],"_links":{"self":[{"href":"https:\/\/themesh.art\/en\/wp-json\/wp\/v2\/eventos\/23018","targetHints":{"allow":["GET"]}}],"collection":[{"href":"https:\/\/themesh.art\/en\/wp-json\/wp\/v2\/eventos"}],"about":[{"href":"https:\/\/themesh.art\/en\/wp-json\/wp\/v2\/types\/eventos"}],"author":[{"embeddable":true,"href":"https:\/\/themesh.art\/en\/wp-json\/wp\/v2\/users\/80"}],"wp:featuredmedia":[{"embeddable":true,"href":"https:\/\/themesh.art\/en\/wp-json\/wp\/v2\/media\/11641"}],"wp:attachment":[{"href":"https:\/\/themesh.art\/en\/wp-json\/wp\/v2\/media?parent=23018"}],"wp:term":[{"taxonomy":"etiquetas-de-evento","embeddable":true,"href":"https:\/\/themesh.art\/en\/wp-json\/wp\/v2\/etiquetas-de-evento?post=23018"},{"taxonomy":"ubicacion-de-evento","embeddable":true,"href":"https:\/\/themesh.art\/en\/wp-json\/wp\/v2\/ubicacion-de-evento?post=23018"},{"taxonomy":"categoria-de-evento","embeddable":true,"href":"https:\/\/themesh.art\/en\/wp-json\/wp\/v2\/categoria-de-evento?post=23018"}],"curies":[{"name":"wp","href":"https:\/\/api.w.org\/{rel}","templated":true}]}}

Alicia Valladares y Fernando Gress Muñoz: “If you’re afraid of losing it’s better not to play”

<p>La exposición está compuesta de nuevas pinturas y esculturas instalativas con motivos retomando la abstracción de la forma y la emocionalidad dentro de una composición; son obras desarrolladas proto-digitalmente, manteniendo dicha naturaleza plana.</p>



<p>En las obras se representan diagramas de todo tipo, desde la receta para cocer pasta, la elaboración de un sándwich, hasta el manual de seguridad de un taladro. Para lxs artistxs, utilizar estos diagramas como una primera capa tiene que ver con un lectura influenciada por la ironía de “tener una receta para todo” y una alusión al aspiracionismo en lo referente al arte y al mercado, nuevamente cuestionando si la fórmula perfecta plasmada en la pintura equivale a la pintura perfecta o sólo es un fracaso más ante la literalidad de los motivos y la banalidad intrínseca de aquellos.</p>



<p>Todxs alguna vez hemos hecho un mal sándwich o quemado la pasta; es entonces cuando el panorama completo de la composición aparece no sólo como un acto de copiar y pegar sino como diversos gestos conceptuales de lxs artistxs acerca de jugar con lo ya establecido a partir del deseo de ganar y así restituir la idea. </p>



<p>Valladares y Gress Muñoz saben que no hay nada nuevo en copiar imágenes provenientes de internet y cultura popular. Para esta nueva serie de obras, decidieron juntar objetos en composiciones específicas de la forma más ingenua y casual, sin pretensiones de ser hábiles en este sentido, más bien por el mero placer de reírse de uno mismo y de sus referentes.<br /><em>“Si les da miedo perder…”</em> está desarrollado ante el pensamiento de una perspectiva temporal, se percibe el paso del tiempo como un punto ciego en el que repites lo que alguien ya ha dicho, ya ha visto, ya ha pensado.<br />——–</p>



<p>The exhibition is composed of new paintings and installative sculptures with motifs about the abstraction of form and emotionality within various compositions; they’re proto-digitally developed artworks that maintain a flat nature.</p>



<p>The paintings represent diagrams of all kinds, from the recipe for cooking pasta, the preparation of a sandwich and even a safety manual for a drill. For the artists, using these diagrams as a first layer has to do with a reading influenced by the irony of “having a recipe for everything” and the allusion of aspirationism in relation to art and the market, again questioning whether the perfect formula for painting is the equivalent to making the perfect painting or is it just another failure in the face of the literality of the motifs and their intrinsic banality.</p>



<p>We have all made a bad sandwich or burned pasta at some point; it’s then when the panorama of the big picture appears to be not only an act of just copy-pasting, but also of varying conceptual gestures by the artists about playing with what is already established based on the desire to win over it and thus restore an idea. </p>



<p>Valladeres and Gress Muñoz know that there is nothing new to copying images from the internet and popular culture. For this new series of works, they decided to put together objects in specific compositions in the most naive and casual way, without pretensions of being skillful in this regard but for the mere pleasure of laughing at oneself and their references.</p>



<p>The exhibition is developed through the framework of a temporal perspective – the passage of time is perceived as a blind spot in which you repeat what someone has already said, has already seen, and has already thought.</p>



<p>Artistas/artists:</p>



<p>Alicia Valladares, Fernando Gress Muñoz</p>

<p>La exposición está compuesta de nuevas pinturas y esculturas instalativas con motivos retomando la abstracción de la forma y la [&hellip;]</p>

Av. Benjamín Franklin 151A, Hipódromo, Cuauhtémoc, 06100 Ciudad de México, CDMX
