{"id":23005,"date":"2024-11-23T02:27:43","date_gmt":"2024-11-23T08:27:43","guid":{"rendered":"https:\/\/themesh.art\/eventos\/haydee-alonso-ecos-paralelos-parallel-echoes\/"},"modified":"2024-11-27T11:19:14","modified_gmt":"2024-11-27T17:19:14","slug":"haydee-alonso-ecos-paralelos-parallel-echoes","status":"publish","type":"eventos","link":"https:\/\/themesh.art\/en\/eventos\/haydee-alonso-ecos-paralelos-parallel-echoes\/","title":{"rendered":"Haydee Alonso: Ecos Paralelos \u2013 Parallel Echoes"},"content":{"rendered":"<p>Nos complace invitarles a la inauguraci\u00f3n de nuestra pr\u00f3xima exposici\u00f3n el s\u00e1bado 17 de agosto a las 6 pm.<\/p>\n\n\n\n<p>\u201cEcos Paralelos \u2013 Parallel Echoes\u201d, de la artista fronteriza Haydee Alonso @ayayayd , es una exposici\u00f3n interdisciplinaria que combina video, fotograf\u00eda y obras escult\u00f3ricas que exploran las diversas y complejas realidades de la regi\u00f3n fronteriza entre M\u00e9xico y Estados Unidos. Desde la frontera como sitio de conectividad, espacio simb\u00f3lico, hasta una barrera global o geogr\u00e1fica, esta exposici\u00f3n monogr\u00e1fica presenta nuevas esculturas y videos junto con seis obras contempor\u00e1neas de joyer\u00eda que cuestionan y complican las definiciones percibidas de l\u00edmites, fronteras e interconectividad humana, presentadas a trav\u00e9s de nuevas instalaciones in situ creadas para expandir sus cualidades escult\u00f3ricas.<\/p>\n\n\n\n<p>Estas nuevas presentaciones y exploraciones en un discurso escult\u00f3rico tambi\u00e9n funcionan como la base para un nuevo trabajo en video y una instalaci\u00f3n escult\u00f3rica reci\u00e9n comisionada que sirve como ancla central en la primera exposici\u00f3n individual de Haydee en Azul Arena. La exposici\u00f3n tambi\u00e9n incluir\u00e1 una gu\u00eda impresa producida por Azul Arena que destaca la d\u00e9cada de fotograf\u00eda colaborativa creada para cada una de las obras escult\u00f3ricas y de joyer\u00eda a peque\u00f1a escala presentadas.<\/p>\n\n\n\n<p>Curadur\u00eda de Andr\u00e9s Pay\u00e1n Estrada @andres_payan .<\/p>","protected":false},"excerpt":{"rendered":"<p>Nos complace invitarles a la inauguraci\u00f3n de nuestra pr\u00f3xima exposici\u00f3n el s\u00e1bado 17 de agosto a las 6 pm. \u201cEcos [&hellip;]<\/p>","protected":false},"author":1,"featured_media":11509,"template":"","meta":{"site-sidebar-layout":"default","site-content-layout":"","ast-site-content-layout":"","site-content-style":"default","site-sidebar-style":"default","ast-global-header-display":"","ast-banner-title-visibility":"","ast-main-header-display":"","ast-hfb-above-header-display":"","ast-hfb-below-header-display":"","ast-hfb-mobile-header-display":"","site-post-title":"","ast-breadcrumbs-content":"","ast-featured-img":"","footer-sml-layout":"","theme-transparent-header-meta":"","adv-header-id-meta":"","stick-header-meta":"","header-above-stick-meta":"","header-main-stick-meta":"","header-below-stick-meta":"","astra-migrate-meta-layouts":"default","ast-page-background-enabled":"default","ast-page-background-meta":{"desktop":{"background-color":"var(--ast-global-color-4)","background-image":"","background-repeat":"repeat","background-position":"center center","background-size":"auto","background-attachment":"scroll","background-type":"","background-media":"","overlay-type":"","overlay-color":"","overlay-opacity":"","overlay-gradient":""},"tablet":{"background-color":"","background-image":"","background-repeat":"repeat","background-position":"center center","background-size":"auto","background-attachment":"scroll","background-type":"","background-media":"","overlay-type":"","overlay-color":"","overlay-opacity":"","overlay-gradient":""},"mobile":{"background-color":"","background-image":"","background-repeat":"repeat","background-position":"center center","background-size":"auto","background-attachment":"scroll","background-type":"","background-media":"","overlay-type":"","overlay-color":"","overlay-opacity":"","overlay-gradient":""}},"ast-content-background-meta":{"desktop":{"background-color":"var(--ast-global-color-5)","background-image":"","background-repeat":"repeat","background-position":"center center","background-size":"auto","background-attachment":"scroll","background-type":"","background-media":"","overlay-type":"","overlay-color":"","overlay-opacity":"","overlay-gradient":""},"tablet":{"background-color":"var(--ast-global-color-5)","background-image":"","background-repeat":"repeat","background-position":"center center","background-size":"auto","background-attachment":"scroll","background-type":"","background-media":"","overlay-type":"","overlay-color":"","overlay-opacity":"","overlay-gradient":""},"mobile":{"background-color":"var(--ast-global-color-5)","background-image":"","background-repeat":"repeat","background-position":"center center","background-size":"auto","background-attachment":"scroll","background-type":"","background-media":"","overlay-type":"","overlay-color":"","overlay-opacity":"","overlay-gradient":""}},"featured_event":"","duracion_evento":""},"etiquetas-de-evento":[1630,506,1636,1637,1728],"ubicacion-de-evento":[1727,478],"categoria-de-evento":[1628,1631],"class_list":["post-23005","eventos","type-eventos","status-publish","has-post-thumbnail","hentry","etiquetas-de-evento-arte-contemporaneo-artes-visuales","etiquetas-de-evento-artes-visuales","etiquetas-de-evento-escultura-artes-visuales","etiquetas-de-evento-fotografia","etiquetas-de-evento-video","ubicacion-de-evento-cd-juarez","ubicacion-de-evento-mexico","categoria-de-evento-exposicion","categoria-de-evento-galeria-exposicion"],"_links":{"self":[{"href":"https:\/\/themesh.art\/en\/wp-json\/wp\/v2\/eventos\/23005","targetHints":{"allow":["GET"]}}],"collection":[{"href":"https:\/\/themesh.art\/en\/wp-json\/wp\/v2\/eventos"}],"about":[{"href":"https:\/\/themesh.art\/en\/wp-json\/wp\/v2\/types\/eventos"}],"author":[{"embeddable":true,"href":"https:\/\/themesh.art\/en\/wp-json\/wp\/v2\/users\/1"}],"wp:featuredmedia":[{"embeddable":true,"href":"https:\/\/themesh.art\/en\/wp-json\/wp\/v2\/media\/11509"}],"wp:attachment":[{"href":"https:\/\/themesh.art\/en\/wp-json\/wp\/v2\/media?parent=23005"}],"wp:term":[{"taxonomy":"etiquetas-de-evento","embeddable":true,"href":"https:\/\/themesh.art\/en\/wp-json\/wp\/v2\/etiquetas-de-evento?post=23005"},{"taxonomy":"ubicacion-de-evento","embeddable":true,"href":"https:\/\/themesh.art\/en\/wp-json\/wp\/v2\/ubicacion-de-evento?post=23005"},{"taxonomy":"categoria-de-evento","embeddable":true,"href":"https:\/\/themesh.art\/en\/wp-json\/wp\/v2\/categoria-de-evento?post=23005"}],"curies":[{"name":"wp","href":"https:\/\/api.w.org\/{rel}","templated":true}]}}

<p>Nos complace invitarles a la inauguración de nuestra próxima exposición el sábado 17 de agosto a las 6 pm.</p>



<p>“Ecos Paralelos – Parallel Echoes”, de la artista fronteriza Haydee Alonso @ayayayd , es una exposición interdisciplinaria que combina video, fotografía y obras escultóricas que exploran las diversas y complejas realidades de la región fronteriza entre México y Estados Unidos. Desde la frontera como sitio de conectividad, espacio simbólico, hasta una barrera global o geográfica, esta exposición monográfica presenta nuevas esculturas y videos junto con seis obras contemporáneas de joyería que cuestionan y complican las definiciones percibidas de límites, fronteras e interconectividad humana, presentadas a través de nuevas instalaciones in situ creadas para expandir sus cualidades escultóricas.</p>



<p>Estas nuevas presentaciones y exploraciones en un discurso escultórico también funcionan como la base para un nuevo trabajo en video y una instalación escultórica recién comisionada que sirve como ancla central en la primera exposición individual de Haydee en Azul Arena. La exposición también incluirá una guía impresa producida por Azul Arena que destaca la década de fotografía colaborativa creada para cada una de las obras escultóricas y de joyería a pequeña escala presentadas.</p>



<p>Curaduría de Andrés Payán Estrada @andres_payan .</p>

<p>Nos complace invitarles a la inauguración de nuestra próxima exposición el sábado 17 de agosto a las 6 pm. “Ecos [&hellip;]</p>
