{"id":22837,"date":"2024-11-23T02:23:45","date_gmt":"2024-11-23T08:23:45","guid":{"rendered":"https:\/\/themesh.art\/eventos\/creacion-escenica-mudanza-de-piel\/"},"modified":"2024-11-27T11:13:44","modified_gmt":"2024-11-27T17:13:44","slug":"creacion-escenica-mudanza-de-piel","status":"publish","type":"eventos","link":"https:\/\/themesh.art\/en\/eventos\/creacion-escenica-mudanza-de-piel\/","title":{"rendered":"Creaci\u00f3n Esc\u00e9nica: Mudanza de piel"},"content":{"rendered":"<p>Mudanza de piel, por Marja Castellanos y Alitzel Garc\u00eda<br><a href=\"https:\/\/www.instagram.com\/m.a.r.j.a.a\/\">@m.a.r.j.a.a<\/a><br>alitzelgf<\/p>\n\n\n\n<p>Mudanza de piel es una creaci\u00f3n esc\u00e9nica que explora diferentes momentos de un cuerpo con la necesidad de mutar, desde una b\u00fasqueda sostenida en cuestionar y destruir imaginarios que coexisten en su realidad, d\u00f3nde ahora, encuentra m\u00e1s limitantes y dolor, que libertad, levedad y calma.<\/p>\n\n\n\n<p>S\u00e1bado 27 de julio<br>6 pm<\/p>\n\n\n\n<p>Cuota de recuperaci\u00f3n $200<\/p>\n\n\n\n<p>Preventa $170 (hasta el 20 de julio)<\/p>\n\n\n\n<p>Fotograf\u00eda: alitzelgf<\/p>\n\n\n\n<p><a href=\"https:\/\/www.instagram.com\/explore\/tags\/danza\/\">#danza<\/a><a href=\"https:\/\/www.instagram.com\/explore\/tags\/contemporaneo\/\">#contemporaneo<\/a><a href=\"https:\/\/www.instagram.com\/explore\/tags\/galeria\/\">#galeria<\/a><a href=\"https:\/\/www.instagram.com\/explore\/tags\/puebla\/\">#puebla<\/a><a href=\"https:\/\/www.instagram.com\/explore\/tags\/mx\/\">#mx<\/a><a href=\"https:\/\/www.instagram.com\/explore\/tags\/pueblacentro\/\">#pueblacentro<\/a><a href=\"https:\/\/www.instagram.com\/explore\/tags\/fotografia\/\">#fotografia<\/a><a href=\"https:\/\/www.instagram.com\/explore\/tags\/taller\/\">#taller<\/a><a href=\"https:\/\/www.instagram.com\/explore\/tags\/workshop\/\">#workshop<\/a><a href=\"https:\/\/www.instagram.com\/explore\/tags\/dance\/\">#dance<\/a><a href=\"https:\/\/www.instagram.com\/explore\/tags\/performance\/\">#performance<\/a><\/p>","protected":false},"excerpt":{"rendered":"<p>Mudanza de piel, por Marja Castellanos y Alitzel Garc\u00eda@m.a.r.j.a.aalitzelgf Mudanza de piel es una creaci\u00f3n esc\u00e9nica que explora diferentes momentos [&hellip;]<\/p>","protected":false},"author":1,"featured_media":10451,"template":"","meta":{"site-sidebar-layout":"default","site-content-layout":"","ast-site-content-layout":"","site-content-style":"default","site-sidebar-style":"default","ast-global-header-display":"","ast-banner-title-visibility":"","ast-main-header-display":"","ast-hfb-above-header-display":"","ast-hfb-below-header-display":"","ast-hfb-mobile-header-display":"","site-post-title":"","ast-breadcrumbs-content":"","ast-featured-img":"","footer-sml-layout":"","theme-transparent-header-meta":"","adv-header-id-meta":"","stick-header-meta":"","header-above-stick-meta":"","header-main-stick-meta":"","header-below-stick-meta":"","astra-migrate-meta-layouts":"default","ast-page-background-enabled":"default","ast-page-background-meta":{"desktop":{"background-color":"var(--ast-global-color-4)","background-image":"","background-repeat":"repeat","background-position":"center center","background-size":"auto","background-attachment":"scroll","background-type":"","background-media":"","overlay-type":"","overlay-color":"","overlay-opacity":"","overlay-gradient":""},"tablet":{"background-color":"","background-image":"","background-repeat":"repeat","background-position":"center center","background-size":"auto","background-attachment":"scroll","background-type":"","background-media":"","overlay-type":"","overlay-color":"","overlay-opacity":"","overlay-gradient":""},"mobile":{"background-color":"","background-image":"","background-repeat":"repeat","background-position":"center center","background-size":"auto","background-attachment":"scroll","background-type":"","background-media":"","overlay-type":"","overlay-color":"","overlay-opacity":"","overlay-gradient":""}},"ast-content-background-meta":{"desktop":{"background-color":"var(--ast-global-color-5)","background-image":"","background-repeat":"repeat","background-position":"center center","background-size":"auto","background-attachment":"scroll","background-type":"","background-media":"","overlay-type":"","overlay-color":"","overlay-opacity":"","overlay-gradient":""},"tablet":{"background-color":"var(--ast-global-color-5)","background-image":"","background-repeat":"repeat","background-position":"center center","background-size":"auto","background-attachment":"scroll","background-type":"","background-media":"","overlay-type":"","overlay-color":"","overlay-opacity":"","overlay-gradient":""},"mobile":{"background-color":"var(--ast-global-color-5)","background-image":"","background-repeat":"repeat","background-position":"center center","background-size":"auto","background-attachment":"scroll","background-type":"","background-media":"","overlay-type":"","overlay-color":"","overlay-opacity":"","overlay-gradient":""}},"featured_event":"","duracion_evento":""},"etiquetas-de-evento":[1671,1634],"ubicacion-de-evento":[478,1639],"categoria-de-evento":[1628],"class_list":["post-22837","eventos","type-eventos","status-publish","has-post-thumbnail","hentry","etiquetas-de-evento-performance","etiquetas-de-evento-performing-arts","ubicacion-de-evento-mexico","ubicacion-de-evento-puebla","categoria-de-evento-exposicion"],"_links":{"self":[{"href":"https:\/\/themesh.art\/en\/wp-json\/wp\/v2\/eventos\/22837","targetHints":{"allow":["GET"]}}],"collection":[{"href":"https:\/\/themesh.art\/en\/wp-json\/wp\/v2\/eventos"}],"about":[{"href":"https:\/\/themesh.art\/en\/wp-json\/wp\/v2\/types\/eventos"}],"author":[{"embeddable":true,"href":"https:\/\/themesh.art\/en\/wp-json\/wp\/v2\/users\/1"}],"wp:featuredmedia":[{"embeddable":true,"href":"https:\/\/themesh.art\/en\/wp-json\/wp\/v2\/media\/10451"}],"wp:attachment":[{"href":"https:\/\/themesh.art\/en\/wp-json\/wp\/v2\/media?parent=22837"}],"wp:term":[{"taxonomy":"etiquetas-de-evento","embeddable":true,"href":"https:\/\/themesh.art\/en\/wp-json\/wp\/v2\/etiquetas-de-evento?post=22837"},{"taxonomy":"ubicacion-de-evento","embeddable":true,"href":"https:\/\/themesh.art\/en\/wp-json\/wp\/v2\/ubicacion-de-evento?post=22837"},{"taxonomy":"categoria-de-evento","embeddable":true,"href":"https:\/\/themesh.art\/en\/wp-json\/wp\/v2\/categoria-de-evento?post=22837"}],"curies":[{"name":"wp","href":"https:\/\/api.w.org\/{rel}","templated":true}]}}

Creación Escénica: Mudanza de piel

<p>Mudanza de piel, por Marja Castellanos y Alitzel García<br><a href="https://www.instagram.com/m.a.r.j.a.a/">@m.a.r.j.a.a</a><br>alitzelgf</p>



<p>Mudanza de piel es una creación escénica que explora diferentes momentos de un cuerpo con la necesidad de mutar, desde una búsqueda sostenida en cuestionar y destruir imaginarios que coexisten en su realidad, dónde ahora, encuentra más limitantes y dolor, que libertad, levedad y calma.</p>



<p>Sábado 27 de julio<br>6 pm</p>



<p>Cuota de recuperación $200</p>



<p>Preventa $170 (hasta el 20 de julio)</p>



<p>Fotografía: alitzelgf</p>



<p><a href="https://www.instagram.com/explore/tags/danza/">#danza</a><a href="https://www.instagram.com/explore/tags/contemporaneo/">#contemporaneo</a><a href="https://www.instagram.com/explore/tags/galeria/">#galeria</a><a href="https://www.instagram.com/explore/tags/puebla/">#puebla</a><a href="https://www.instagram.com/explore/tags/mx/">#mx</a><a href="https://www.instagram.com/explore/tags/pueblacentro/">#pueblacentro</a><a href="https://www.instagram.com/explore/tags/fotografia/">#fotografia</a><a href="https://www.instagram.com/explore/tags/taller/">#taller</a><a href="https://www.instagram.com/explore/tags/workshop/">#workshop</a><a href="https://www.instagram.com/explore/tags/dance/">#dance</a><a href="https://www.instagram.com/explore/tags/performance/">#performance</a></p>

<p>Mudanza de piel, por Marja Castellanos y Alitzel García@m.a.r.j.a.aalitzelgf Mudanza de piel es una creación escénica que explora diferentes momentos [&hellip;]</p>
