{"id":22723,"date":"2024-11-23T02:23:40","date_gmt":"2024-11-23T08:23:40","guid":{"rendered":"https:\/\/themesh.art\/eventos\/helena-garza-abiogenesis\/"},"modified":"2024-11-27T11:13:38","modified_gmt":"2024-11-27T17:13:38","slug":"helena-garza-abiogenesis","status":"publish","type":"eventos","link":"https:\/\/themesh.art\/en\/eventos\/helena-garza-abiogenesis\/","title":{"rendered":"Helena Garza: Abiog\u00e9nesis"},"content":{"rendered":"<p>El pr\u00f3ximo&nbsp;<strong>jueves 20 de junio<\/strong>, Helena Garza presenta su nueva exposici\u00f3n<em>&nbsp;\u201cAbiog\u00e9nesis\u201d<\/em>&nbsp;en la Galer\u00eda Municipal Rosario S\u00e1nchez de Lozada en Quer\u00e9taro. Esta exposici\u00f3n est\u00e1 inspirada en la teor\u00eda de la abiog\u00e9nesis, la cual propone que la vida se origin\u00f3 a partir de materia inorg\u00e1nica, y en la astrobiolog\u00eda, que estudia la existencia de vida en el universo.<\/p>\n\n\n\n<p>Garza es una artista de Tlaxcala, M\u00e9xico, con formaci\u00f3n en m\u00fasica cl\u00e1sica y artes visuales. Su enfoque principal es la pintura. En los \u00faltimos a\u00f1os ha experimentado con diversas tecnolog\u00edas y software. Su proceso creativo fusiona el live coding, la realidad virtual, la biotecnolog\u00eda y las pr\u00e1cticas performativas, mismas que le han permitido darse a conocer con diferentes p\u00fablicos.<\/p>\n\n\n\n<p>Los esperamos a partir de las<strong>&nbsp;20 hrs<\/strong>. La direcci\u00f3n es 16 de Septiembre No. 44 Poniente, Centro Hist\u00f3rico, Quer\u00e9taro.<\/p>","protected":false},"excerpt":{"rendered":"<p>El pr\u00f3ximo&nbsp;jueves 20 de junio, Helena Garza presenta su nueva exposici\u00f3n&nbsp;\u201cAbiog\u00e9nesis\u201d&nbsp;en la Galer\u00eda Municipal Rosario S\u00e1nchez de Lozada en Quer\u00e9taro. [&hellip;]<\/p>","protected":false},"author":1,"featured_media":9924,"template":"","meta":{"site-sidebar-layout":"default","site-content-layout":"","ast-site-content-layout":"","site-content-style":"default","site-sidebar-style":"default","ast-global-header-display":"","ast-banner-title-visibility":"","ast-main-header-display":"","ast-hfb-above-header-display":"","ast-hfb-below-header-display":"","ast-hfb-mobile-header-display":"","site-post-title":"","ast-breadcrumbs-content":"","ast-featured-img":"","footer-sml-layout":"","theme-transparent-header-meta":"","adv-header-id-meta":"","stick-header-meta":"","header-above-stick-meta":"","header-main-stick-meta":"","header-below-stick-meta":"","astra-migrate-meta-layouts":"default","ast-page-background-enabled":"default","ast-page-background-meta":{"desktop":{"background-color":"var(--ast-global-color-4)","background-image":"","background-repeat":"repeat","background-position":"center center","background-size":"auto","background-attachment":"scroll","background-type":"","background-media":"","overlay-type":"","overlay-color":"","overlay-opacity":"","overlay-gradient":""},"tablet":{"background-color":"","background-image":"","background-repeat":"repeat","background-position":"center center","background-size":"auto","background-attachment":"scroll","background-type":"","background-media":"","overlay-type":"","overlay-color":"","overlay-opacity":"","overlay-gradient":""},"mobile":{"background-color":"","background-image":"","background-repeat":"repeat","background-position":"center center","background-size":"auto","background-attachment":"scroll","background-type":"","background-media":"","overlay-type":"","overlay-color":"","overlay-opacity":"","overlay-gradient":""}},"ast-content-background-meta":{"desktop":{"background-color":"var(--ast-global-color-5)","background-image":"","background-repeat":"repeat","background-position":"center center","background-size":"auto","background-attachment":"scroll","background-type":"","background-media":"","overlay-type":"","overlay-color":"","overlay-opacity":"","overlay-gradient":""},"tablet":{"background-color":"var(--ast-global-color-5)","background-image":"","background-repeat":"repeat","background-position":"center center","background-size":"auto","background-attachment":"scroll","background-type":"","background-media":"","overlay-type":"","overlay-color":"","overlay-opacity":"","overlay-gradient":""},"mobile":{"background-color":"var(--ast-global-color-5)","background-image":"","background-repeat":"repeat","background-position":"center center","background-size":"auto","background-attachment":"scroll","background-type":"","background-media":"","overlay-type":"","overlay-color":"","overlay-opacity":"","overlay-gradient":""}},"fecha_de_inicio":1718841600,"fecha_de_finalizacion":1725062400,"duracion_evento":"","modalidad":"","tipo_de_acceso":"","precio_evento":"","link_externo":"","direccion":"Av. 16 de Septiembre No. 44 Poniente, Centro Hist\u00f3rico, Queretaro 76000","featured_event":""},"etiquetas-de-evento":[506,1667,1701],"ubicacion-de-evento":[478,510],"categoria-de-evento":[1628,1631],"class_list":["post-22723","eventos","type-eventos","status-publish","has-post-thumbnail","hentry","etiquetas-de-evento-artes-visuales","etiquetas-de-evento-media","etiquetas-de-evento-sonido","ubicacion-de-evento-mexico","ubicacion-de-evento-queretaro","categoria-de-evento-exposicion","categoria-de-evento-galeria-exposicion"],"_links":{"self":[{"href":"https:\/\/themesh.art\/en\/wp-json\/wp\/v2\/eventos\/22723","targetHints":{"allow":["GET"]}}],"collection":[{"href":"https:\/\/themesh.art\/en\/wp-json\/wp\/v2\/eventos"}],"about":[{"href":"https:\/\/themesh.art\/en\/wp-json\/wp\/v2\/types\/eventos"}],"author":[{"embeddable":true,"href":"https:\/\/themesh.art\/en\/wp-json\/wp\/v2\/users\/1"}],"wp:featuredmedia":[{"embeddable":true,"href":"https:\/\/themesh.art\/en\/wp-json\/wp\/v2\/media\/9924"}],"wp:attachment":[{"href":"https:\/\/themesh.art\/en\/wp-json\/wp\/v2\/media?parent=22723"}],"wp:term":[{"taxonomy":"etiquetas-de-evento","embeddable":true,"href":"https:\/\/themesh.art\/en\/wp-json\/wp\/v2\/etiquetas-de-evento?post=22723"},{"taxonomy":"ubicacion-de-evento","embeddable":true,"href":"https:\/\/themesh.art\/en\/wp-json\/wp\/v2\/ubicacion-de-evento?post=22723"},{"taxonomy":"categoria-de-evento","embeddable":true,"href":"https:\/\/themesh.art\/en\/wp-json\/wp\/v2\/categoria-de-evento?post=22723"}],"curies":[{"name":"wp","href":"https:\/\/api.w.org\/{rel}","templated":true}]}}

Helena Garza: Abiogénesis

<p>El próximo&nbsp;<strong>jueves 20 de junio</strong>, Helena Garza presenta su nueva exposición<em>&nbsp;“Abiogénesis”</em>&nbsp;en la Galería Municipal Rosario Sánchez de Lozada en Querétaro. Esta exposición está inspirada en la teoría de la abiogénesis, la cual propone que la vida se originó a partir de materia inorgánica, y en la astrobiología, que estudia la existencia de vida en el universo.</p>



<p>Garza es una artista de Tlaxcala, México, con formación en música clásica y artes visuales. Su enfoque principal es la pintura. En los últimos años ha experimentado con diversas tecnologías y software. Su proceso creativo fusiona el live coding, la realidad virtual, la biotecnología y las prácticas performativas, mismas que le han permitido darse a conocer con diferentes públicos.</p>



<p>Los esperamos a partir de las<strong>&nbsp;20 hrs</strong>. La dirección es 16 de Septiembre No. 44 Poniente, Centro Histórico, Querétaro.</p>

<p>El próximo&nbsp;jueves 20 de junio, Helena Garza presenta su nueva exposición&nbsp;“Abiogénesis”&nbsp;en la Galería Municipal Rosario Sánchez de Lozada en Querétaro. [&hellip;]</p>

Av. 16 de Septiembre No. 44 Poniente, Centro Histórico, Queretaro 76000
