{"id":22707,"date":"2024-11-23T02:23:39","date_gmt":"2024-11-23T08:23:39","guid":{"rendered":"https:\/\/themesh.art\/eventos\/valerio-gamez-chemsex\/"},"modified":"2024-11-27T11:13:37","modified_gmt":"2024-11-27T17:13:37","slug":"valerio-gamez-chemsex","status":"publish","type":"eventos","link":"https:\/\/themesh.art\/en\/eventos\/valerio-gamez-chemsex\/","title":{"rendered":"Valerio G\u00e1mez: Chemsex"},"content":{"rendered":"<p>El pr\u00f3ximo jueves 6 de junio de 2024 a las 19:00 Hrs. en el Museo de Arte Contempor\u00e1neo de Quer\u00e9taro ser\u00e1 inaugurada la exposici\u00f3n Chemsex.<br>La muestra est\u00e1 conformada por tres instalaciones en las cuales se plantean reflexiones en torno a las pr\u00e1cticas sexuales con consumo de sustancias en la poblaci\u00f3n gay, situaciones emocionales vulnerables, la b\u00fasqueda del placer y la espiritualidad.<br>La curadur\u00eda ha sido desarrollada por el Dr. Ra\u00fal Sangrador.<br>En colaboraci\u00f3n art\u00edstica con el escultor Ca\u00edn Torres se crearon piezas que integran una de las instalaciones.<\/p>\n\n\n\n<p>______________________________________<br>La exhibici\u00f3n permanecer\u00e1 abierta al p\u00fablico hasta el domingo 11 de agosto de 2024.<br>\u2014\u2014\u2014\u2014\u2014\u2014\u2014\u2014\u2014\u2014\u2014\u2014\u2014\u2014\u2014\u2014\u2014\u2014\u2014\u2014\u2014\u2014\u2014\u2014<\/p>\n\n\n\n<p>*Este proyecto fue apoyado por el PECDA Quer\u00e9taro 2023.<\/p>\n\n\n\n<p><a href=\"https:\/\/www.instagram.com\/valerio_gamez\/\">@valerio_gamez<\/a><br><a href=\"https:\/\/www.instagram.com\/raul.sangrador\/\">@raul.sangrador<\/a><br><a href=\"https:\/\/www.instagram.com\/artorreswood\/\">@artorreswood<\/a><br><a href=\"https:\/\/www.instagram.com\/elmacq\/\">@elmacq<\/a><br><a href=\"https:\/\/www.instagram.com\/secultqro\/\">@secultqro<\/a><br><a href=\"https:\/\/www.instagram.com\/sistemacreacion\/\">@sistemacreacion<\/a><br><a href=\"https:\/\/www.instagram.com\/culturamx\/\">@culturamx<\/a><\/p>\n\n\n\n<p><a href=\"https:\/\/www.instagram.com\/explore\/tags\/artecontemporaneo\/\">#artecontemporaneo<\/a><a href=\"https:\/\/www.instagram.com\/explore\/tags\/cultura\/\">#cultura<\/a><a href=\"https:\/\/www.instagram.com\/explore\/tags\/queretaro\/\">#queretaro<\/a><a href=\"https:\/\/www.instagram.com\/explore\/tags\/chemsex\/\">#chemsex<\/a><a href=\"https:\/\/www.instagram.com\/explore\/tags\/gay\/\">#gay<\/a><a href=\"https:\/\/www.instagram.com\/explore\/tags\/lgbt\/\">#lgbt<\/a><a href=\"https:\/\/www.instagram.com\/explore\/tags\/cristal\/\">#cristal<\/a><a href=\"https:\/\/www.instagram.com\/explore\/tags\/chroma\/\">#chroma<\/a><a href=\"https:\/\/www.instagram.com\/explore\/tags\/greenscreen\/\">#greenscreen<\/a><a href=\"https:\/\/www.instagram.com\/explore\/tags\/motel\/\">#motel<\/a><a href=\"https:\/\/www.instagram.com\/explore\/tags\/poppers\/\">#poppers<\/a><a href=\"https:\/\/www.instagram.com\/explore\/tags\/depresion\/\">#depresion<\/a><a href=\"https:\/\/www.instagram.com\/explore\/tags\/soledad\/\">#soledad<\/a><a href=\"https:\/\/www.instagram.com\/explore\/tags\/saludemocional\/\">#saludemocional<\/a><a href=\"https:\/\/www.instagram.com\/explore\/tags\/saludmental\/\">#saludmental<\/a><a href=\"https:\/\/www.instagram.com\/explore\/tags\/espiritualidad\/\">#espiritualidad<\/a><a href=\"https:\/\/www.instagram.com\/explore\/tags\/emoji\/\">#emoji<\/a><a href=\"https:\/\/www.instagram.com\/explore\/tags\/diablito\/\">#diablito<\/a><a href=\"https:\/\/www.instagram.com\/explore\/tags\/berenjena\/\">#berenjena<\/a><a href=\"https:\/\/www.instagram.com\/explore\/tags\/diamante\/\">#diamante<\/a><a href=\"https:\/\/www.instagram.com\/explore\/tags\/potrodelamor\/\">#potrodelamor<\/a><a href=\"https:\/\/www.instagram.com\/explore\/tags\/sillonkamasutra\/\">#sillonkamasutra<\/a><a href=\"https:\/\/www.instagram.com\/explore\/tags\/luzled\/\">#luzled<\/a><a href=\"https:\/\/www.instagram.com\/explore\/tags\/movil\/\">#movil<\/a><a href=\"https:\/\/www.instagram.com\/explore\/tags\/instalationart\/\">#instalationart<\/a><a href=\"https:\/\/www.instagram.com\/explore\/tags\/lightart\/\">#lightart<\/a><a href=\"https:\/\/www.instagram.com\/explore\/tags\/sexmachine\/\">#sexmachine<\/a><a href=\"https:\/\/www.instagram.com\/explore\/tags\/chromagreen\/\">#chromagreen<\/a><\/p>","protected":false},"excerpt":{"rendered":"<p>El pr\u00f3ximo jueves 6 de junio de 2024 a las 19:00 Hrs. en el Museo de Arte Contempor\u00e1neo de Quer\u00e9taro [&hellip;]<\/p>","protected":false},"author":1,"featured_media":9853,"template":"","meta":{"site-sidebar-layout":"default","site-content-layout":"","ast-site-content-layout":"","site-content-style":"default","site-sidebar-style":"default","ast-global-header-display":"","ast-banner-title-visibility":"","ast-main-header-display":"","ast-hfb-above-header-display":"","ast-hfb-below-header-display":"","ast-hfb-mobile-header-display":"","site-post-title":"","ast-breadcrumbs-content":"","ast-featured-img":"","footer-sml-layout":"","theme-transparent-header-meta":"","adv-header-id-meta":"","stick-header-meta":"","header-above-stick-meta":"","header-main-stick-meta":"","header-below-stick-meta":"","astra-migrate-meta-layouts":"default","ast-page-background-enabled":"default","ast-page-background-meta":{"desktop":{"background-color":"var(--ast-global-color-4)","background-image":"","background-repeat":"repeat","background-position":"center center","background-size":"auto","background-attachment":"scroll","background-type":"","background-media":"","overlay-type":"","overlay-color":"","overlay-opacity":"","overlay-gradient":""},"tablet":{"background-color":"","background-image":"","background-repeat":"repeat","background-position":"center center","background-size":"auto","background-attachment":"scroll","background-type":"","background-media":"","overlay-type":"","overlay-color":"","overlay-opacity":"","overlay-gradient":""},"mobile":{"background-color":"","background-image":"","background-repeat":"repeat","background-position":"center center","background-size":"auto","background-attachment":"scroll","background-type":"","background-media":"","overlay-type":"","overlay-color":"","overlay-opacity":"","overlay-gradient":""}},"ast-content-background-meta":{"desktop":{"background-color":"var(--ast-global-color-5)","background-image":"","background-repeat":"repeat","background-position":"center center","background-size":"auto","background-attachment":"scroll","background-type":"","background-media":"","overlay-type":"","overlay-color":"","overlay-opacity":"","overlay-gradient":""},"tablet":{"background-color":"var(--ast-global-color-5)","background-image":"","background-repeat":"repeat","background-position":"center center","background-size":"auto","background-attachment":"scroll","background-type":"","background-media":"","overlay-type":"","overlay-color":"","overlay-opacity":"","overlay-gradient":""},"mobile":{"background-color":"var(--ast-global-color-5)","background-image":"","background-repeat":"repeat","background-position":"center center","background-size":"auto","background-attachment":"scroll","background-type":"","background-media":"","overlay-type":"","overlay-color":"","overlay-opacity":"","overlay-gradient":""}},"fecha_de_inicio":1717632000,"fecha_de_finalizacion":1723334400,"duracion_evento":"","modalidad":"","tipo_de_acceso":"","precio_evento":"","link_externo":"","direccion":"Manuel Acu\u00f1a esq Avenida Reforma Oriente S\/N, La Cruz, 76020 Santiago de Quer\u00e9taro, Qro.","featured_event":""},"etiquetas-de-evento":[506],"ubicacion-de-evento":[478,510],"categoria-de-evento":[1628,1629],"class_list":["post-22707","eventos","type-eventos","status-publish","has-post-thumbnail","hentry","etiquetas-de-evento-artes-visuales","ubicacion-de-evento-mexico","ubicacion-de-evento-queretaro","categoria-de-evento-exposicion","categoria-de-evento-museo-exposicion"],"_links":{"self":[{"href":"https:\/\/themesh.art\/en\/wp-json\/wp\/v2\/eventos\/22707","targetHints":{"allow":["GET"]}}],"collection":[{"href":"https:\/\/themesh.art\/en\/wp-json\/wp\/v2\/eventos"}],"about":[{"href":"https:\/\/themesh.art\/en\/wp-json\/wp\/v2\/types\/eventos"}],"author":[{"embeddable":true,"href":"https:\/\/themesh.art\/en\/wp-json\/wp\/v2\/users\/1"}],"wp:featuredmedia":[{"embeddable":true,"href":"https:\/\/themesh.art\/en\/wp-json\/wp\/v2\/media\/9853"}],"wp:attachment":[{"href":"https:\/\/themesh.art\/en\/wp-json\/wp\/v2\/media?parent=22707"}],"wp:term":[{"taxonomy":"etiquetas-de-evento","embeddable":true,"href":"https:\/\/themesh.art\/en\/wp-json\/wp\/v2\/etiquetas-de-evento?post=22707"},{"taxonomy":"ubicacion-de-evento","embeddable":true,"href":"https:\/\/themesh.art\/en\/wp-json\/wp\/v2\/ubicacion-de-evento?post=22707"},{"taxonomy":"categoria-de-evento","embeddable":true,"href":"https:\/\/themesh.art\/en\/wp-json\/wp\/v2\/categoria-de-evento?post=22707"}],"curies":[{"name":"wp","href":"https:\/\/api.w.org\/{rel}","templated":true}]}}

Valerio Gámez: Chemsex

<p>El próximo jueves 6 de junio de 2024 a las 19:00 Hrs. en el Museo de Arte Contemporáneo de Querétaro será inaugurada la exposición Chemsex.<br>La muestra está conformada por tres instalaciones en las cuales se plantean reflexiones en torno a las prácticas sexuales con consumo de sustancias en la población gay, situaciones emocionales vulnerables, la búsqueda del placer y la espiritualidad.<br>La curaduría ha sido desarrollada por el Dr. Raúl Sangrador.<br>En colaboración artística con el escultor Caín Torres se crearon piezas que integran una de las instalaciones.</p>



<p>______________________________________<br>La exhibición permanecerá abierta al público hasta el domingo 11 de agosto de 2024.<br>————————————————————————</p>



<p>*Este proyecto fue apoyado por el PECDA Querétaro 2023.</p>



<p><a href="https://www.instagram.com/valerio_gamez/">@valerio_gamez</a><br><a href="https://www.instagram.com/raul.sangrador/">@raul.sangrador</a><br><a href="https://www.instagram.com/artorreswood/">@artorreswood</a><br><a href="https://www.instagram.com/elmacq/">@elmacq</a><br><a href="https://www.instagram.com/secultqro/">@secultqro</a><br><a href="https://www.instagram.com/sistemacreacion/">@sistemacreacion</a><br><a href="https://www.instagram.com/culturamx/">@culturamx</a></p>



<p><a href="https://www.instagram.com/explore/tags/artecontemporaneo/">#artecontemporaneo</a><a href="https://www.instagram.com/explore/tags/cultura/">#cultura</a><a href="https://www.instagram.com/explore/tags/queretaro/">#queretaro</a><a href="https://www.instagram.com/explore/tags/chemsex/">#chemsex</a><a href="https://www.instagram.com/explore/tags/gay/">#gay</a><a href="https://www.instagram.com/explore/tags/lgbt/">#lgbt</a><a href="https://www.instagram.com/explore/tags/cristal/">#cristal</a><a href="https://www.instagram.com/explore/tags/chroma/">#chroma</a><a href="https://www.instagram.com/explore/tags/greenscreen/">#greenscreen</a><a href="https://www.instagram.com/explore/tags/motel/">#motel</a><a href="https://www.instagram.com/explore/tags/poppers/">#poppers</a><a href="https://www.instagram.com/explore/tags/depresion/">#depresion</a><a href="https://www.instagram.com/explore/tags/soledad/">#soledad</a><a href="https://www.instagram.com/explore/tags/saludemocional/">#saludemocional</a><a href="https://www.instagram.com/explore/tags/saludmental/">#saludmental</a><a href="https://www.instagram.com/explore/tags/espiritualidad/">#espiritualidad</a><a href="https://www.instagram.com/explore/tags/emoji/">#emoji</a><a href="https://www.instagram.com/explore/tags/diablito/">#diablito</a><a href="https://www.instagram.com/explore/tags/berenjena/">#berenjena</a><a href="https://www.instagram.com/explore/tags/diamante/">#diamante</a><a href="https://www.instagram.com/explore/tags/potrodelamor/">#potrodelamor</a><a href="https://www.instagram.com/explore/tags/sillonkamasutra/">#sillonkamasutra</a><a href="https://www.instagram.com/explore/tags/luzled/">#luzled</a><a href="https://www.instagram.com/explore/tags/movil/">#movil</a><a href="https://www.instagram.com/explore/tags/instalationart/">#instalationart</a><a href="https://www.instagram.com/explore/tags/lightart/">#lightart</a><a href="https://www.instagram.com/explore/tags/sexmachine/">#sexmachine</a><a href="https://www.instagram.com/explore/tags/chromagreen/">#chromagreen</a></p>

<p>El próximo jueves 6 de junio de 2024 a las 19:00 Hrs. en el Museo de Arte Contemporáneo de Querétaro [&hellip;]</p>

Manuel Acuña esq Avenida Reforma Oriente S/N, La Cruz, 76020 Santiago de Querétaro, Qro.
